{"id":14,"date":"2025-09-17T12:08:55","date_gmt":"2025-09-17T15:08:55","guid":{"rendered":"https:\/\/dev.antudigital.cl\/sites\/aroma\/?page_id=14"},"modified":"2025-09-25T12:20:36","modified_gmt":"2025-09-25T15:20:36","slug":"sobre-nosotros","status":"publish","type":"page","link":"https:\/\/dev.antudigital.cl\/sites\/aroma\/sobre-nosotros\/","title":{"rendered":"Sobre nosotros"},"content":{"rendered":"\t\t<div data-elementor-type=\"wp-page\" data-elementor-id=\"14\" class=\"elementor elementor-14\" data-elementor-post-type=\"page\">\n\t\t\t\t<div class=\"elementor-element elementor-element-57c655d e-flex e-con-boxed e-con e-parent\" data-id=\"57c655d\" data-element_type=\"container\" data-settings=\"{&quot;background_background&quot;:&quot;classic&quot;}\">\n\t\t\t\t\t<div class=\"e-con-inner\">\n\t\t\t\t<div class=\"elementor-element elementor-element-e82c89d elementor-widget elementor-widget-heading\" data-id=\"e82c89d\" data-element_type=\"widget\" data-widget_type=\"heading.default\">\n\t\t\t\t\t<h1 class=\"elementor-heading-title elementor-size-default\">Sobre nosotros<\/h1>\t\t\t\t<\/div>\n\t\t\t\t\t<\/div>\n\t\t\t\t<\/div>\n\t\t<div class=\"elementor-element elementor-element-f40ae93 e-flex e-con-boxed e-con e-parent\" data-id=\"f40ae93\" data-element_type=\"container\" data-settings=\"{&quot;background_background&quot;:&quot;classic&quot;}\">\n\t\t\t\t\t<div class=\"e-con-inner\">\n\t\t\t\t<div class=\"elementor-element elementor-element-2b7fcb1 elementor-widget elementor-widget-text-editor\" data-id=\"2b7fcb1\" data-element_type=\"widget\" data-widget_type=\"text-editor.default\">\n\t\t\t\t\t\t\t\t\t<p><b>Aroma Global\u00ae<\/b> <b>es una empresa de biotecnolog\u00eda<\/b> fundada en 2016 en Melipilla, dedicada a transformar la ciencia en <b>soluciones pr\u00e1cticas para la agricultura, la industria y el medioambiente.<\/b>\u2028 <br \/><br \/>Contamos con dos \u00e1reas clave de investigaci\u00f3n y desarrollo: \u2028<\/p><p><b>Aroma Lab\u00ae:<\/b> Propuestas t\u00e9cnico-cient\u00edficas y bioinsumos que fortalecen la agricultura, haci\u00e9ndola m\u00e1s eficiente y resiliente.<\/p><p><b>Aroma Micro\u00ae:<\/b> Soluciones microbiol\u00f3gicas para entornos industriales y ambientales, orientadas a la biorremediaci\u00f3n y la seguridad ambiental.<\/p>\t\t\t\t\t\t\t\t<\/div>\n\t\t\t\t\t<\/div>\n\t\t\t\t<\/div>\n\t\t<div class=\"elementor-element elementor-element-d1de98d e-flex e-con-boxed e-con e-parent\" data-id=\"d1de98d\" data-element_type=\"container\" data-settings=\"{&quot;background_background&quot;:&quot;classic&quot;}\">\n\t\t\t\t\t<div class=\"e-con-inner\">\n\t\t<div class=\"elementor-element elementor-element-30a02c7 e-con-full e-flex e-con e-child\" data-id=\"30a02c7\" data-element_type=\"container\">\n\t\t\t\t<div class=\"elementor-element elementor-element-b2de2ed elementor-widget elementor-widget-text-editor\" data-id=\"b2de2ed\" data-element_type=\"widget\" data-widget_type=\"text-editor.default\">\n\t\t\t\t\t\t\t\t\t<p><b>Nuestro trabajo se centra en crear alternativas sostenibles que aporten valor real a los procesos silvoagropecuarios e industriales. <\/b><\/p>\n<p>Impulsamos la innovaci\u00f3n enfrentando los desaf\u00edos medioambientales y promovemos pr\u00e1cticas agr\u00edcolas m\u00e1s eficientes, con menor impacto en la salud de los seres vivos y en el entorno.<\/p>\t\t\t\t\t\t\t\t<\/div>\n\t\t\t\t<\/div>\n\t\t<div class=\"elementor-element elementor-element-73be485 e-con-full e-flex e-con e-child\" data-id=\"73be485\" data-element_type=\"container\">\n\t\t\t\t<div class=\"elementor-element elementor-element-8e96209 elementor-widget elementor-widget-image\" data-id=\"8e96209\" data-element_type=\"widget\" data-widget_type=\"image.default\">\n\t\t\t\t\t\t\t\t\t\t\t\t\t\t\t<img fetchpriority=\"high\" decoding=\"async\" width=\"1200\" height=\"800\" src=\"https:\/\/dev.antudigital.cl\/sites\/aroma\/wp-content\/uploads\/2025\/09\/DSY_6470-152.jpg\" class=\"attachment-full size-full wp-image-153\" alt=\"\" srcset=\"https:\/\/dev.antudigital.cl\/sites\/aroma\/wp-content\/uploads\/2025\/09\/DSY_6470-152.jpg 1200w, https:\/\/dev.antudigital.cl\/sites\/aroma\/wp-content\/uploads\/2025\/09\/DSY_6470-152-300x200.jpg 300w, https:\/\/dev.antudigital.cl\/sites\/aroma\/wp-content\/uploads\/2025\/09\/DSY_6470-152-1024x683.jpg 1024w, https:\/\/dev.antudigital.cl\/sites\/aroma\/wp-content\/uploads\/2025\/09\/DSY_6470-152-768x512.jpg 768w\" sizes=\"(max-width: 1200px) 100vw, 1200px\" \/>\t\t\t\t\t\t\t\t\t\t\t\t\t\t\t<\/div>\n\t\t\t\t<\/div>\n\t\t\t\t\t<\/div>\n\t\t\t\t<\/div>\n\t\t<div class=\"elementor-element elementor-element-436da92 e-flex e-con-boxed e-con e-parent\" data-id=\"436da92\" data-element_type=\"container\">\n\t\t\t\t\t<div class=\"e-con-inner\">\n\t\t\t\t<div class=\"elementor-element elementor-element-0016a1a elementor-widget elementor-widget-heading\" data-id=\"0016a1a\" data-element_type=\"widget\" data-widget_type=\"heading.default\">\n\t\t\t\t\t<h3 class=\"elementor-heading-title elementor-size-default\">Nuestro equipo<\/h3>\t\t\t\t<\/div>\n\t\t\t\t\t<\/div>\n\t\t\t\t<\/div>\n\t\t<div class=\"elementor-element elementor-element-28ff93a e-flex e-con-boxed e-con e-parent\" data-id=\"28ff93a\" data-element_type=\"container\">\n\t\t\t\t\t<div class=\"e-con-inner\">\n\t\t<div class=\"elementor-element elementor-element-7368481 e-con-full elementor-hidden-tablet elementor-hidden-mobile e-flex e-con e-child\" data-id=\"7368481\" data-element_type=\"container\">\n\t\t\t\t<\/div>\n\t\t\t\t<div class=\"elementor-element elementor-element-cea2e99 elementor-widget__width-initial elementor-widget elementor-widget-icon-box\" data-id=\"cea2e99\" data-element_type=\"widget\" data-widget_type=\"icon-box.default\">\n\t\t\t\t\t\t\t<div class=\"elementor-icon-box-wrapper\">\n\n\t\t\t\n\t\t\t\t\t\t<div class=\"elementor-icon-box-content\">\n\n\t\t\t\t\t\t\t\t\t<h3 class=\"elementor-icon-box-title\">\n\t\t\t\t\t\t<span  >\n\t\t\t\t\t\t\tFelipe Hansen\t\t\t\t\t\t<\/span>\n\t\t\t\t\t<\/h3>\n\t\t\t\t\n\t\t\t\t\t\t\t\t\t<p class=\"elementor-icon-box-description\">\n\t\t\t\t\t\tFundador y <br>Director de Finanzas\t\t\t\t\t<\/p>\n\t\t\t\t\n\t\t\t<\/div>\n\t\t\t\n\t\t<\/div>\n\t\t\t\t\t\t<\/div>\n\t\t\t\t<div class=\"elementor-element elementor-element-bf87dbc elementor-widget__width-initial elementor-widget elementor-widget-icon-box\" data-id=\"bf87dbc\" data-element_type=\"widget\" data-widget_type=\"icon-box.default\">\n\t\t\t\t\t\t\t<div class=\"elementor-icon-box-wrapper\">\n\n\t\t\t\n\t\t\t\t\t\t<div class=\"elementor-icon-box-content\">\n\n\t\t\t\t\t\t\t\t\t<h3 class=\"elementor-icon-box-title\">\n\t\t\t\t\t\t<span  >\n\t\t\t\t\t\t\tAna Luisa Valencia\t\t\t\t\t\t<\/span>\n\t\t\t\t\t<\/h3>\n\t\t\t\t\n\t\t\t\t\t\t\t\t\t<p class=\"elementor-icon-box-description\">\n\t\t\t\t\t\tDirectora General\u2028<br>Dra. en Ciencias de la Agricultura\t\t\t\t\t<\/p>\n\t\t\t\t\n\t\t\t<\/div>\n\t\t\t\n\t\t<\/div>\n\t\t\t\t\t\t<\/div>\n\t\t<div class=\"elementor-element elementor-element-509a340 e-con-full elementor-hidden-tablet elementor-hidden-mobile e-flex e-con e-child\" data-id=\"509a340\" data-element_type=\"container\">\n\t\t\t\t<\/div>\n\t\t\t\t<div class=\"elementor-element elementor-element-4dc0b9b elementor-widget__width-initial elementor-widget elementor-widget-icon-box\" data-id=\"4dc0b9b\" data-element_type=\"widget\" data-widget_type=\"icon-box.default\">\n\t\t\t\t\t\t\t<div class=\"elementor-icon-box-wrapper\">\n\n\t\t\t\n\t\t\t\t\t\t<div class=\"elementor-icon-box-content\">\n\n\t\t\t\t\t\t\t\t\t<h3 class=\"elementor-icon-box-title\">\n\t\t\t\t\t\t<span  >\n\t\t\t\t\t\t\tFrancisca Gatica\t\t\t\t\t\t<\/span>\n\t\t\t\t\t<\/h3>\n\t\t\t\t\n\t\t\t\t\t\t\t\t\t<p class=\"elementor-icon-box-description\">\n\t\t\t\t\t\tAsistente de investigaci\u00f3n\u2028Ingeniera en Biotecnolog\u00eda\t\t\t\t\t<\/p>\n\t\t\t\t\n\t\t\t<\/div>\n\t\t\t\n\t\t<\/div>\n\t\t\t\t\t\t<\/div>\n\t\t\t\t<div class=\"elementor-element elementor-element-e374636 elementor-widget__width-initial elementor-widget elementor-widget-icon-box\" data-id=\"e374636\" data-element_type=\"widget\" data-widget_type=\"icon-box.default\">\n\t\t\t\t\t\t\t<div class=\"elementor-icon-box-wrapper\">\n\n\t\t\t\n\t\t\t\t\t\t<div class=\"elementor-icon-box-content\">\n\n\t\t\t\t\t\t\t\t\t<h3 class=\"elementor-icon-box-title\">\n\t\t\t\t\t\t<span  >\n\t\t\t\t\t\t\tNicole Araneda\t\t\t\t\t\t<\/span>\n\t\t\t\t\t<\/h3>\n\t\t\t\t\n\t\t\t\t\t\t\t\t\t<p class=\"elementor-icon-box-description\">\n\t\t\t\t\t\tAsistente de investigaci\u00f3n\u2028Bioqu\u00edmica\t\t\t\t\t<\/p>\n\t\t\t\t\n\t\t\t<\/div>\n\t\t\t\n\t\t<\/div>\n\t\t\t\t\t\t<\/div>\n\t\t\t\t<div class=\"elementor-element elementor-element-832e443 elementor-widget__width-initial elementor-widget elementor-widget-icon-box\" data-id=\"832e443\" data-element_type=\"widget\" data-widget_type=\"icon-box.default\">\n\t\t\t\t\t\t\t<div class=\"elementor-icon-box-wrapper\">\n\n\t\t\t\n\t\t\t\t\t\t<div class=\"elementor-icon-box-content\">\n\n\t\t\t\t\t\t\t\t\t<h3 class=\"elementor-icon-box-title\">\n\t\t\t\t\t\t<span  >\n\t\t\t\t\t\t\tKarina Rojas\t\t\t\t\t\t<\/span>\n\t\t\t\t\t<\/h3>\n\t\t\t\t\n\t\t\t\t\t\t\t\t\t<p class=\"elementor-icon-box-description\">\n\t\t\t\t\t\tAuxiliar de laboratorio\u2028<br>T\u00e9cnico Agr\u00edcola\t\t\t\t\t<\/p>\n\t\t\t\t\n\t\t\t<\/div>\n\t\t\t\n\t\t<\/div>\n\t\t\t\t\t\t<\/div>\n\t\t\t\t\t<\/div>\n\t\t\t\t<\/div>\n\t\t\t\t<\/div>\n\t\t","protected":false},"excerpt":{"rendered":"<p>Sobre nosotros Aroma Global\u00ae es una empresa de biotecnolog\u00eda fundada en 2016 en Melipilla, dedicada a transformar la ciencia en soluciones pr\u00e1cticas para la agricultura, la industria y el medioambiente.\u2028 Contamos con dos \u00e1reas clave de investigaci\u00f3n y desarrollo: \u2028 Aroma Lab\u00ae: Propuestas t\u00e9cnico-cient\u00edficas y bioinsumos que fortalecen la agricultura, haci\u00e9ndola m\u00e1s eficiente y resiliente. [&hellip;]<\/p>\n","protected":false},"author":1,"featured_media":0,"parent":0,"menu_order":0,"comment_status":"closed","ping_status":"closed","template":"elementor_header_footer","meta":{"_acf_changed":false,"footnotes":""},"class_list":["post-14","page","type-page","status-publish","hentry"],"acf":[],"_links":{"self":[{"href":"https:\/\/dev.antudigital.cl\/sites\/aroma\/wp-json\/wp\/v2\/pages\/14","targetHints":{"allow":["GET"]}}],"collection":[{"href":"https:\/\/dev.antudigital.cl\/sites\/aroma\/wp-json\/wp\/v2\/pages"}],"about":[{"href":"https:\/\/dev.antudigital.cl\/sites\/aroma\/wp-json\/wp\/v2\/types\/page"}],"author":[{"embeddable":true,"href":"https:\/\/dev.antudigital.cl\/sites\/aroma\/wp-json\/wp\/v2\/users\/1"}],"replies":[{"embeddable":true,"href":"https:\/\/dev.antudigital.cl\/sites\/aroma\/wp-json\/wp\/v2\/comments?post=14"}],"version-history":[{"count":43,"href":"https:\/\/dev.antudigital.cl\/sites\/aroma\/wp-json\/wp\/v2\/pages\/14\/revisions"}],"predecessor-version":[{"id":593,"href":"https:\/\/dev.antudigital.cl\/sites\/aroma\/wp-json\/wp\/v2\/pages\/14\/revisions\/593"}],"wp:attachment":[{"href":"https:\/\/dev.antudigital.cl\/sites\/aroma\/wp-json\/wp\/v2\/media?parent=14"}],"curies":[{"name":"wp","href":"https:\/\/api.w.org\/{rel}","templated":true}]}}