{"id":478,"date":"2025-09-21T00:01:25","date_gmt":"2025-09-21T03:01:25","guid":{"rendered":"https:\/\/dev.antudigital.cl\/sites\/aroma\/?post_type=proyecto&#038;p=478"},"modified":"2025-09-30T16:02:35","modified_gmt":"2025-09-30T19:02:35","slug":"coleccion-de-cepas-aromaglobal-bem-procycla2024-2025","status":"publish","type":"proyecto","link":"https:\/\/dev.antudigital.cl\/sites\/aroma\/proyecto\/coleccion-de-cepas-aromaglobal-bem-procycla2024-2025\/","title":{"rendered":"Colecci\u00f3n de cepas AromaGlobal\u00ae\/BEM\/ProCycla\u00ae 2023 &#8211; 2025"},"content":{"rendered":"\n<p>El laboratorio de Biopel\u00edculas y Microbiolog\u00eda Ambiental (BEM), del Centro de Biotecnolog\u00eda de la Universidad de Concepci\u00f3n (UdeC), y las empresas Aroma Global\u00ae y ProCycla\u00ae, se desenvuelven en torno a la investigaci\u00f3n y desarrollo (I+D) en microbiolog\u00eda aplicada al tratamiento de residuos, biofiltraci\u00f3n y obtenci\u00f3n de productos a partir de cultivos microbianos, principalmente bacterias, para ser usados en soluciones de las industrias agropecuaria, celulosa, acuicultura y m\u00e9dicas, entre otros. El laboratorio y las empresas antes mencionados han previsto una combinaci\u00f3n de sus esfuerzos en I+D para el aislamiento y caracterizaci\u00f3n fisiol\u00f3gica y molecular de bacterias con alto<br>potencial biotecnol\u00f3gico, principalmente para ser aplicadas en biorreactores para biorremediaci\u00f3n de gases, s\u00f3lidos y l\u00edquidos, en el potenciamiento de cultivos y obtenci\u00f3n de biogranjas con el objetivo de producir compuestos de alto valor agregado (biopl\u00e1sticos y \u00e1cidos grasos, entre otros).<\/p>\n","protected":false},"featured_media":481,"template":"","meta":{"_acf_changed":true},"class_list":["post-478","proyecto","type-proyecto","status-publish","has-post-thumbnail","hentry"],"acf":[],"_links":{"self":[{"href":"https:\/\/dev.antudigital.cl\/sites\/aroma\/wp-json\/wp\/v2\/proyecto\/478","targetHints":{"allow":["GET"]}}],"collection":[{"href":"https:\/\/dev.antudigital.cl\/sites\/aroma\/wp-json\/wp\/v2\/proyecto"}],"about":[{"href":"https:\/\/dev.antudigital.cl\/sites\/aroma\/wp-json\/wp\/v2\/types\/proyecto"}],"wp:featuredmedia":[{"embeddable":true,"href":"https:\/\/dev.antudigital.cl\/sites\/aroma\/wp-json\/wp\/v2\/media\/481"}],"wp:attachment":[{"href":"https:\/\/dev.antudigital.cl\/sites\/aroma\/wp-json\/wp\/v2\/media?parent=478"}],"curies":[{"name":"wp","href":"https:\/\/api.w.org\/{rel}","templated":true}]}}

Colección de cepas AromaGlobal®/BEM/ProCycla® 2023 &#8211; 2025

<p>El laboratorio de Biopelículas y Microbiología Ambiental (BEM), del Centro de Biotecnología de la Universidad de Concepción (UdeC), y las empresas Aroma Global® y ProCycla®, se desenvuelven en torno a la investigación y desarrollo (I+D) en microbiología aplicada al tratamiento de residuos, biofiltración y obtención de productos a partir de cultivos microbianos, principalmente bacterias, para ser usados en soluciones de las industrias agropecuaria, celulosa, acuicultura y médicas, entre otros. El laboratorio y las empresas antes mencionados han previsto una combinación de sus esfuerzos en I+D para el aislamiento y caracterización fisiológica y molecular de bacterias con alto<br>potencial biotecnológico, principalmente para ser aplicadas en biorreactores para biorremediación de gases, sólidos y líquidos, en el potenciamiento de cultivos y obtención de biogranjas con el objetivo de producir compuestos de alto valor agregado (bioplásticos y ácidos grasos, entre otros).</p>
