{"id":524,"date":"2025-09-24T11:30:15","date_gmt":"2025-09-24T14:30:15","guid":{"rendered":"https:\/\/dev.antudigital.cl\/sites\/aroma\/?post_type=proyecto&#038;p=524"},"modified":"2025-09-30T16:02:21","modified_gmt":"2025-09-30T19:02:21","slug":"desarrollo-de-bipesticida-a-partir-de-macroalgas-chilenas-para-la-proteccion-de-cultivos-de-alto-valor-economico-en-la-agroindustria-fondef-idea-id-2024-id24i10433","status":"publish","type":"proyecto","link":"https:\/\/dev.antudigital.cl\/sites\/aroma\/proyecto\/desarrollo-de-bipesticida-a-partir-de-macroalgas-chilenas-para-la-proteccion-de-cultivos-de-alto-valor-economico-en-la-agroindustria-fondef-idea-id-2024-id24i10433\/","title":{"rendered":"Desarrollo de Bipesticida a partir de Macroalgas Chilenas para la Protecci\u00f3n de Cultivos de Alto Valor Econ\u00f3mico en la Agroindustria. Fondef IDeA I+D 2024 ID24I10433"},"content":{"rendered":"\n<p>Proyecto ejecutado por el laboratorio de Biopel\u00edculas y Microbiolog\u00eda Ambiental (BEM), del Centro de Biotecnolog\u00eda de la Universidad de Concepci\u00f3n (UdeC), bajo la direcci\u00f3n de la Dra. Katherine Sossa, docente titular de la Universidad de Concepci\u00f3n y miembro fundador del BEM. En este innovador proyecto, Aroma Global\u00ae participa como empresa asociada, aportando su expertise en fitosanidad y microbiolog\u00eda, a trav\u00e9s de las contribuciones de la Dra. Ana Luisa Valencia (directora de Aroma Global).<\/p>\n","protected":false},"featured_media":479,"template":"","meta":{"_acf_changed":true},"class_list":["post-524","proyecto","type-proyecto","status-publish","has-post-thumbnail","hentry"],"acf":[],"_links":{"self":[{"href":"https:\/\/dev.antudigital.cl\/sites\/aroma\/wp-json\/wp\/v2\/proyecto\/524","targetHints":{"allow":["GET"]}}],"collection":[{"href":"https:\/\/dev.antudigital.cl\/sites\/aroma\/wp-json\/wp\/v2\/proyecto"}],"about":[{"href":"https:\/\/dev.antudigital.cl\/sites\/aroma\/wp-json\/wp\/v2\/types\/proyecto"}],"wp:featuredmedia":[{"embeddable":true,"href":"https:\/\/dev.antudigital.cl\/sites\/aroma\/wp-json\/wp\/v2\/media\/479"}],"wp:attachment":[{"href":"https:\/\/dev.antudigital.cl\/sites\/aroma\/wp-json\/wp\/v2\/media?parent=524"}],"curies":[{"name":"wp","href":"https:\/\/api.w.org\/{rel}","templated":true}]}}

Desarrollo de Bipesticida a partir de Macroalgas Chilenas para la Protección de Cultivos de Alto Valor Económico en la Agroindustria. Fondef IDeA I+D 2024 ID24I10433

<p>Proyecto ejecutado por el laboratorio de Biopelículas y Microbiología Ambiental (BEM), del Centro de Biotecnología de la Universidad de Concepción (UdeC), bajo la dirección de la Dra. Katherine Sossa, docente titular de la Universidad de Concepción y miembro fundador del BEM. En este innovador proyecto, Aroma Global® participa como empresa asociada, aportando su expertise en fitosanidad y microbiología, a través de las contribuciones de la Dra. Ana Luisa Valencia (directora de Aroma Global).</p>
