{"id":3104,"date":"2025-02-03T11:18:48","date_gmt":"2025-02-03T14:18:48","guid":{"rendered":"https:\/\/hola.test\/?page_id=3104"},"modified":"2025-03-07T21:28:24","modified_gmt":"2025-03-08T00:28:24","slug":"gaston-carreno-gonzalez","status":"publish","type":"page","link":"https:\/\/dev.antudigital.cl\/sites\/fotografia\/autores\/gaston-carreno-gonzalez\/","title":{"rendered":"Gast\u00f3n Carre\u00f1o Gonz\u00e1lez"},"content":{"rendered":"\t\t<div data-elementor-type=\"wp-page\" data-elementor-id=\"3104\" class=\"elementor elementor-3104\" data-elementor-post-type=\"page\">\n\t\t\t\t<div class=\"elementor-element elementor-element-977c0ed e-con-full e-flex e-con e-parent\" data-id=\"977c0ed\" data-element_type=\"container\" data-settings=\"{&quot;background_background&quot;:&quot;classic&quot;}\">\n\t\t<div class=\"elementor-element elementor-element-43fb98c e-con-full elementor-hidden-tablet elementor-hidden-mobile e-flex e-con e-child\" data-id=\"43fb98c\" data-element_type=\"container\" data-settings=\"{&quot;background_background&quot;:&quot;classic&quot;}\">\n\t\t\t\t<div class=\"elementor-element elementor-element-6247936 elementor-widget elementor-widget-spacer\" data-id=\"6247936\" data-element_type=\"widget\" data-widget_type=\"spacer.default\">\n\t\t\t\t<div class=\"elementor-widget-container\">\n\t\t\t\t\t\t\t<div class=\"elementor-spacer\">\n\t\t\t<div class=\"elementor-spacer-inner\"><\/div>\n\t\t<\/div>\n\t\t\t\t\t\t<\/div>\n\t\t\t\t<\/div>\n\t\t<div class=\"elementor-element elementor-element-458510c e-con-full e-flex e-con e-child\" data-id=\"458510c\" data-element_type=\"container\" data-settings=\"{&quot;background_background&quot;:&quot;classic&quot;}\">\n\t\t\t\t<div class=\"elementor-element elementor-element-fcb7c3b elementor-widget-divider--view-line elementor-widget elementor-widget-divider\" data-id=\"fcb7c3b\" data-element_type=\"widget\" data-widget_type=\"divider.default\">\n\t\t\t\t<div class=\"elementor-widget-container\">\n\t\t\t\t\t\t\t<div class=\"elementor-divider\">\n\t\t\t<span class=\"elementor-divider-separator\">\n\t\t\t\t\t\t<\/span>\n\t\t<\/div>\n\t\t\t\t\t\t<\/div>\n\t\t\t\t<\/div>\n\t\t\t\t<div class=\"elementor-element elementor-element-566359d elementor-widget elementor-widget-heading\" data-id=\"566359d\" data-element_type=\"widget\" data-widget_type=\"heading.default\">\n\t\t\t\t<div class=\"elementor-widget-container\">\n\t\t\t\t\t<span class=\"elementor-heading-title elementor-size-default\">Autores<\/span>\t\t\t\t<\/div>\n\t\t\t\t<\/div>\n\t\t\t\t<div class=\"elementor-element elementor-element-b89f242 nav-autores elementor-widget elementor-widget-nav-menu\" data-id=\"b89f242\" data-element_type=\"widget\" data-settings=\"{&quot;layout&quot;:&quot;dropdown&quot;,&quot;submenu_icon&quot;:{&quot;value&quot;:&quot;&lt;i class=\\&quot;\\&quot; aria-hidden=\\&quot;true\\&quot;&gt;&lt;\\\/i&gt;&quot;,&quot;library&quot;:&quot;&quot;}}\" data-widget_type=\"nav-menu.default\">\n\t\t\t\t<div class=\"elementor-widget-container\">\n\t\t\t\t\t\t\t\t<nav class=\"elementor-nav-menu--dropdown elementor-nav-menu__container\" aria-hidden=\"true\">\n\t\t\t\t<ul id=\"menu-2-b89f242\" class=\"elementor-nav-menu\"><li class=\"menu-item menu-item-type-post_type menu-item-object-page menu-item-3064\"><a href=\"https:\/\/dev.antudigital.cl\/sites\/fotografia\/autores\/margarita-alvarado-perez\/\" class=\"elementor-item\" tabindex=\"-1\">Margarita Alvarado P\u00e9rez<\/a><\/li>\n<li class=\"menu-item menu-item-type-post_type menu-item-object-page menu-item-3243\"><a href=\"https:\/\/dev.antudigital.cl\/sites\/fotografia\/autores\/alejandra-castro-rodriguez\/\" class=\"elementor-item\" tabindex=\"-1\">Alejandra Castro Rodr\u00edguez<\/a><\/li>\n<li class=\"menu-item menu-item-type-post_type menu-item-object-page menu-item-3244\"><a href=\"https:\/\/dev.antudigital.cl\/sites\/fotografia\/autores\/carla-moller-zunino\/\" class=\"elementor-item\" tabindex=\"-1\">Carla Moller Zunino<\/a><\/li>\n<li class=\"menu-item menu-item-type-post_type menu-item-object-page menu-item-3245\"><a href=\"https:\/\/dev.antudigital.cl\/sites\/fotografia\/autores\/christian-baez-allende\/\" class=\"elementor-item\" tabindex=\"-1\">Christian B\u00e1ez Allende<\/a><\/li>\n<li class=\"menu-item menu-item-type-post_type menu-item-object-page menu-item-3246\"><a href=\"https:\/\/dev.antudigital.cl\/sites\/fotografia\/autores\/felipe-a-maturana-diaz\/\" class=\"elementor-item\" tabindex=\"-1\">Felipe A. Maturana D\u00edaz<\/a><\/li>\n<li class=\"menu-item menu-item-type-post_type menu-item-object-page menu-item-3247\"><a href=\"https:\/\/dev.antudigital.cl\/sites\/fotografia\/autores\/gaston-carreno-gonzalez\/\" class=\"elementor-item\" tabindex=\"-1\">Gast\u00f3n Carre\u00f1o Gonz\u00e1lez<\/a><\/li>\n<li class=\"menu-item menu-item-type-post_type menu-item-object-page menu-item-3248\"><a href=\"https:\/\/dev.antudigital.cl\/sites\/fotografia\/autores\/gerardo-mora-rivera\/\" class=\"elementor-item\" tabindex=\"-1\">Gerardo Mora Rivera<\/a><\/li>\n<li class=\"menu-item menu-item-type-post_type menu-item-object-page menu-item-3249\"><a href=\"https:\/\/dev.antudigital.cl\/sites\/fotografia\/autores\/gonzalo-lobos-gonzalez\/\" class=\"elementor-item\" tabindex=\"-1\">Gonzalo Lobos Gonz\u00e1lez<\/a><\/li>\n<li class=\"menu-item menu-item-type-post_type menu-item-object-page menu-item-3250\"><a href=\"https:\/\/dev.antudigital.cl\/sites\/fotografia\/autores\/juan-pablo-leal-ugalde\/\" class=\"elementor-item\" tabindex=\"-1\">Juan Pablo Leal Ugalde<\/a><\/li>\n<li class=\"menu-item menu-item-type-post_type menu-item-object-page menu-item-3252\"><a href=\"https:\/\/dev.antudigital.cl\/sites\/fotografia\/autores\/maria-carolina-odone-correa\/\" class=\"elementor-item\" tabindex=\"-1\">Mar\u00eda Carolina Odone Correa<\/a><\/li>\n<li class=\"menu-item menu-item-type-post_type menu-item-object-page menu-item-3253\"><a href=\"https:\/\/dev.antudigital.cl\/sites\/fotografia\/autores\/maria-paz-bajas-irizar\/\" class=\"elementor-item\" tabindex=\"-1\">Mar\u00eda Paz Bajas Irizar<\/a><\/li>\n<li class=\"menu-item menu-item-type-post_type menu-item-object-page menu-item-3254\"><a href=\"https:\/\/dev.antudigital.cl\/sites\/fotografia\/autores\/pedro-mege-rosso\/\" class=\"elementor-item\" tabindex=\"-1\">Pedro Mege Rosso<\/a><\/li>\n<\/ul>\t\t\t<\/nav>\n\t\t\t\t\t\t<\/div>\n\t\t\t\t<\/div>\n\t\t\t\t<div class=\"elementor-element elementor-element-21dab99 elementor-widget-divider--view-line elementor-widget elementor-widget-divider\" data-id=\"21dab99\" data-element_type=\"widget\" data-widget_type=\"divider.default\">\n\t\t\t\t<div class=\"elementor-widget-container\">\n\t\t\t\t\t\t\t<div class=\"elementor-divider\">\n\t\t\t<span class=\"elementor-divider-separator\">\n\t\t\t\t\t\t<\/span>\n\t\t<\/div>\n\t\t\t\t\t\t<\/div>\n\t\t\t\t<\/div>\n\t\t\t\t<\/div>\n\t\t\t\t<\/div>\n\t\t<div class=\"elementor-element elementor-element-83ac9a3 e-con-full e-flex e-con e-child\" data-id=\"83ac9a3\" data-element_type=\"container\" data-settings=\"{&quot;background_background&quot;:&quot;classic&quot;}\">\n\t\t<div class=\"elementor-element elementor-element-585ab5f e-con-full e-flex e-con e-child\" data-id=\"585ab5f\" data-element_type=\"container\">\n\t\t\t\t<div class=\"elementor-element elementor-element-35b8d3d elementor-align-justify elementor-widget__width-inherit elementor-hidden-desktop elementor-widget elementor-widget-button\" data-id=\"35b8d3d\" data-element_type=\"widget\" data-widget_type=\"button.default\">\n\t\t\t\t<div class=\"elementor-widget-container\">\n\t\t\t\t\t\t\t\t\t<div class=\"elementor-button-wrapper\">\n\t\t\t\t\t<a class=\"elementor-button elementor-button-link elementor-size-sm\" href=\"#elementor-action%3Aaction%3Dpopup%3Aopen%26settings%3DeyJpZCI6IjQ0MjQiLCJ0b2dnbGUiOmZhbHNlfQ%3D%3D\">\n\t\t\t\t\t\t<span class=\"elementor-button-content-wrapper\">\n\t\t\t\t\t\t<span class=\"elementor-button-icon\">\n\t\t\t\t<i aria-hidden=\"true\" class=\"fas fa-bars\"><\/i>\t\t\t<\/span>\n\t\t\t\t\t\t\t\t\t<span class=\"elementor-button-text\">AUTORES<\/span>\n\t\t\t\t\t<\/span>\n\t\t\t\t\t<\/a>\n\t\t\t\t<\/div>\n\t\t\t\t\t\t\t\t<\/div>\n\t\t\t\t<\/div>\n\t\t\t\t<div class=\"elementor-element elementor-element-f02e693 elementor-hidden-desktop elementor-widget elementor-widget-spacer\" data-id=\"f02e693\" data-element_type=\"widget\" data-widget_type=\"spacer.default\">\n\t\t\t\t<div class=\"elementor-widget-container\">\n\t\t\t\t\t\t\t<div class=\"elementor-spacer\">\n\t\t\t<div class=\"elementor-spacer-inner\"><\/div>\n\t\t<\/div>\n\t\t\t\t\t\t<\/div>\n\t\t\t\t<\/div>\n\t\t\t\t<div class=\"elementor-element elementor-element-5d2ad6a elementor-widget elementor-widget-heading\" data-id=\"5d2ad6a\" data-element_type=\"widget\" data-widget_type=\"heading.default\">\n\t\t\t\t<div class=\"elementor-widget-container\">\n\t\t\t\t\t<h1 class=\"elementor-heading-title elementor-size-default\">Gast\u00f3n Carre\u00f1o Gonz\u00e1lez<\/h1>\t\t\t\t<\/div>\n\t\t\t\t<\/div>\n\t\t\t\t<div class=\"elementor-element elementor-element-02bcf67 elementor-widget elementor-widget-text-editor\" data-id=\"02bcf67\" data-element_type=\"widget\" data-widget_type=\"text-editor.default\">\n\t\t\t\t<div class=\"elementor-widget-container\">\n\t\t\t\t\t\t\t\t\t<p>Antrop\u00f3logo, Universidad de Chile. Diplomado en Periodismo y Cr\u00edtica Cultural. Mag\u00edster y Doctor en Estudios Latinoamericanos, Universidad de Chile.\u00a0 Es Coordinador del Centro de Estudios en Antropolog\u00eda Visual (<a href=\"http:\/\/www.ceavi.cl\/\" target=\"_blank\" rel=\"noopener\">www.ceavi.cl<\/a>)<i>\u00a0<\/i>y Director de la Revista Chilena de Antropolog\u00eda Visual (<a href=\"http:\/\/www.rchav.cl\/\" target=\"_blank\" rel=\"noopener\">www.rchav.cl<\/a>), publicaci\u00f3n electr\u00f3nica especializada en esta l\u00ednea tem\u00e1tica. Ha colaborado en investigaciones sobre fotograf\u00eda y cine en relaci\u00f3n a los\u00a0 pueblos ind\u00edgenas, y ha participado\u00a0en la realizaci\u00f3n de diversos videos y documentales.<\/p>\t\t\t\t\t\t\t\t<\/div>\n\t\t\t\t<\/div>\n\t\t\t\t<\/div>\n\t\t<div class=\"elementor-element elementor-element-3dc46b3 e-con-full e-flex e-con e-child\" data-id=\"3dc46b3\" data-element_type=\"container\">\n\t\t\t\t<div class=\"elementor-element elementor-element-12d4d1a elementor-widget elementor-widget-image\" data-id=\"12d4d1a\" data-element_type=\"widget\" data-widget_type=\"image.default\">\n\t\t\t\t<div class=\"elementor-widget-container\">\n\t\t\t\t\t\t\t\t\t\t\t\t\t\t\t<img decoding=\"async\" src=\"https:\/\/dev.antudigital.cl\/sites\/fotografia\/wp-content\/plugins\/elementor\/assets\/images\/placeholder.png\" title=\"\" alt=\"\" loading=\"lazy\" \/>\t\t\t\t\t\t\t\t\t\t\t\t\t\t\t<\/div>\n\t\t\t\t<\/div>\n\t\t\t\t<\/div>\n\t\t\t\t<\/div>\n\t\t<div class=\"elementor-element elementor-element-b3812b3 e-con-full elementor-hidden-tablet elementor-hidden-mobile e-flex e-con e-child\" data-id=\"b3812b3\" data-element_type=\"container\" data-settings=\"{&quot;background_background&quot;:&quot;classic&quot;}\">\n\t\t<div class=\"elementor-element elementor-element-450ccdc e-con-full e-flex e-con e-child\" data-id=\"450ccdc\" data-element_type=\"container\">\n\t\t\t\t<div class=\"elementor-element elementor-element-c3100c6 elementor-widget elementor-widget-heading\" data-id=\"c3100c6\" data-element_type=\"widget\" data-widget_type=\"heading.default\">\n\t\t\t\t<div class=\"elementor-widget-container\">\n\t\t\t\t\t<span class=\"elementor-heading-title elementor-size-default\">Dise\u00f1o<\/span>\t\t\t\t<\/div>\n\t\t\t\t<\/div>\n\t\t\t\t<div class=\"elementor-element elementor-element-a55d524 elementor-widget elementor-widget-heading\" data-id=\"a55d524\" data-element_type=\"widget\" data-widget_type=\"heading.default\">\n\t\t\t\t<div class=\"elementor-widget-container\">\n\t\t\t\t\t<span class=\"elementor-heading-title elementor-size-default\">estudioManada<\/span>\t\t\t\t<\/div>\n\t\t\t\t<\/div>\n\t\t\t\t<\/div>\n\t\t\t\t<\/div>\n\t\t\t\t<\/div>\n\t\t\t\t<\/div>\n\t\t","protected":false},"excerpt":{"rendered":"<p>Autores AUTORES Antrop\u00f3logo, Universidad de Chile. Diplomado en Periodismo y Cr\u00edtica Cultural. Mag\u00edster y Doctor en Estudios Latinoamericanos, Universidad de Chile.\u00a0 Es Coordinador del Centro de Estudios en Antropolog\u00eda Visual (www.ceavi.cl)\u00a0y Director de la Revista Chilena de Antropolog\u00eda Visual (www.rchav.cl), publicaci\u00f3n electr\u00f3nica especializada en esta l\u00ednea tem\u00e1tica. Ha colaborado en investigaciones sobre fotograf\u00eda y cine [&hellip;]<\/p>\n","protected":false},"author":1,"featured_media":0,"parent":1849,"menu_order":0,"comment_status":"closed","ping_status":"closed","template":"elementor_header_footer","meta":{"footnotes":""},"class_list":["post-3104","page","type-page","status-publish","hentry"],"_links":{"self":[{"href":"https:\/\/dev.antudigital.cl\/sites\/fotografia\/wp-json\/wp\/v2\/pages\/3104","targetHints":{"allow":["GET"]}}],"collection":[{"href":"https:\/\/dev.antudigital.cl\/sites\/fotografia\/wp-json\/wp\/v2\/pages"}],"about":[{"href":"https:\/\/dev.antudigital.cl\/sites\/fotografia\/wp-json\/wp\/v2\/types\/page"}],"author":[{"embeddable":true,"href":"https:\/\/dev.antudigital.cl\/sites\/fotografia\/wp-json\/wp\/v2\/users\/1"}],"replies":[{"embeddable":true,"href":"https:\/\/dev.antudigital.cl\/sites\/fotografia\/wp-json\/wp\/v2\/comments?post=3104"}],"version-history":[{"count":12,"href":"https:\/\/dev.antudigital.cl\/sites\/fotografia\/wp-json\/wp\/v2\/pages\/3104\/revisions"}],"predecessor-version":[{"id":4637,"href":"https:\/\/dev.antudigital.cl\/sites\/fotografia\/wp-json\/wp\/v2\/pages\/3104\/revisions\/4637"}],"up":[{"embeddable":true,"href":"https:\/\/dev.antudigital.cl\/sites\/fotografia\/wp-json\/wp\/v2\/pages\/1849"}],"wp:attachment":[{"href":"https:\/\/dev.antudigital.cl\/sites\/fotografia\/wp-json\/wp\/v2\/media?parent=3104"}],"curies":[{"name":"wp","href":"https:\/\/api.w.org\/{rel}","templated":true}]}}

Gastón Carreño González

<div data-elementor-type="wp-page" data-elementor-id="3104" class="elementor elementor-3104" data-elementor-post-type="page">
				<div class="elementor-element elementor-element-977c0ed e-con-full e-flex e-con e-parent" data-id="977c0ed" data-element_type="container" data-settings="{&quot;background_background&quot;:&quot;classic&quot;}">
		<div class="elementor-element elementor-element-43fb98c e-con-full elementor-hidden-tablet elementor-hidden-mobile e-flex e-con e-child" data-id="43fb98c" data-element_type="container" data-settings="{&quot;background_background&quot;:&quot;classic&quot;}">
				<div class="elementor-element elementor-element-6247936 elementor-widget elementor-widget-spacer" data-id="6247936" data-element_type="widget" data-widget_type="spacer.default">
				<div class="elementor-widget-container">
							<div class="elementor-spacer">
			<div class="elementor-spacer-inner"></div>
		</div>
						</div>
				</div>
		<div class="elementor-element elementor-element-458510c e-con-full e-flex e-con e-child" data-id="458510c" data-element_type="container" data-settings="{&quot;background_background&quot;:&quot;classic&quot;}">
				<div class="elementor-element elementor-element-fcb7c3b elementor-widget-divider--view-line elementor-widget elementor-widget-divider" data-id="fcb7c3b" data-element_type="widget" data-widget_type="divider.default">
				<div class="elementor-widget-container">
							<div class="elementor-divider">
			<span class="elementor-divider-separator">
						</span>
		</div>
						</div>
				</div>
				<div class="elementor-element elementor-element-566359d elementor-widget elementor-widget-heading" data-id="566359d" data-element_type="widget" data-widget_type="heading.default">
				<div class="elementor-widget-container">
					<span class="elementor-heading-title elementor-size-default">Autores</span>				</div>
				</div>
				<div class="elementor-element elementor-element-b89f242 nav-autores elementor-widget elementor-widget-nav-menu" data-id="b89f242" data-element_type="widget" data-settings="{&quot;layout&quot;:&quot;dropdown&quot;,&quot;submenu_icon&quot;:{&quot;value&quot;:&quot;&lt;i class=\&quot;\&quot; aria-hidden=\&quot;true\&quot;&gt;&lt;\/i&gt;&quot;,&quot;library&quot;:&quot;&quot;}}" data-widget_type="nav-menu.default">
				<div class="elementor-widget-container">
								<nav class="elementor-nav-menu--dropdown elementor-nav-menu__container" aria-hidden="true">
				<ul id="menu-2-b89f242" class="elementor-nav-menu"><li class="menu-item menu-item-type-post_type menu-item-object-page menu-item-3064"><a href="https://dev.antudigital.cl/sites/fotografia/autores/margarita-alvarado-perez/" class="elementor-item" tabindex="-1">Margarita Alvarado Pérez</a></li>
<li class="menu-item menu-item-type-post_type menu-item-object-page menu-item-3243"><a href="https://dev.antudigital.cl/sites/fotografia/autores/alejandra-castro-rodriguez/" class="elementor-item" tabindex="-1">Alejandra Castro Rodríguez</a></li>
<li class="menu-item menu-item-type-post_type menu-item-object-page menu-item-3244"><a href="https://dev.antudigital.cl/sites/fotografia/autores/carla-moller-zunino/" class="elementor-item" tabindex="-1">Carla Moller Zunino</a></li>
<li class="menu-item menu-item-type-post_type menu-item-object-page menu-item-3245"><a href="https://dev.antudigital.cl/sites/fotografia/autores/christian-baez-allende/" class="elementor-item" tabindex="-1">Christian Báez Allende</a></li>
<li class="menu-item menu-item-type-post_type menu-item-object-page menu-item-3246"><a href="https://dev.antudigital.cl/sites/fotografia/autores/felipe-a-maturana-diaz/" class="elementor-item" tabindex="-1">Felipe A. Maturana Díaz</a></li>
<li class="menu-item menu-item-type-post_type menu-item-object-page menu-item-3247"><a href="https://dev.antudigital.cl/sites/fotografia/autores/gaston-carreno-gonzalez/" class="elementor-item" tabindex="-1">Gastón Carreño González</a></li>
<li class="menu-item menu-item-type-post_type menu-item-object-page menu-item-3248"><a href="https://dev.antudigital.cl/sites/fotografia/autores/gerardo-mora-rivera/" class="elementor-item" tabindex="-1">Gerardo Mora Rivera</a></li>
<li class="menu-item menu-item-type-post_type menu-item-object-page menu-item-3249"><a href="https://dev.antudigital.cl/sites/fotografia/autores/gonzalo-lobos-gonzalez/" class="elementor-item" tabindex="-1">Gonzalo Lobos González</a></li>
<li class="menu-item menu-item-type-post_type menu-item-object-page menu-item-3250"><a href="https://dev.antudigital.cl/sites/fotografia/autores/juan-pablo-leal-ugalde/" class="elementor-item" tabindex="-1">Juan Pablo Leal Ugalde</a></li>
<li class="menu-item menu-item-type-post_type menu-item-object-page menu-item-3252"><a href="https://dev.antudigital.cl/sites/fotografia/autores/maria-carolina-odone-correa/" class="elementor-item" tabindex="-1">María Carolina Odone Correa</a></li>
<li class="menu-item menu-item-type-post_type menu-item-object-page menu-item-3253"><a href="https://dev.antudigital.cl/sites/fotografia/autores/maria-paz-bajas-irizar/" class="elementor-item" tabindex="-1">María Paz Bajas Irizar</a></li>
<li class="menu-item menu-item-type-post_type menu-item-object-page menu-item-3254"><a href="https://dev.antudigital.cl/sites/fotografia/autores/pedro-mege-rosso/" class="elementor-item" tabindex="-1">Pedro Mege Rosso</a></li>
</ul>			</nav>
						</div>
				</div>
				<div class="elementor-element elementor-element-21dab99 elementor-widget-divider--view-line elementor-widget elementor-widget-divider" data-id="21dab99" data-element_type="widget" data-widget_type="divider.default">
				<div class="elementor-widget-container">
							<div class="elementor-divider">
			<span class="elementor-divider-separator">
						</span>
		</div>
						</div>
				</div>
				</div>
				</div>
		<div class="elementor-element elementor-element-83ac9a3 e-con-full e-flex e-con e-child" data-id="83ac9a3" data-element_type="container" data-settings="{&quot;background_background&quot;:&quot;classic&quot;}">
		<div class="elementor-element elementor-element-585ab5f e-con-full e-flex e-con e-child" data-id="585ab5f" data-element_type="container">
				<div class="elementor-element elementor-element-35b8d3d elementor-align-justify elementor-widget__width-inherit elementor-hidden-desktop elementor-widget elementor-widget-button" data-id="35b8d3d" data-element_type="widget" data-widget_type="button.default">
				<div class="elementor-widget-container">
									<div class="elementor-button-wrapper">
					<a class="elementor-button elementor-button-link elementor-size-sm" href="#elementor-action%3Aaction%3Dpopup%3Aopen%26settings%3DeyJpZCI6IjQ0MjQiLCJ0b2dnbGUiOmZhbHNlfQ%3D%3D">
						<span class="elementor-button-content-wrapper">
						<span class="elementor-button-icon">
				<i aria-hidden="true" class="fas fa-bars"></i>			</span>
									<span class="elementor-button-text">AUTORES</span>
					</span>
					</a>
				</div>
								</div>
				</div>
				<div class="elementor-element elementor-element-f02e693 elementor-hidden-desktop elementor-widget elementor-widget-spacer" data-id="f02e693" data-element_type="widget" data-widget_type="spacer.default">
				<div class="elementor-widget-container">
							<div class="elementor-spacer">
			<div class="elementor-spacer-inner"></div>
		</div>
						</div>
				</div>
				<div class="elementor-element elementor-element-5d2ad6a elementor-widget elementor-widget-heading" data-id="5d2ad6a" data-element_type="widget" data-widget_type="heading.default">
				<div class="elementor-widget-container">
					<h1 class="elementor-heading-title elementor-size-default">Gastón Carreño González</h1>				</div>
				</div>
				<div class="elementor-element elementor-element-02bcf67 elementor-widget elementor-widget-text-editor" data-id="02bcf67" data-element_type="widget" data-widget_type="text-editor.default">
				<div class="elementor-widget-container">
									<p>Antropólogo, Universidad de Chile. Diplomado en Periodismo y Crítica Cultural. Magíster y Doctor en Estudios Latinoamericanos, Universidad de Chile.  Es Coordinador del Centro de Estudios en Antropología Visual (<a href="http://www.ceavi.cl/" target="_blank" rel="noopener">www.ceavi.cl</a>)<i> </i>y Director de la Revista Chilena de Antropología Visual (<a href="http://www.rchav.cl/" target="_blank" rel="noopener">www.rchav.cl</a>), publicación electrónica especializada en esta línea temática. Ha colaborado en investigaciones sobre fotografía y cine en relación a los  pueblos indígenas, y ha participado en la realización de diversos videos y documentales.</p>								</div>
				</div>
				</div>
		<div class="elementor-element elementor-element-3dc46b3 e-con-full e-flex e-con e-child" data-id="3dc46b3" data-element_type="container">
				<div class="elementor-element elementor-element-12d4d1a elementor-widget elementor-widget-image" data-id="12d4d1a" data-element_type="widget" data-widget_type="image.default">
				<div class="elementor-widget-container">
															<img decoding="async" src="https://dev.antudigital.cl/sites/fotografia/wp-content/plugins/elementor/assets/images/placeholder.png" title="" alt="" loading="lazy" />															</div>
				</div>
				</div>
				</div>
		<div class="elementor-element elementor-element-b3812b3 e-con-full elementor-hidden-tablet elementor-hidden-mobile e-flex e-con e-child" data-id="b3812b3" data-element_type="container" data-settings="{&quot;background_background&quot;:&quot;classic&quot;}">
		<div class="elementor-element elementor-element-450ccdc e-con-full e-flex e-con e-child" data-id="450ccdc" data-element_type="container">
				<div class="elementor-element elementor-element-c3100c6 elementor-widget elementor-widget-heading" data-id="c3100c6" data-element_type="widget" data-widget_type="heading.default">
				<div class="elementor-widget-container">
					<span class="elementor-heading-title elementor-size-default">Diseño</span>				</div>
				</div>
				<div class="elementor-element elementor-element-a55d524 elementor-widget elementor-widget-heading" data-id="a55d524" data-element_type="widget" data-widget_type="heading.default">
				<div class="elementor-widget-container">
					<span class="elementor-heading-title elementor-size-default">estudioManada</span>				</div>
				</div>
				</div>
				</div>
				</div>
				</div>

<p>Autores AUTORES Antropólogo, Universidad de Chile. Diplomado en Periodismo y Crítica Cultural. Magíster y Doctor en Estudios Latinoamericanos, Universidad de Chile.  Es Coordinador del Centro de Estudios en Antropología Visual (www.ceavi.cl) y Director de la Revista Chilena de Antropología Visual (www.rchav.cl), publicación electrónica especializada en esta línea temática. Ha colaborado en investigaciones sobre fotografía y cine [&hellip;]</p>
