{"id":3207,"date":"2025-02-03T11:54:26","date_gmt":"2025-02-03T14:54:26","guid":{"rendered":"https:\/\/hola.test\/?page_id=3207"},"modified":"2025-03-11T20:59:32","modified_gmt":"2025-03-11T23:59:32","slug":"mapuches","status":"publish","type":"page","link":"https:\/\/dev.antudigital.cl\/sites\/fotografia\/bibliografia\/mapuches\/","title":{"rendered":"Mapuches"},"content":{"rendered":"\t\t<div data-elementor-type=\"wp-page\" data-elementor-id=\"3207\" class=\"elementor elementor-3207\" data-elementor-post-type=\"page\">\n\t\t\t\t<div class=\"elementor-element elementor-element-9368007 e-con-full e-flex e-con e-parent\" data-id=\"9368007\" data-element_type=\"container\" data-settings=\"{&quot;background_background&quot;:&quot;classic&quot;}\">\n\t\t<div class=\"elementor-element elementor-element-a9e6a71 e-con-full elementor-hidden-tablet elementor-hidden-mobile e-flex e-con e-child\" data-id=\"a9e6a71\" data-element_type=\"container\" data-settings=\"{&quot;sticky&quot;:&quot;top&quot;,&quot;sticky_offset&quot;:98,&quot;sticky_on&quot;:[&quot;desktop&quot;,&quot;tablet&quot;,&quot;mobile&quot;],&quot;sticky_effects_offset&quot;:0,&quot;sticky_anchor_link_offset&quot;:0}\">\n\t\t\t\t<div class=\"elementor-element elementor-element-ffe28c4 elementor-widget elementor-widget-spacer\" data-id=\"ffe28c4\" data-element_type=\"widget\" data-widget_type=\"spacer.default\">\n\t\t\t\t<div class=\"elementor-widget-container\">\n\t\t\t\t\t\t\t<div class=\"elementor-spacer\">\n\t\t\t<div class=\"elementor-spacer-inner\"><\/div>\n\t\t<\/div>\n\t\t\t\t\t\t<\/div>\n\t\t\t\t<\/div>\n\t\t\t\t<div class=\"elementor-element elementor-element-8354fda elementor-widget elementor-widget-nav-menu\" data-id=\"8354fda\" data-element_type=\"widget\" data-settings=\"{&quot;layout&quot;:&quot;dropdown&quot;,&quot;submenu_icon&quot;:{&quot;value&quot;:&quot;&lt;i class=\\&quot;\\&quot; aria-hidden=\\&quot;true\\&quot;&gt;&lt;\\\/i&gt;&quot;,&quot;library&quot;:&quot;&quot;}}\" data-widget_type=\"nav-menu.default\">\n\t\t\t\t<div class=\"elementor-widget-container\">\n\t\t\t\t\t\t\t\t<nav class=\"elementor-nav-menu--dropdown elementor-nav-menu__container\" aria-hidden=\"true\">\n\t\t\t\t<ul id=\"menu-2-8354fda\" class=\"elementor-nav-menu\"><li class=\"menu-item menu-item-type-post_type menu-item-object-page menu-item-3205\"><a href=\"https:\/\/dev.antudigital.cl\/sites\/fotografia\/bibliografia\/andinos\/\" class=\"elementor-item\" tabindex=\"-1\">Andinos<\/a><\/li>\n<li class=\"menu-item menu-item-type-post_type menu-item-object-page menu-item-3229\"><a href=\"https:\/\/dev.antudigital.cl\/sites\/fotografia\/bibliografia\/fueguinos\/\" class=\"elementor-item\" tabindex=\"-1\">Fueguinos<\/a><\/li>\n<li class=\"menu-item menu-item-type-post_type menu-item-object-page menu-item-3230\"><a href=\"https:\/\/dev.antudigital.cl\/sites\/fotografia\/bibliografia\/mapuches\/\" class=\"elementor-item\" tabindex=\"-1\">Mapuches<\/a><\/li>\n<\/ul>\t\t\t<\/nav>\n\t\t\t\t\t\t<\/div>\n\t\t\t\t<\/div>\n\t\t\t\t<\/div>\n\t\t<div class=\"elementor-element elementor-element-c326d5f e-con-full e-flex e-con e-child\" data-id=\"c326d5f\" data-element_type=\"container\" id=\"bibliografia\" data-settings=\"{&quot;background_background&quot;:&quot;classic&quot;}\">\n\t\t\t\t<div class=\"elementor-element elementor-element-4a7c596 elementor-align-justify elementor-widget__width-inherit elementor-hidden-desktop elementor-widget elementor-widget-button\" data-id=\"4a7c596\" data-element_type=\"widget\" data-widget_type=\"button.default\">\n\t\t\t\t<div class=\"elementor-widget-container\">\n\t\t\t\t\t\t\t\t\t<div class=\"elementor-button-wrapper\">\n\t\t\t\t\t<a class=\"elementor-button elementor-button-link elementor-size-sm\" href=\"#elementor-action%3Aaction%3Dpopup%3Aopen%26settings%3DeyJpZCI6IjMyMDMiLCJ0b2dnbGUiOmZhbHNlfQ%3D%3D\">\n\t\t\t\t\t\t<span class=\"elementor-button-content-wrapper\">\n\t\t\t\t\t\t<span class=\"elementor-button-icon\">\n\t\t\t\t<i aria-hidden=\"true\" class=\"fas fa-bars\"><\/i>\t\t\t<\/span>\n\t\t\t\t\t\t\t\t\t<span class=\"elementor-button-text\">BIBLIOGRAF\u00cdA<\/span>\n\t\t\t\t\t<\/span>\n\t\t\t\t\t<\/a>\n\t\t\t\t<\/div>\n\t\t\t\t\t\t\t\t<\/div>\n\t\t\t\t<\/div>\n\t\t\t\t<div class=\"elementor-element elementor-element-a2ed334 elementor-widget elementor-widget-heading\" data-id=\"a2ed334\" data-element_type=\"widget\" data-widget_type=\"heading.default\">\n\t\t\t\t<div class=\"elementor-widget-container\">\n\t\t\t\t\t<h1 class=\"elementor-heading-title elementor-size-default\">Mapuches<\/h1>\t\t\t\t<\/div>\n\t\t\t\t<\/div>\n\t\t\t\t<div class=\"elementor-element elementor-element-a7012a0 elementor-widget elementor-widget-heading\" data-id=\"a7012a0\" data-element_type=\"widget\" data-widget_type=\"heading.default\">\n\t\t\t\t<div class=\"elementor-widget-container\">\n\t\t\t\t\t<h4 class=\"elementor-heading-title elementor-size-default\">Salvajes, terroristas, combativos. Sujetos y construcciones visuales en los usos de fotograf\u00edas de mapuche (fines siglo XIX y comienzos siglo XX)<\/h4>\t\t\t\t<\/div>\n\t\t\t\t<\/div>\n\t\t\t\t<div class=\"elementor-element elementor-element-cc0eba6 elementor-widget elementor-widget-text-editor\" data-id=\"cc0eba6\" data-element_type=\"widget\" data-widget_type=\"text-editor.default\">\n\t\t\t\t<div class=\"elementor-widget-container\">\n\t\t\t\t\t\t\t\t\t<ul><li><a href=\"http:\/\/www.memoriachilena.cl\/archivos2\/pdfs\/MC0035029.pdf\">ALVARADO, Margarita, Pedro MEGE y Christian BAEZ (Editores).\u00a0<i>Mapuche. Fotograf\u00eda\u00a0 siglos XIX y XX. Construcci\u00f3n y montaje de un imaginario<\/i>. Pehu\u00e9n Editores, Santiago, 2001.<\/a><\/li><li><a href=\"http:\/\/www.dibam.cl\/Recursos\/Publicaciones%5CDIBAM%5Carchivos%5CRPC_36.pdf\">ALVARADO, Margarita. \u201cVestidura y despojo. El nativo en la fotograf\u00eda chilena\u201d. En\u00a0<i>Revelando el Rollo. Revista Patrimonio Cultural<\/i>. A\u00f1o X, N\u00b0 36, pp.18 \u2013 20. Editoras Adjuntas \u00a0Margarita Alvarado y Carla M\u00f6ller. Santiago, 2005.<\/a><\/li><li>ALVARADO Margarita. \u201cLa fantas\u00eda fotogr\u00e1fica de una alteridad visual: Claves y herramientas para su desmontaje est\u00e9tico\u201d. En\u00a0<i>Fotograf\u00eda o la cotidiana finta a la experiencia<\/i>. Jos\u00e9 Pablo Concha (Editor). Instituto de Est\u00e9tica, Facultad de Filosof\u00eda, Pontificia Universidad Cat\u00f3lica de Chile, Santiago, 2010.<\/li><li>BENGOA, Jos\u00e9.\u00a0<i>Historia de un conflicto. El estado y los mapuches en el siglo XX<\/i>. Editorial Planeta, Santiago, 2002.<\/li><li>CORREA, Mart\u00edn y MELLA, Eduardo.\u00a0\u00a0<i>Las razones del illkun\/enojo. Memoria despojo y criminalizaci\u00f3n en el territorio mapuche de Malleco<\/i>.\u00a0 Lom Ediciones, Santiago, 2010.<\/li><li>GUEVARA, Tom\u00e1s.\u00a0<i>Psicolog\u00eda del Pueblo Araucano<\/i>. Imprenta Cervantes, Santiago, 1908.<\/li><li>GUEVARA, Tom\u00e1s.\u00a0<i>Historia de Chile. Chile Prehispano<\/i>. Tom\u00e1s. Balcells &amp; Co, Santiago, 1925.<\/li><li>LATCHAM Ricardo.\u00a0<i>La Prehistoria Chilena<\/i>. Soc. Imo. Y Lit. Universo, Santiago, 1928.<\/li><li>LE\u00d3N, Leonardo.\u00a0\u00a0<i>Araucan\u00eda: La violencia mestiza y el mito de la Pacificaci\u00f3n, 1880 \u2013 1900<\/i>. \u00a0Editorial ARCIS, Santiago, 2005<\/li><li>MARIMAN, Pablo; Sergio CANIUQUEO, Jos\u00e9 MILLAL\u00c9N y Rodrigo LEVIL.\u00a0<i>\u00a1\u2026Escucha, winka\u2026! Cuatro ensayos de Historia Nacional Mapuche y un ep\u00edlogo sobre el futuro<\/i>. LOM Ediciones, Santiago, 2006.<\/li><li>REYERO, Carlos. 2004. \u201cPasivos, ex\u00f3ticos, vencidos, v\u00edctimas. El ind\u00edgena americano en la cultura oficial espa\u00f1ola del siglo XIX\u201d. En\u00a0<i>Revista de Indias<\/i>, vol. LXIV, n\u00fam. 232. pp. 721 \u2013 748.<\/li><li>ROJAS MIX, Miguel.\u00a0<i>Am\u00e9rica imaginaria<\/i>. Editorial Lumen, Barcelona, 1992.<\/li><\/ul>\t\t\t\t\t\t\t\t<\/div>\n\t\t\t\t<\/div>\n\t\t\t\t<div class=\"elementor-element elementor-element-3957996 elementor-widget elementor-widget-heading\" data-id=\"3957996\" data-element_type=\"widget\" data-widget_type=\"heading.default\">\n\t\t\t\t<div class=\"elementor-widget-container\">\n\t\t\t\t\t<h4 class=\"elementor-heading-title elementor-size-default\"> En el Jard\u00edn de Aclimataci\u00f3n de Par\u00eds: fotograf\u00edas de los mapuche llevados a Europa en 1883.<\/h4>\t\t\t\t<\/div>\n\t\t\t\t<\/div>\n\t\t\t\t<div class=\"elementor-element elementor-element-7834d11 elementor-widget elementor-widget-text-editor\" data-id=\"7834d11\" data-element_type=\"widget\" data-widget_type=\"text-editor.default\">\n\t\t\t\t<div class=\"elementor-widget-container\">\n\t\t\t\t\t\t\t\t\t<ul><li>B\u00c1EZ, Christian; MASON, Peter.\u00a0<i>Zool\u00f3gicos Humanos. Fotograf\u00edas de fueguinos y mapuche el Jard\u00edn d\u2019Acclimatation de Par\u00eds, s. XIX<\/i>. Pehu\u00e9n Editores, Santiago, 2010.<i>\u00a0<\/i><\/li><li>DENIKER, Joseph. \u201cLes Araucaniens du Jardin d\u2019acclimatation\u201d. En\u00a0<i>Bulletin de la Soci\u00e9t\u00e9 d\u2019Anthropologie de Paris<\/i>, vol. 6, pp. 664-675, 3a serie. Francia,1883.\u00a0<i>Le Chat Noir<\/i>, n\u00ba83, s\u00e1bado 11 de agosto, 1883.<\/li><li>MANOUVRIER, L\u00e9once. \u201cSur les Araucans du Jardin d\u2019acclimatation\u201d. En\u00a0<i>Bulletin de la Soci\u00e9t\u00e9 d\u2019Anthropologie de Paris<\/i>, vol. 6, p. 728, 3a serie. Francia, 1883.<\/li><\/ul>\t\t\t\t\t\t\t\t<\/div>\n\t\t\t\t<\/div>\n\t\t\t\t<div class=\"elementor-element elementor-element-5b61215 elementor-widget elementor-widget-heading\" data-id=\"5b61215\" data-element_type=\"widget\" data-widget_type=\"heading.default\">\n\t\t\t\t<div class=\"elementor-widget-container\">\n\t\t\t\t\t<h4 class=\"elementor-heading-title elementor-size-default\">Representaci\u00f3n mapuche en el audiovisual chileno<\/h4>\t\t\t\t<\/div>\n\t\t\t\t<\/div>\n\t\t\t\t<div class=\"elementor-element elementor-element-1123116 elementor-widget elementor-widget-text-editor\" data-id=\"1123116\" data-element_type=\"widget\" data-widget_type=\"text-editor.default\">\n\t\t\t\t<div class=\"elementor-widget-container\">\n\t\t\t\t\t\t\t\t\t<ul><li><a href=\"http:\/\/www.precolombino.cl\">ALVARADO, Margarita. \u201cLa transposici\u00f3n est\u00e9tica de Pascual Co\u00f1a: del texto literario a la imagen cinem\u00e1tica\u201d. En\u00a0<i>Bolet\u00edn del Museo Chileno de Arte Precolombino.\u00a0<\/i>Vol. 11 (1), pp. 13-22. Santiago, 2006. [www.precolombino.cl].<\/a><\/li><li><a href=\"http:\/\/bibliotecadigital.academia.cl\/bitstream\/123456789\/991\/1\/tant42.pdf\">BAJAS, Mar\u00eda Paz.\u00a0<i>Miradas que interpretan. La c\u00e1mara en manos del otro.<\/i>\u00a0Tesis de grado en Antropolog\u00eda, Universidad Academia de Humanismo Cristiano. Santiago, Chile, 2005.<\/a><\/li><li><a href=\"http:\/\/www.rchav.cl\/bajas_12.htm\">BAJAS, Mar\u00eda Paz. \u201cLa c\u00e1mara en manos del otro. El estereotipo en el video ind\u00edgena mapuche\u201d. En\u00a0<i>Revista Chilena de Antropolog\u00eda Visual.<\/i> N\u00b012, pp. 70-102. Universidad Academia de Humanismo Cristiano, Santiago, 2008. [antropologiavisual.cl]<\/a><\/li><li><a href=\"http:\/\/www.rchav.cl\/index_21.html\">BAJAS, Mar\u00eda Paz (Editora). \u201cCine, video y comunicaci\u00f3n ind\u00edgena. Los caminos recorridos junto a la c\u00e1mara\u201d. En<i>\u00a0Revista Chilena de Antropolog\u00eda Visual.<\/i>\u201d Numero 21. 2013. [antropologiavisual.cl].<\/a><\/li><li><a href=\"http:\/\/www.memoriachilena.cl\/archivos2\/pdfs\/MC0035040.pdf\">CARRE\u00d1O, Gast\u00f3n.\u00a0<i>Entre el ojo y el espejo. La imagen mapuche en cine y video.<\/i>\u00a0Tesis de Antropolog\u00eda Social. Universidad de Chile, 2002.<\/a><\/li><li><a href=\"http:\/\/www.precolombino.cl\">MATURANA, Felipe. \u201cVestigios del cuento maravilloso. An\u00e1lisis estructural de la pel\u00edcula \u201cWichan: el juicio\u201d\u201d.\u00a0<i>Bolet\u00edn del Museo Chileno de Arte Precolombino.\u00a0<\/i>Vol. 11 (1), pp. 23-32. Santiago, 2006. [www.precolombino.cl].<\/a><\/li><li>SHOHAT, Ella y STAM, Robert.\u00a0<i>Multiculturalismo, cine y medios de comunicaci\u00f3n<\/i>. Paidos, Barcelona, 2002.<\/li><\/ul>\t\t\t\t\t\t\t\t<\/div>\n\t\t\t\t<\/div>\n\t\t\t\t<div class=\"elementor-element elementor-element-b1b807c elementor-widget elementor-widget-heading\" data-id=\"b1b807c\" data-element_type=\"widget\" data-widget_type=\"heading.default\">\n\t\t\t\t<div class=\"elementor-widget-container\">\n\t\t\t\t\t<h4 class=\"elementor-heading-title elementor-size-default\">Metales y Alquimia. La t\u00e9cnica fotogr\u00e1fica en la construcci\u00f3n de la imagen mapuche<\/h4>\t\t\t\t<\/div>\n\t\t\t\t<\/div>\n\t\t\t\t<div class=\"elementor-element elementor-element-a299617 elementor-widget elementor-widget-text-editor\" data-id=\"a299617\" data-element_type=\"widget\" data-widget_type=\"text-editor.default\">\n\t\t\t\t<div class=\"elementor-widget-container\">\n\t\t\t\t\t\t\t\t\t<ul><li><a href=\"http:\/\/www.memoriachilena.cl\/archivos2\/pdfs\/MC0035029.pdf\">ALVARADO,<b>\u00a0<\/b>Margarita. \u201cPose y Montaje en la fotograf\u00eda mapuche. Retrato fotogr\u00e1fico, representaci\u00f3n e identidad\u201d. En\u00a0<i>Mapuche. Fotograf\u00edas Siglos XIX y XX. Construcci\u00f3n y Montaje de un Imaginario<\/i>.\u00a0 Ed. Pehu\u00e9n, Santiago, 2001.<\/a><\/li><li>BAJAC, Quentin.\u00a0<i>La invenci\u00f3n de la fotograf\u00eda<\/i>. La imagen revelada. Ed. Blume, Barcelona, 2011.<\/li><li><a href=\"http:\/\/www.memoriachilena.cl\/archivos2\/pdfs\/MC0035029.pdf\">CARRE\u00d1O, Gast\u00f3n. \u201cMetales y Alquimia: la t\u00e9cnica fotogr\u00e1fica en la construcci\u00f3n de la imagen mapuche\u201d. En, ALVARADO, Margarita, Pedro MEGE y Christian BAEZ, (Editores).\u00a0<i>Mapuche, Fotograf\u00edas Siglos XIX y XX. Construcci\u00f3n y Montaje de un Imaginario<\/i>. Ed. Pehu\u00e9n, Santiago, 2001.<\/a><\/li><li>SOUGEZ, Marie-Loup.\u00a0<i>Historia de la fotograf\u00eda.\u00a0<\/i>Ed. C\u00e1tedra, Barcelona, 1996.<\/li><li>SCHERER, Joanna. \u201cDocumentario fotografico: fotografias como dado primario na pesquisa antropol\u00f3gica\u201d<i>.\u00a0<\/i><i>Cadernos de Antropologia e Imagem<\/i>\u00a0N\u00ba 3, Universidade do Estado do Rio de Janeiro, pp. 69-84. Rio de Janeiro. 1996.<\/li><\/ul>\t\t\t\t\t\t\t\t<\/div>\n\t\t\t\t<\/div>\n\t\t\t\t<div class=\"elementor-element elementor-element-cc18619 elementor-widget elementor-widget-heading\" data-id=\"cc18619\" data-element_type=\"widget\" data-widget_type=\"heading.default\">\n\t\t\t\t<div class=\"elementor-widget-container\">\n\t\t\t\t\t<h4 class=\"elementor-heading-title elementor-size-default\">Im\u00e1genes de modernidad y colonizaci\u00f3n. Fotograf\u00edas en el siglo XIX y XX<\/h4>\t\t\t\t<\/div>\n\t\t\t\t<\/div>\n\t\t\t\t<div class=\"elementor-element elementor-element-5600217 elementor-widget elementor-widget-text-editor\" data-id=\"5600217\" data-element_type=\"widget\" data-widget_type=\"text-editor.default\">\n\t\t\t\t<div class=\"elementor-widget-container\">\n\t\t\t\t\t\t\t\t\t<ul><li>ALVARADO, Margarita, Pedro MEGE y Christian BAEZ (Editores).\u00a0<i>Mapuche. Fotograf\u00eda\u00a0 siglos XIX y XX. Construcci\u00f3n y montaje de un imaginario<\/i>. Pehu\u00e9n Editores, Santiago, 2001.<\/li><li>ALVARADO, Margarita. \u201cWeichafe, El guerrero mapuche\u201d. En\u00a0<i>Revista de Historia Ind\u00edgena, \u00a0<\/i>N\u00ba 1, pp. 35-54. Facultad de Filosof\u00eda y Humanidades, Universidad de Chile, Santiago, 1996.<\/li><li>ALVARADO, Margarita. \u201cIndian Fashion. La imagen dislocada del \u201cindio chileno\u201d\u201d. En\u00a0<i>Estudios Atacame\u00f1os<\/i>, N\u00ba 20, pp. 137-151. Universidad Cat\u00f3lica del Norte, San Pedro de Atacama, 2006.<\/li><li>BENGOA, Jos\u00e9. Historia del Pueblo Mapuche. Ediciones Sur, Santiago, 1996.<\/li><li>SAGREDO Rafael y Miguel Ang\u00e9l PUIG-SAMPER MULERO (editores).\u00a0<i>Im\u00e1genes de la Comisi\u00f3n Cient\u00edfica del Pac\u00edfico en Chile<\/i>. Santiago, Editorial Universitaria, 2007.<\/li><\/ul>\t\t\t\t\t\t\t\t<\/div>\n\t\t\t\t<\/div>\n\t\t\t\t<div class=\"elementor-element elementor-element-8a593c0 elementor-widget elementor-widget-heading\" data-id=\"8a593c0\" data-element_type=\"widget\" data-widget_type=\"heading.default\">\n\t\t\t\t<div class=\"elementor-widget-container\">\n\t\t\t\t\t<h4 class=\"elementor-heading-title elementor-size-default\">Referencias audiovisuales<\/h4>\t\t\t\t<\/div>\n\t\t\t\t<\/div>\n\t\t\t\t<div class=\"elementor-element elementor-element-65edbe4 elementor-widget elementor-widget-text-editor\" data-id=\"65edbe4\" data-element_type=\"widget\" data-widget_type=\"text-editor.default\">\n\t\t\t\t<div class=\"elementor-widget-container\">\n\t\t\t\t\t\t\t\t\t<ul><li>Alvarado, Margarita. 2004. La transposici\u00f3n de Pascual Co\u00f1a. Nota documental. Proyecto Fondecyt 1030029 \u201c<i>La ventana indiscreta. Los pueblos originarios en el cine ficci\u00f3n y documental bajo la mirada de una antropolog\u00eda visual\u201d<\/i>.<\/li><li>Flores, Carlos, Guillermo Cahn, Samuel Carvajal, Luis Araneda y Antonio Campi. 1971. \u201c<i>Nutuayin Mapu, recuperemos nuestra tierra\u201d.<\/i><\/li><li>Mallet, Mar\u00eda Luis, Carlos Paiggio, Gonzalo Salvo y Francisco Contreras. 1971.\u00a0<i>Amuhuelai \u2013 mi (ya no te ir\u00e1s)<\/i><\/li><li>Maturana, Felipe. 2004. Vestigios del cuento maravilloso. Wichan: el juicio. Nota documental. Proyecto Fondecyt 1030029\u00a0<i>\u201cLa ventana indiscreta. Los pueblos originarios en el cine ficci\u00f3n y documental bajo la mirada de una antropolog\u00eda visual\u201d.<\/i><\/li><li>Paillan, \u00a0Jeannette. 2001.\u00a0<i>Wallmapu<\/i><\/li><\/ul>\t\t\t\t\t\t\t\t<\/div>\n\t\t\t\t<\/div>\n\t\t\t\t<\/div>\n\t\t<div class=\"elementor-element elementor-element-6975d53 e-con-full elementor-hidden-tablet elementor-hidden-mobile e-flex e-con e-child\" data-id=\"6975d53\" data-element_type=\"container\">\n\t\t\t\t<\/div>\n\t\t\t\t<\/div>\n\t\t\t\t<\/div>\n\t\t","protected":false},"excerpt":{"rendered":"<p>BIBLIOGRAF\u00cdA Salvajes, terroristas, combativos. Sujetos y construcciones visuales en los usos de fotograf\u00edas de mapuche (fines siglo XIX y comienzos siglo XX) ALVARADO, Margarita, Pedro MEGE y Christian BAEZ (Editores).\u00a0Mapuche. Fotograf\u00eda\u00a0 siglos XIX y XX. Construcci\u00f3n y montaje de un imaginario. Pehu\u00e9n Editores, Santiago, 2001. ALVARADO, Margarita. \u201cVestidura y despojo. El nativo en la fotograf\u00eda [&hellip;]<\/p>\n","protected":false},"author":1,"featured_media":0,"parent":1853,"menu_order":0,"comment_status":"closed","ping_status":"closed","template":"elementor_header_footer","meta":{"footnotes":""},"class_list":["post-3207","page","type-page","status-publish","hentry"],"_links":{"self":[{"href":"https:\/\/dev.antudigital.cl\/sites\/fotografia\/wp-json\/wp\/v2\/pages\/3207","targetHints":{"allow":["GET"]}}],"collection":[{"href":"https:\/\/dev.antudigital.cl\/sites\/fotografia\/wp-json\/wp\/v2\/pages"}],"about":[{"href":"https:\/\/dev.antudigital.cl\/sites\/fotografia\/wp-json\/wp\/v2\/types\/page"}],"author":[{"embeddable":true,"href":"https:\/\/dev.antudigital.cl\/sites\/fotografia\/wp-json\/wp\/v2\/users\/1"}],"replies":[{"embeddable":true,"href":"https:\/\/dev.antudigital.cl\/sites\/fotografia\/wp-json\/wp\/v2\/comments?post=3207"}],"version-history":[{"count":31,"href":"https:\/\/dev.antudigital.cl\/sites\/fotografia\/wp-json\/wp\/v2\/pages\/3207\/revisions"}],"predecessor-version":[{"id":5568,"href":"https:\/\/dev.antudigital.cl\/sites\/fotografia\/wp-json\/wp\/v2\/pages\/3207\/revisions\/5568"}],"up":[{"embeddable":true,"href":"https:\/\/dev.antudigital.cl\/sites\/fotografia\/wp-json\/wp\/v2\/pages\/1853"}],"wp:attachment":[{"href":"https:\/\/dev.antudigital.cl\/sites\/fotografia\/wp-json\/wp\/v2\/media?parent=3207"}],"curies":[{"name":"wp","href":"https:\/\/api.w.org\/{rel}","templated":true}]}}