{"id":4079,"date":"2025-02-04T15:04:17","date_gmt":"2025-02-04T18:04:17","guid":{"rendered":"https:\/\/hola.test\/?post_type=pueblo-andino&#038;p=4079"},"modified":"2025-03-07T22:26:44","modified_gmt":"2025-03-08T01:26:44","slug":"christian-baez-allende","status":"publish","type":"pueblo-andino","link":"https:\/\/dev.antudigital.cl\/sites\/fotografia\/pueblo-andino\/autores\/christian-baez-allende\/","title":{"rendered":"Christian B\u00e1ez Allende"},"content":{"rendered":"\t\t<div data-elementor-type=\"wp-post\" data-elementor-id=\"4079\" class=\"elementor elementor-4079\" data-elementor-post-type=\"pueblo-andino\">\n\t\t\t\t<div class=\"elementor-element elementor-element-33f5513 e-con-full e-flex e-con e-parent\" data-id=\"33f5513\" data-element_type=\"container\" data-settings=\"{&quot;background_background&quot;:&quot;classic&quot;}\">\n\t\t<div class=\"elementor-element elementor-element-f554df4 e-con-full elementor-hidden-tablet elementor-hidden-mobile e-flex e-con e-child\" data-id=\"f554df4\" data-element_type=\"container\" data-settings=\"{&quot;background_background&quot;:&quot;classic&quot;}\">\n\t\t<div class=\"elementor-element elementor-element-1b1b63b e-con-full e-flex e-con e-child\" data-id=\"1b1b63b\" data-element_type=\"container\">\n\t\t\t\t<div class=\"elementor-element elementor-element-e94a640 elementor-widget elementor-widget-heading\" data-id=\"e94a640\" data-element_type=\"widget\" data-widget_type=\"heading.default\">\n\t\t\t\t<div class=\"elementor-widget-container\">\n\t\t\t\t\t<h1 class=\"elementor-heading-title elementor-size-default\">Andinos<\/h1>\t\t\t\t<\/div>\n\t\t\t\t<\/div>\n\t\t\t\t<div class=\"elementor-element elementor-element-aeb1fab menu-offcanvas elementor-widget elementor-widget-nav-menu\" data-id=\"aeb1fab\" data-element_type=\"widget\" data-settings=\"{&quot;layout&quot;:&quot;dropdown&quot;,&quot;submenu_icon&quot;:{&quot;value&quot;:&quot;&lt;i class=\\&quot;\\&quot; aria-hidden=\\&quot;true\\&quot;&gt;&lt;\\\/i&gt;&quot;,&quot;library&quot;:&quot;&quot;}}\" data-widget_type=\"nav-menu.default\">\n\t\t\t\t<div class=\"elementor-widget-container\">\n\t\t\t\t\t\t\t\t<nav class=\"elementor-nav-menu--dropdown elementor-nav-menu__container\" aria-hidden=\"true\">\n\t\t\t\t<ul id=\"menu-2-aeb1fab\" class=\"elementor-nav-menu\"><li class=\"sub-temas menu-item menu-item-type-custom menu-item-object-custom menu-item-has-children menu-item-4216\"><a href=\"#\" class=\"elementor-item elementor-item-anchor\" tabindex=\"-1\">Temas<\/a>\n<ul class=\"sub-menu elementor-nav-menu--dropdown\">\n\t<li class=\"menu-item menu-item-type-post_type menu-item-object-pueblo-andino menu-item-2278\"><a href=\"https:\/\/dev.antudigital.cl\/sites\/fotografia\/pueblo-andino\/temas\/representacion-y-estereotipo-en-la-fotografia-sobre-changos\/\" class=\"elementor-sub-item\" tabindex=\"-1\">REPRESENTACI\u00d3N Y ESTEREOTIPO EN LA FOTOGRAF\u00cdA SOBRE CHANGOS<\/a><\/li>\n\t<li class=\"menu-item menu-item-type-post_type menu-item-object-pueblo-andino menu-item-3930\"><a href=\"https:\/\/dev.antudigital.cl\/sites\/fotografia\/pueblo-andino\/temas\/estetica-en-la-fotografia-andina-contemporanea\/\" class=\"elementor-sub-item\" tabindex=\"-1\">EST\u00c9TICA EN LA FOTOGRAF\u00cdA ANDINA CONTEMPOR\u00c1NEA<\/a><\/li>\n\t<li class=\"menu-item menu-item-type-post_type menu-item-object-pueblo-andino menu-item-3929\"><a href=\"https:\/\/dev.antudigital.cl\/sites\/fotografia\/pueblo-andino\/temas\/ritos-y-fiestas-en-el-mundo-andino\/\" class=\"elementor-sub-item\" tabindex=\"-1\">RITOS Y FIESTAS EN EL MUNDO ANDINO<\/a><\/li>\n\t<li class=\"menu-item menu-item-type-post_type menu-item-object-pueblo-andino menu-item-3928\"><a href=\"https:\/\/dev.antudigital.cl\/sites\/fotografia\/pueblo-andino\/temas\/el-indigena-nortino-en-los-textos-escolares-chilenos-realidades-y-soledades-de-su-representacion\/\" class=\"elementor-sub-item\" tabindex=\"-1\">EL IND\u00cdGENA NORTINO EN LOS TEXTOS ESCOLARES CHILENOS: REALIDADES Y SOLEDADES DE SU REPRESENTACI\u00d3N<\/a><\/li>\n\t<li class=\"menu-item menu-item-type-post_type menu-item-object-pueblo-andino menu-item-3927\"><a href=\"https:\/\/dev.antudigital.cl\/sites\/fotografia\/pueblo-andino\/temas\/medios-audiovisuales-en-la-investigacion-antropologica\/\" class=\"elementor-sub-item\" tabindex=\"-1\">MEDIOS AUDIOVISUALES EN LA INVESTIGACI\u00d3N ANTROPOL\u00d3GICA<\/a><\/li>\n<\/ul>\n<\/li>\n<li class=\"sub-autores menu-item menu-item-type-custom menu-item-object-custom menu-item-has-children menu-item-4217\"><a href=\"#\" class=\"elementor-item elementor-item-anchor\" tabindex=\"-1\">Autores<\/a>\n<ul class=\"sub-menu elementor-nav-menu--dropdown\">\n\t<li class=\"menu-item menu-item-type-post_type menu-item-object-pueblo-andino menu-item-4014\"><a href=\"https:\/\/dev.antudigital.cl\/sites\/fotografia\/pueblo-andino\/autores\/gaston-carreno-gonzalez\/\" class=\"elementor-sub-item\" tabindex=\"-1\">Gast\u00f3n Carre\u00f1o Gonz\u00e1lez<\/a><\/li>\n\t<li class=\"menu-item menu-item-type-post_type menu-item-object-pueblo-andino menu-item-4095\"><a href=\"https:\/\/dev.antudigital.cl\/sites\/fotografia\/pueblo-andino\/autores\/juan-pablo-leal-ugalde\/\" class=\"elementor-sub-item\" tabindex=\"-1\">Juan Pablo Leal Ugalde<\/a><\/li>\n\t<li class=\"menu-item menu-item-type-post_type menu-item-object-pueblo-andino menu-item-4094\"><a href=\"https:\/\/dev.antudigital.cl\/sites\/fotografia\/pueblo-andino\/autores\/carla-moller-zunino\/\" class=\"elementor-sub-item\" tabindex=\"-1\">Carla Moller Zunino<\/a><\/li>\n\t<li class=\"menu-item menu-item-type-post_type menu-item-object-pueblo-andino menu-item-4093\"><a href=\"https:\/\/dev.antudigital.cl\/sites\/fotografia\/pueblo-andino\/autores\/maria-paz-bajas-irizar\/\" class=\"elementor-sub-item\" tabindex=\"-1\">Mar\u00eda Paz Bajas Irizar<\/a><\/li>\n\t<li class=\"menu-item menu-item-type-post_type menu-item-object-pueblo-andino menu-item-4092\"><a href=\"https:\/\/dev.antudigital.cl\/sites\/fotografia\/pueblo-andino\/autores\/margarita-alvarado-perez\/\" class=\"elementor-sub-item\" tabindex=\"-1\">Margarita Alvarado P\u00e9rez<\/a><\/li>\n\t<li class=\"menu-item menu-item-type-post_type menu-item-object-pueblo-andino menu-item-4091\"><a href=\"https:\/\/dev.antudigital.cl\/sites\/fotografia\/pueblo-andino\/autores\/felipe-a-maturana-diaz\/\" class=\"elementor-sub-item\" tabindex=\"-1\">Felipe A. Maturana D\u00edaz<\/a><\/li>\n\t<li class=\"menu-item menu-item-type-post_type menu-item-object-pueblo-andino menu-item-4090\"><a href=\"https:\/\/dev.antudigital.cl\/sites\/fotografia\/pueblo-andino\/autores\/christian-baez-allende\/\" class=\"elementor-sub-item\" tabindex=\"-1\">Christian B\u00e1ez Allende<\/a><\/li>\n\t<li class=\"menu-item menu-item-type-post_type menu-item-object-pueblo-andino menu-item-4089\"><a href=\"https:\/\/dev.antudigital.cl\/sites\/fotografia\/pueblo-andino\/autores\/alejandra-castro-rodriguez\/\" class=\"elementor-sub-item\" tabindex=\"-1\">Alejandra Castro Rodr\u00edguez<\/a><\/li>\n<\/ul>\n<\/li>\n<li class=\"menu-item menu-item-type-post_type menu-item-object-pueblo-andino menu-item-2259\"><a href=\"https:\/\/dev.antudigital.cl\/sites\/fotografia\/pueblo-andino\/territorio\/\" class=\"elementor-item\" tabindex=\"-1\">Territorio<\/a><\/li>\n<li class=\"menu-item menu-item-type-post_type menu-item-object-pueblo-andino menu-item-5636\"><a href=\"https:\/\/dev.antudigital.cl\/sites\/fotografia\/pueblo-andino\/glosario\/\" class=\"elementor-item\" tabindex=\"-1\">Glosario<\/a><\/li>\n<li class=\"menu-item menu-item-type-post_type menu-item-object-pueblo-andino menu-item-3516\"><a href=\"https:\/\/dev.antudigital.cl\/sites\/fotografia\/pueblo-andino\/bibliografia\/\" class=\"elementor-item\" tabindex=\"-1\">Bibliograf\u00eda<\/a><\/li>\n<\/ul>\t\t\t<\/nav>\n\t\t\t\t\t\t<\/div>\n\t\t\t\t<\/div>\n\t\t\t\t<\/div>\n\t\t\t\t<\/div>\n\t\t<div class=\"elementor-element elementor-element-8f55319 e-con-full e-flex e-con e-child\" data-id=\"8f55319\" data-element_type=\"container\" data-settings=\"{&quot;background_background&quot;:&quot;classic&quot;}\">\n\t\t<div class=\"elementor-element elementor-element-97accb6 e-con-full e-flex e-con e-child\" data-id=\"97accb6\" data-element_type=\"container\">\n\t\t\t\t<div class=\"elementor-element elementor-element-555dda9 elementor-align-justify elementor-widget__width-inherit elementor-hidden-desktop elementor-widget elementor-widget-button\" data-id=\"555dda9\" data-element_type=\"widget\" data-widget_type=\"button.default\">\n\t\t\t\t<div class=\"elementor-widget-container\">\n\t\t\t\t\t\t\t\t\t<div class=\"elementor-button-wrapper\">\n\t\t\t\t\t<a class=\"elementor-button elementor-button-link elementor-size-sm\" href=\"#elementor-action%3Aaction%3Dpopup%3Aopen%26settings%3DeyJpZCI6IjQ1MjQiLCJ0b2dnbGUiOmZhbHNlfQ%3D%3D\">\n\t\t\t\t\t\t<span class=\"elementor-button-content-wrapper\">\n\t\t\t\t\t\t<span class=\"elementor-button-icon\">\n\t\t\t\t<i aria-hidden=\"true\" class=\"fas fa-bars\"><\/i>\t\t\t<\/span>\n\t\t\t\t\t\t\t\t\t<span class=\"elementor-button-text\">ANDINOS<\/span>\n\t\t\t\t\t<\/span>\n\t\t\t\t\t<\/a>\n\t\t\t\t<\/div>\n\t\t\t\t\t\t\t\t<\/div>\n\t\t\t\t<\/div>\n\t\t\t\t<div class=\"elementor-element elementor-element-35a6d1e elementor-hidden-desktop elementor-widget elementor-widget-spacer\" data-id=\"35a6d1e\" data-element_type=\"widget\" data-widget_type=\"spacer.default\">\n\t\t\t\t<div class=\"elementor-widget-container\">\n\t\t\t\t\t\t\t<div class=\"elementor-spacer\">\n\t\t\t<div class=\"elementor-spacer-inner\"><\/div>\n\t\t<\/div>\n\t\t\t\t\t\t<\/div>\n\t\t\t\t<\/div>\n\t\t\t\t<div class=\"elementor-element elementor-element-bec1737 elementor-widget elementor-widget-heading\" data-id=\"bec1737\" data-element_type=\"widget\" data-widget_type=\"heading.default\">\n\t\t\t\t<div class=\"elementor-widget-container\">\n\t\t\t\t\t<h1 class=\"elementor-heading-title elementor-size-default\">Christian B\u00e1ez Allende<\/h1>\t\t\t\t<\/div>\n\t\t\t\t<\/div>\n\t\t\t\t<div class=\"elementor-element elementor-element-442b7df elementor-widget elementor-widget-text-editor\" data-id=\"442b7df\" data-element_type=\"widget\" data-widget_type=\"text-editor.default\">\n\t\t\t\t<div class=\"elementor-widget-container\">\n\t\t\t\t\t\t\t\t\t<p>Licenciado en Historia y Licenciado en Est\u00e9tica, Pontificia Universidad Cat\u00f3lica de Chile; Mag\u00edster en Historia, Universidad de Santiago de Chile y Doctor en Historia, Pontificia Universidad Cat\u00f3lica de Chile. Acad\u00e9mico e investigador, su actividad se centra en \u00e1reas relacionadas con el mundo ind\u00edgena de Am\u00e9rica, la fotograf\u00eda, el patrimonio cultural y el Rock.<\/p>\t\t\t\t\t\t\t\t<\/div>\n\t\t\t\t<\/div>\n\t\t\t\t<\/div>\n\t\t<div class=\"elementor-element elementor-element-3c46e71 e-con-full e-flex e-con e-child\" data-id=\"3c46e71\" data-element_type=\"container\">\n\t\t\t\t<div class=\"elementor-element elementor-element-6c1b123 elementor-widget elementor-widget-image\" data-id=\"6c1b123\" data-element_type=\"widget\" data-widget_type=\"image.default\">\n\t\t\t\t<div class=\"elementor-widget-container\">\n\t\t\t\t\t\t\t\t\t\t\t\t\t\t\t<img decoding=\"async\" src=\"https:\/\/dev.antudigital.cl\/sites\/fotografia\/wp-content\/plugins\/elementor\/assets\/images\/placeholder.png\" title=\"\" alt=\"\" loading=\"lazy\" \/>\t\t\t\t\t\t\t\t\t\t\t\t\t\t\t<\/div>\n\t\t\t\t<\/div>\n\t\t\t\t<\/div>\n\t\t\t\t<\/div>\n\t\t<div class=\"elementor-element elementor-element-d85b251 e-con-full elementor-hidden-tablet elementor-hidden-mobile e-flex e-con e-child\" data-id=\"d85b251\" data-element_type=\"container\" data-settings=\"{&quot;background_background&quot;:&quot;classic&quot;}\">\n\t\t\t\t<\/div>\n\t\t\t\t<\/div>\n\t\t\t\t<\/div>\n\t\t","protected":false},"excerpt":{"rendered":"<p>Andinos ANDINOS Licenciado en Historia y Licenciado en Est\u00e9tica, Pontificia Universidad Cat\u00f3lica de Chile; Mag\u00edster en Historia, Universidad de Santiago de Chile y Doctor en Historia, Pontificia Universidad Cat\u00f3lica de Chile. Acad\u00e9mico e investigador, su actividad se centra en \u00e1reas relacionadas con el mundo ind\u00edgena de Am\u00e9rica, la fotograf\u00eda, el patrimonio cultural y el Rock.<\/p>\n","protected":false},"author":1,"featured_media":0,"parent":4000,"menu_order":0,"comment_status":"open","ping_status":"open","template":"elementor_header_footer","format":"standard","meta":{"footnotes":""},"class_list":["post-4079","pueblo-andino","type-pueblo-andino","status-publish","format-standard","hentry"],"_links":{"self":[{"href":"https:\/\/dev.antudigital.cl\/sites\/fotografia\/wp-json\/wp\/v2\/pueblo-andino\/4079","targetHints":{"allow":["GET"]}}],"collection":[{"href":"https:\/\/dev.antudigital.cl\/sites\/fotografia\/wp-json\/wp\/v2\/pueblo-andino"}],"about":[{"href":"https:\/\/dev.antudigital.cl\/sites\/fotografia\/wp-json\/wp\/v2\/types\/pueblo-andino"}],"author":[{"embeddable":true,"href":"https:\/\/dev.antudigital.cl\/sites\/fotografia\/wp-json\/wp\/v2\/users\/1"}],"replies":[{"embeddable":true,"href":"https:\/\/dev.antudigital.cl\/sites\/fotografia\/wp-json\/wp\/v2\/comments?post=4079"}],"version-history":[{"count":7,"href":"https:\/\/dev.antudigital.cl\/sites\/fotografia\/wp-json\/wp\/v2\/pueblo-andino\/4079\/revisions"}],"predecessor-version":[{"id":4792,"href":"https:\/\/dev.antudigital.cl\/sites\/fotografia\/wp-json\/wp\/v2\/pueblo-andino\/4079\/revisions\/4792"}],"up":[{"embeddable":true,"href":"https:\/\/dev.antudigital.cl\/sites\/fotografia\/wp-json\/wp\/v2\/pueblo-andino\/4000"}],"wp:attachment":[{"href":"https:\/\/dev.antudigital.cl\/sites\/fotografia\/wp-json\/wp\/v2\/media?parent=4079"}],"curies":[{"name":"wp","href":"https:\/\/api.w.org\/{rel}","templated":true}]}}

Christian Báez Allende

<div data-elementor-type="wp-post" data-elementor-id="4079" class="elementor elementor-4079" data-elementor-post-type="pueblo-andino">
				<div class="elementor-element elementor-element-33f5513 e-con-full e-flex e-con e-parent" data-id="33f5513" data-element_type="container" data-settings="{&quot;background_background&quot;:&quot;classic&quot;}">
		<div class="elementor-element elementor-element-f554df4 e-con-full elementor-hidden-tablet elementor-hidden-mobile e-flex e-con e-child" data-id="f554df4" data-element_type="container" data-settings="{&quot;background_background&quot;:&quot;classic&quot;}">
		<div class="elementor-element elementor-element-1b1b63b e-con-full e-flex e-con e-child" data-id="1b1b63b" data-element_type="container">
				<div class="elementor-element elementor-element-e94a640 elementor-widget elementor-widget-heading" data-id="e94a640" data-element_type="widget" data-widget_type="heading.default">
				<div class="elementor-widget-container">
					<h1 class="elementor-heading-title elementor-size-default">Andinos</h1>				</div>
				</div>
				<div class="elementor-element elementor-element-aeb1fab menu-offcanvas elementor-widget elementor-widget-nav-menu" data-id="aeb1fab" data-element_type="widget" data-settings="{&quot;layout&quot;:&quot;dropdown&quot;,&quot;submenu_icon&quot;:{&quot;value&quot;:&quot;&lt;i class=\&quot;\&quot; aria-hidden=\&quot;true\&quot;&gt;&lt;\/i&gt;&quot;,&quot;library&quot;:&quot;&quot;}}" data-widget_type="nav-menu.default">
				<div class="elementor-widget-container">
								<nav class="elementor-nav-menu--dropdown elementor-nav-menu__container" aria-hidden="true">
				<ul id="menu-2-aeb1fab" class="elementor-nav-menu"><li class="sub-temas menu-item menu-item-type-custom menu-item-object-custom menu-item-has-children menu-item-4216"><a href="#" class="elementor-item elementor-item-anchor" tabindex="-1">Temas</a>
<ul class="sub-menu elementor-nav-menu--dropdown">
	<li class="menu-item menu-item-type-post_type menu-item-object-pueblo-andino menu-item-2278"><a href="https://dev.antudigital.cl/sites/fotografia/pueblo-andino/temas/representacion-y-estereotipo-en-la-fotografia-sobre-changos/" class="elementor-sub-item" tabindex="-1">REPRESENTACIÓN Y ESTEREOTIPO EN LA FOTOGRAFÍA SOBRE CHANGOS</a></li>
	<li class="menu-item menu-item-type-post_type menu-item-object-pueblo-andino menu-item-3930"><a href="https://dev.antudigital.cl/sites/fotografia/pueblo-andino/temas/estetica-en-la-fotografia-andina-contemporanea/" class="elementor-sub-item" tabindex="-1">ESTÉTICA EN LA FOTOGRAFÍA ANDINA CONTEMPORÁNEA</a></li>
	<li class="menu-item menu-item-type-post_type menu-item-object-pueblo-andino menu-item-3929"><a href="https://dev.antudigital.cl/sites/fotografia/pueblo-andino/temas/ritos-y-fiestas-en-el-mundo-andino/" class="elementor-sub-item" tabindex="-1">RITOS Y FIESTAS EN EL MUNDO ANDINO</a></li>
	<li class="menu-item menu-item-type-post_type menu-item-object-pueblo-andino menu-item-3928"><a href="https://dev.antudigital.cl/sites/fotografia/pueblo-andino/temas/el-indigena-nortino-en-los-textos-escolares-chilenos-realidades-y-soledades-de-su-representacion/" class="elementor-sub-item" tabindex="-1">EL INDÍGENA NORTINO EN LOS TEXTOS ESCOLARES CHILENOS: REALIDADES Y SOLEDADES DE SU REPRESENTACIÓN</a></li>
	<li class="menu-item menu-item-type-post_type menu-item-object-pueblo-andino menu-item-3927"><a href="https://dev.antudigital.cl/sites/fotografia/pueblo-andino/temas/medios-audiovisuales-en-la-investigacion-antropologica/" class="elementor-sub-item" tabindex="-1">MEDIOS AUDIOVISUALES EN LA INVESTIGACIÓN ANTROPOLÓGICA</a></li>
</ul>
</li>
<li class="sub-autores menu-item menu-item-type-custom menu-item-object-custom menu-item-has-children menu-item-4217"><a href="#" class="elementor-item elementor-item-anchor" tabindex="-1">Autores</a>
<ul class="sub-menu elementor-nav-menu--dropdown">
	<li class="menu-item menu-item-type-post_type menu-item-object-pueblo-andino menu-item-4014"><a href="https://dev.antudigital.cl/sites/fotografia/pueblo-andino/autores/gaston-carreno-gonzalez/" class="elementor-sub-item" tabindex="-1">Gastón Carreño González</a></li>
	<li class="menu-item menu-item-type-post_type menu-item-object-pueblo-andino menu-item-4095"><a href="https://dev.antudigital.cl/sites/fotografia/pueblo-andino/autores/juan-pablo-leal-ugalde/" class="elementor-sub-item" tabindex="-1">Juan Pablo Leal Ugalde</a></li>
	<li class="menu-item menu-item-type-post_type menu-item-object-pueblo-andino menu-item-4094"><a href="https://dev.antudigital.cl/sites/fotografia/pueblo-andino/autores/carla-moller-zunino/" class="elementor-sub-item" tabindex="-1">Carla Moller Zunino</a></li>
	<li class="menu-item menu-item-type-post_type menu-item-object-pueblo-andino menu-item-4093"><a href="https://dev.antudigital.cl/sites/fotografia/pueblo-andino/autores/maria-paz-bajas-irizar/" class="elementor-sub-item" tabindex="-1">María Paz Bajas Irizar</a></li>
	<li class="menu-item menu-item-type-post_type menu-item-object-pueblo-andino menu-item-4092"><a href="https://dev.antudigital.cl/sites/fotografia/pueblo-andino/autores/margarita-alvarado-perez/" class="elementor-sub-item" tabindex="-1">Margarita Alvarado Pérez</a></li>
	<li class="menu-item menu-item-type-post_type menu-item-object-pueblo-andino menu-item-4091"><a href="https://dev.antudigital.cl/sites/fotografia/pueblo-andino/autores/felipe-a-maturana-diaz/" class="elementor-sub-item" tabindex="-1">Felipe A. Maturana Díaz</a></li>
	<li class="menu-item menu-item-type-post_type menu-item-object-pueblo-andino menu-item-4090"><a href="https://dev.antudigital.cl/sites/fotografia/pueblo-andino/autores/christian-baez-allende/" class="elementor-sub-item" tabindex="-1">Christian Báez Allende</a></li>
	<li class="menu-item menu-item-type-post_type menu-item-object-pueblo-andino menu-item-4089"><a href="https://dev.antudigital.cl/sites/fotografia/pueblo-andino/autores/alejandra-castro-rodriguez/" class="elementor-sub-item" tabindex="-1">Alejandra Castro Rodríguez</a></li>
</ul>
</li>
<li class="menu-item menu-item-type-post_type menu-item-object-pueblo-andino menu-item-2259"><a href="https://dev.antudigital.cl/sites/fotografia/pueblo-andino/territorio/" class="elementor-item" tabindex="-1">Territorio</a></li>
<li class="menu-item menu-item-type-post_type menu-item-object-pueblo-andino menu-item-5636"><a href="https://dev.antudigital.cl/sites/fotografia/pueblo-andino/glosario/" class="elementor-item" tabindex="-1">Glosario</a></li>
<li class="menu-item menu-item-type-post_type menu-item-object-pueblo-andino menu-item-3516"><a href="https://dev.antudigital.cl/sites/fotografia/pueblo-andino/bibliografia/" class="elementor-item" tabindex="-1">Bibliografía</a></li>
</ul>			</nav>
						</div>
				</div>
				</div>
				</div>
		<div class="elementor-element elementor-element-8f55319 e-con-full e-flex e-con e-child" data-id="8f55319" data-element_type="container" data-settings="{&quot;background_background&quot;:&quot;classic&quot;}">
		<div class="elementor-element elementor-element-97accb6 e-con-full e-flex e-con e-child" data-id="97accb6" data-element_type="container">
				<div class="elementor-element elementor-element-555dda9 elementor-align-justify elementor-widget__width-inherit elementor-hidden-desktop elementor-widget elementor-widget-button" data-id="555dda9" data-element_type="widget" data-widget_type="button.default">
				<div class="elementor-widget-container">
									<div class="elementor-button-wrapper">
					<a class="elementor-button elementor-button-link elementor-size-sm" href="#elementor-action%3Aaction%3Dpopup%3Aopen%26settings%3DeyJpZCI6IjQ1MjQiLCJ0b2dnbGUiOmZhbHNlfQ%3D%3D">
						<span class="elementor-button-content-wrapper">
						<span class="elementor-button-icon">
				<i aria-hidden="true" class="fas fa-bars"></i>			</span>
									<span class="elementor-button-text">ANDINOS</span>
					</span>
					</a>
				</div>
								</div>
				</div>
				<div class="elementor-element elementor-element-35a6d1e elementor-hidden-desktop elementor-widget elementor-widget-spacer" data-id="35a6d1e" data-element_type="widget" data-widget_type="spacer.default">
				<div class="elementor-widget-container">
							<div class="elementor-spacer">
			<div class="elementor-spacer-inner"></div>
		</div>
						</div>
				</div>
				<div class="elementor-element elementor-element-bec1737 elementor-widget elementor-widget-heading" data-id="bec1737" data-element_type="widget" data-widget_type="heading.default">
				<div class="elementor-widget-container">
					<h1 class="elementor-heading-title elementor-size-default">Christian Báez Allende</h1>				</div>
				</div>
				<div class="elementor-element elementor-element-442b7df elementor-widget elementor-widget-text-editor" data-id="442b7df" data-element_type="widget" data-widget_type="text-editor.default">
				<div class="elementor-widget-container">
									<p>Licenciado en Historia y Licenciado en Estética, Pontificia Universidad Católica de Chile; Magíster en Historia, Universidad de Santiago de Chile y Doctor en Historia, Pontificia Universidad Católica de Chile. Académico e investigador, su actividad se centra en áreas relacionadas con el mundo indígena de América, la fotografía, el patrimonio cultural y el Rock.</p>								</div>
				</div>
				</div>
		<div class="elementor-element elementor-element-3c46e71 e-con-full e-flex e-con e-child" data-id="3c46e71" data-element_type="container">
				<div class="elementor-element elementor-element-6c1b123 elementor-widget elementor-widget-image" data-id="6c1b123" data-element_type="widget" data-widget_type="image.default">
				<div class="elementor-widget-container">
															<img decoding="async" src="https://dev.antudigital.cl/sites/fotografia/wp-content/plugins/elementor/assets/images/placeholder.png" title="" alt="" loading="lazy" />															</div>
				</div>
				</div>
				</div>
		<div class="elementor-element elementor-element-d85b251 e-con-full elementor-hidden-tablet elementor-hidden-mobile e-flex e-con e-child" data-id="d85b251" data-element_type="container" data-settings="{&quot;background_background&quot;:&quot;classic&quot;}">
				</div>
				</div>
				</div>

<p>Andinos ANDINOS Licenciado en Historia y Licenciado en Estética, Pontificia Universidad Católica de Chile; Magíster en Historia, Universidad de Santiago de Chile y Doctor en Historia, Pontificia Universidad Católica de Chile. Académico e investigador, su actividad se centra en áreas relacionadas con el mundo indígena de América, la fotografía, el patrimonio cultural y el Rock.</p>
