{"id":5642,"date":"2025-03-16T21:30:39","date_gmt":"2025-03-17T00:30:39","guid":{"rendered":"https:\/\/dev.antudigital.cl\/sites\/fotografia\/?post_type=pueblo-mapuche&#038;p=5642"},"modified":"2025-03-16T21:38:48","modified_gmt":"2025-03-17T00:38:48","slug":"presentacion","status":"publish","type":"pueblo-fueguino","link":"https:\/\/dev.antudigital.cl\/sites\/fotografia\/pueblo-fueguino\/presentacion\/","title":{"rendered":"Presentacion"},"content":{"rendered":"\t\t<div data-elementor-type=\"wp-post\" data-elementor-id=\"5642\" class=\"elementor elementor-5642\" data-elementor-post-type=\"pueblo-fueguino\">\n\t\t\t\t<div class=\"elementor-element elementor-element-81c29b7 e-con-full e-flex e-con e-parent\" data-id=\"81c29b7\" data-element_type=\"container\" data-settings=\"{&quot;background_background&quot;:&quot;classic&quot;}\">\n\t\t<div class=\"elementor-element elementor-element-a8ae0bb e-con-full elementor-hidden-tablet elementor-hidden-mobile e-flex e-con e-child\" data-id=\"a8ae0bb\" data-element_type=\"container\">\n\t\t\t\t<div class=\"elementor-element elementor-element-59fe1ee elementor-widget elementor-widget-spacer\" data-id=\"59fe1ee\" data-element_type=\"widget\" data-widget_type=\"spacer.default\">\n\t\t\t\t<div class=\"elementor-widget-container\">\n\t\t\t\t\t\t\t<div class=\"elementor-spacer\">\n\t\t\t<div class=\"elementor-spacer-inner\"><\/div>\n\t\t<\/div>\n\t\t\t\t\t\t<\/div>\n\t\t\t\t<\/div>\n\t\t<div class=\"elementor-element elementor-element-fe6021c e-con-full e-flex e-con e-child\" data-id=\"fe6021c\" data-element_type=\"container\">\n\t\t\t\t<div class=\"elementor-element elementor-element-c015920 elementor-widget elementor-widget-heading\" data-id=\"c015920\" data-element_type=\"widget\" data-widget_type=\"heading.default\">\n\t\t\t\t<div class=\"elementor-widget-container\">\n\t\t\t\t\t<h1 class=\"elementor-heading-title elementor-size-default\">Fueguinos<\/h1>\t\t\t\t<\/div>\n\t\t\t\t<\/div>\n\t\t\t\t<div class=\"elementor-element elementor-element-8c0fe96 menu-offcanvas elementor-widget elementor-widget-nav-menu\" data-id=\"8c0fe96\" data-element_type=\"widget\" data-settings=\"{&quot;layout&quot;:&quot;dropdown&quot;,&quot;submenu_icon&quot;:{&quot;value&quot;:&quot;&lt;i class=\\&quot;\\&quot; aria-hidden=\\&quot;true\\&quot;&gt;&lt;\\\/i&gt;&quot;,&quot;library&quot;:&quot;&quot;}}\" data-widget_type=\"nav-menu.default\">\n\t\t\t\t<div class=\"elementor-widget-container\">\n\t\t\t\t\t\t\t\t<nav class=\"elementor-nav-menu--dropdown elementor-nav-menu__container\" aria-hidden=\"true\">\n\t\t\t\t<ul id=\"menu-2-8c0fe96\" class=\"elementor-nav-menu\"><li class=\"menu-item menu-item-type-custom menu-item-object-custom menu-item-has-children menu-item-5637\"><a href=\"#\" class=\"elementor-item elementor-item-anchor\" tabindex=\"-1\">Temas<\/a>\n<ul class=\"sub-menu elementor-nav-menu--dropdown\">\n\t<li class=\"menu-item menu-item-type-post_type menu-item-object-pueblo-fueguino menu-item-6499\"><a href=\"https:\/\/dev.antudigital.cl\/sites\/fotografia\/pueblo-fueguino\/temas\/representacion-visual-del-paisaje-fueguino-en-la-fotografia\/\" class=\"elementor-sub-item\" tabindex=\"-1\">REPRESENTACI\u00d3N VISUAL DEL PAISAJE FUEGUINO EN LA FOTOGRAF\u00cdA<\/a><\/li>\n\t<li class=\"menu-item menu-item-type-post_type menu-item-object-pueblo-fueguino menu-item-6498\"><a href=\"https:\/\/dev.antudigital.cl\/sites\/fotografia\/pueblo-fueguino\/temas\/isla-misional-inmensidad-total\/\" class=\"elementor-sub-item\" tabindex=\"-1\">ISLA MISIONAL. INMENSIDAD TOTAL<\/a><\/li>\n\t<li class=\"menu-item menu-item-type-post_type menu-item-object-pueblo-fueguino menu-item-6497\"><a href=\"https:\/\/dev.antudigital.cl\/sites\/fotografia\/pueblo-fueguino\/temas\/canoeros-del-fin-del-mundo\/\" class=\"elementor-sub-item\" tabindex=\"-1\">CANOEROS DEL FIN DEL MUNDO<\/a><\/li>\n\t<li class=\"menu-item menu-item-type-post_type menu-item-object-pueblo-fueguino menu-item-6494\"><a href=\"https:\/\/dev.antudigital.cl\/sites\/fotografia\/pueblo-fueguino\/temas\/cuerpos-y-gestos-en-imagenes-fueguinas\/\" class=\"elementor-sub-item\" tabindex=\"-1\">CUERPOS Y GESTOS EN IM\u00c1GENES FUEGUINAS<\/a><\/li>\n\t<li class=\"menu-item menu-item-type-post_type menu-item-object-pueblo-fueguino menu-item-6496\"><a href=\"https:\/\/dev.antudigital.cl\/sites\/fotografia\/pueblo-fueguino\/temas\/el-documental-fueguino\/\" class=\"elementor-sub-item\" tabindex=\"-1\">EL DOCUMENTAL FUEGUINO<\/a><\/li>\n\t<li class=\"menu-item menu-item-type-post_type menu-item-object-pueblo-fueguino menu-item-6493\"><a href=\"https:\/\/dev.antudigital.cl\/sites\/fotografia\/pueblo-fueguino\/temas\/fotografias-de-fueguinos-en-textos-escolares\/\" class=\"elementor-sub-item\" tabindex=\"-1\">FOTOGRAF\u00cdAS DE FUEGUINOS EN TEXTOS ESCOLARES<\/a><\/li>\n\t<li class=\"menu-item menu-item-type-post_type menu-item-object-pueblo-fueguino menu-item-6495\"><a href=\"https:\/\/dev.antudigital.cl\/sites\/fotografia\/pueblo-fueguino\/temas\/tierra-del-fuego-construida-con-los-ojos\/\" class=\"elementor-sub-item\" tabindex=\"-1\">TIERRA DEL FUEGO CONSTRUIDA CON LOS OJOS<\/a><\/li>\n<\/ul>\n<\/li>\n<li class=\"menu-item menu-item-type-custom menu-item-object-custom menu-item-has-children menu-item-5638\"><a href=\"#\" class=\"elementor-item elementor-item-anchor\" tabindex=\"-1\">Autores<\/a>\n<ul class=\"sub-menu elementor-nav-menu--dropdown\">\n\t<li class=\"menu-item menu-item-type-post_type menu-item-object-pueblo-fueguino menu-item-7031\"><a href=\"https:\/\/dev.antudigital.cl\/sites\/fotografia\/pueblo-fueguino\/autores\/carla-moller-zunino\/\" class=\"elementor-sub-item\" tabindex=\"-1\">Carla Moller Zunino<\/a><\/li>\n\t<li class=\"menu-item menu-item-type-post_type menu-item-object-pueblo-fueguino menu-item-7029\"><a href=\"https:\/\/dev.antudigital.cl\/sites\/fotografia\/pueblo-fueguino\/autores\/maria-paz-bajas-irizar\/\" class=\"elementor-sub-item\" tabindex=\"-1\">Mar\u00eda Paz Bajas Irizar<\/a><\/li>\n\t<li class=\"menu-item menu-item-type-post_type menu-item-object-pueblo-fueguino menu-item-7025\"><a href=\"https:\/\/dev.antudigital.cl\/sites\/fotografia\/pueblo-fueguino\/autores\/maria-carolina-odone-correa\/\" class=\"elementor-sub-item\" tabindex=\"-1\">Mar\u00eda Carolina Odone Correa<\/a><\/li>\n\t<li class=\"menu-item menu-item-type-post_type menu-item-object-pueblo-fueguino menu-item-7028\"><a href=\"https:\/\/dev.antudigital.cl\/sites\/fotografia\/pueblo-fueguino\/autores\/margarita-alvarado-perez\/\" class=\"elementor-sub-item\" tabindex=\"-1\">Margarita Alvarado P\u00e9rez<\/a><\/li>\n\t<li class=\"menu-item menu-item-type-post_type menu-item-object-pueblo-fueguino menu-item-7024\"><a href=\"https:\/\/dev.antudigital.cl\/sites\/fotografia\/pueblo-fueguino\/autores\/pedro-mege-rosso\/\" class=\"elementor-sub-item\" tabindex=\"-1\">Pedro Mege Rosso<\/a><\/li>\n\t<li class=\"menu-item menu-item-type-post_type menu-item-object-pueblo-fueguino menu-item-7027\"><a href=\"https:\/\/dev.antudigital.cl\/sites\/fotografia\/pueblo-fueguino\/autores\/felipe-a-maturana-diaz\/\" class=\"elementor-sub-item\" tabindex=\"-1\">Felipe A. Maturana D\u00edaz<\/a><\/li>\n\t<li class=\"menu-item menu-item-type-post_type menu-item-object-pueblo-fueguino menu-item-7026\"><a href=\"https:\/\/dev.antudigital.cl\/sites\/fotografia\/pueblo-fueguino\/autores\/christian-baez-allende\/\" class=\"elementor-sub-item\" tabindex=\"-1\">Christian B\u00e1ez Allende<\/a><\/li>\n\t<li class=\"menu-item menu-item-type-post_type menu-item-object-pueblo-fueguino menu-item-7030\"><a href=\"https:\/\/dev.antudigital.cl\/sites\/fotografia\/pueblo-fueguino\/autores\/alejandra-castro-rodriguez\/\" class=\"elementor-sub-item\" tabindex=\"-1\">Alejandra Castro Rodr\u00edguez<\/a><\/li>\n\t<li class=\"menu-item menu-item-type-post_type menu-item-object-pueblo-fueguino menu-item-7023\"><a href=\"https:\/\/dev.antudigital.cl\/sites\/fotografia\/pueblo-fueguino\/autores\/gerardo-mora-rivera\/\" class=\"elementor-sub-item\" tabindex=\"-1\">Gerardo Mora Rivera<\/a><\/li>\n<\/ul>\n<\/li>\n<li class=\"menu-item menu-item-type-post_type menu-item-object-pueblo-fueguino menu-item-5670\"><a href=\"https:\/\/dev.antudigital.cl\/sites\/fotografia\/pueblo-fueguino\/territorio\/\" class=\"elementor-item\" tabindex=\"-1\">Territorio<\/a><\/li>\n<li class=\"menu-item menu-item-type-post_type menu-item-object-pueblo-fueguino menu-item-5669\"><a href=\"https:\/\/dev.antudigital.cl\/sites\/fotografia\/pueblo-fueguino\/glosario\/\" class=\"elementor-item\" tabindex=\"-1\">Glosario<\/a><\/li>\n<li class=\"menu-item menu-item-type-post_type menu-item-object-pueblo-fueguino menu-item-5668\"><a href=\"https:\/\/dev.antudigital.cl\/sites\/fotografia\/pueblo-fueguino\/bibliografia\/\" class=\"elementor-item\" tabindex=\"-1\">Bibliograf\u00eda<\/a><\/li>\n<\/ul>\t\t\t<\/nav>\n\t\t\t\t\t\t<\/div>\n\t\t\t\t<\/div>\n\t\t\t\t<\/div>\n\t\t\t\t<\/div>\n\t\t<div class=\"elementor-element elementor-element-3c73d09 e-con-full e-flex e-con e-child\" data-id=\"3c73d09\" data-element_type=\"container\" data-settings=\"{&quot;background_background&quot;:&quot;classic&quot;}\">\n\t\t\t\t<div class=\"elementor-element elementor-element-79e598d elementor-align-justify elementor-widget__width-inherit elementor-hidden-desktop elementor-widget elementor-widget-button\" data-id=\"79e598d\" data-element_type=\"widget\" data-widget_type=\"button.default\">\n\t\t\t\t<div class=\"elementor-widget-container\">\n\t\t\t\t\t\t\t\t\t<div class=\"elementor-button-wrapper\">\n\t\t\t\t\t<a class=\"elementor-button elementor-button-link elementor-size-sm\" href=\"#elementor-action%3Aaction%3Dpopup%3Aopen%26settings%3DeyJpZCI6IjU2MzkiLCJ0b2dnbGUiOmZhbHNlfQ%3D%3D\">\n\t\t\t\t\t\t<span class=\"elementor-button-content-wrapper\">\n\t\t\t\t\t\t<span class=\"elementor-button-icon\">\n\t\t\t\t<i aria-hidden=\"true\" class=\"fas fa-bars\"><\/i>\t\t\t<\/span>\n\t\t\t\t\t\t\t\t\t<span class=\"elementor-button-text\">FUEGUINOS<\/span>\n\t\t\t\t\t<\/span>\n\t\t\t\t\t<\/a>\n\t\t\t\t<\/div>\n\t\t\t\t\t\t\t\t<\/div>\n\t\t\t\t<\/div>\n\t\t\t\t<div class=\"elementor-element elementor-element-536f082 elementor-widget elementor-widget-heading\" data-id=\"536f082\" data-element_type=\"widget\" data-widget_type=\"heading.default\">\n\t\t\t\t<div class=\"elementor-widget-container\">\n\t\t\t\t\t<h1 class=\"elementor-heading-title elementor-size-default\">Presentaci\u00f3n<\/h1>\t\t\t\t<\/div>\n\t\t\t\t<\/div>\n\t\t\t\t<div class=\"elementor-element elementor-element-0866018 elementor-widget elementor-widget-text-editor\" data-id=\"0866018\" data-element_type=\"widget\" data-widget_type=\"text-editor.default\">\n\t\t\t\t<div class=\"elementor-widget-container\">\n\t\t\t\t\t\t\t\t\t<p>Exploradores, cient\u00edficos, fot\u00f3grafos y misioneros han legado un importante corpus visual, que bien puede ser considerado de trascendente valor documental para el reconocimiento y conocimiento est\u00e9tico, hist\u00f3rico y antropol\u00f3gico de las etnias fueguinas.<\/p><p>Las investigaciones relacionadas con las im\u00e1genes fotogr\u00e1ficas y los medios audiovisuales de Tierra del Fuego y sus canales, de sus habitantes y las circunstancias que los rodearon, dan como resultado m\u00faltiples y diversos puntos de vista, desde los que se analizan e interpretan los imaginarios vigentes.<\/p><p>Los temas que aqu\u00ed se desarrollan facilitan una mirada exploratoria y asertiva sobre los habitantes originales de estos territorios australes, Selk\u00b4nam, Kaw\u00e9sqar y Y\u00e1mana y proporcionan adem\u00e1s herramientas para comprender las im\u00e1genes que remontan el tiempo y el espacio, a trav\u00e9s de una sensible trayectoria hac\u00eda la inmortalidad.<\/p>\t\t\t\t\t\t\t\t<\/div>\n\t\t\t\t<\/div>\n\t\t\t\t<\/div>\n\t\t<div class=\"elementor-element elementor-element-477a6a7 e-con-full elementor-hidden-tablet elementor-hidden-mobile e-flex e-con e-child\" data-id=\"477a6a7\" data-element_type=\"container\">\n\t\t\t\t<\/div>\n\t\t\t\t<\/div>\n\t\t\t\t<\/div>\n\t\t","protected":false},"excerpt":{"rendered":"<p>Fueguinos FUEGUINOS Presentaci\u00f3n Exploradores, cient\u00edficos, fot\u00f3grafos y misioneros han legado un importante corpus visual, que bien puede ser considerado de trascendente valor documental para el reconocimiento y conocimiento est\u00e9tico, hist\u00f3rico y antropol\u00f3gico de las etnias fueguinas. Las investigaciones relacionadas con las im\u00e1genes fotogr\u00e1ficas y los medios audiovisuales de Tierra del Fuego y sus canales, de [&hellip;]<\/p>\n","protected":false},"author":1,"featured_media":0,"parent":0,"menu_order":0,"comment_status":"open","ping_status":"open","template":"","format":"standard","meta":{"footnotes":""},"class_list":["post-5642","pueblo-fueguino","type-pueblo-fueguino","status-publish","format-standard","hentry"],"_links":{"self":[{"href":"https:\/\/dev.antudigital.cl\/sites\/fotografia\/wp-json\/wp\/v2\/pueblo-fueguino\/5642","targetHints":{"allow":["GET"]}}],"collection":[{"href":"https:\/\/dev.antudigital.cl\/sites\/fotografia\/wp-json\/wp\/v2\/pueblo-fueguino"}],"about":[{"href":"https:\/\/dev.antudigital.cl\/sites\/fotografia\/wp-json\/wp\/v2\/types\/pueblo-fueguino"}],"author":[{"embeddable":true,"href":"https:\/\/dev.antudigital.cl\/sites\/fotografia\/wp-json\/wp\/v2\/users\/1"}],"replies":[{"embeddable":true,"href":"https:\/\/dev.antudigital.cl\/sites\/fotografia\/wp-json\/wp\/v2\/comments?post=5642"}],"version-history":[{"count":7,"href":"https:\/\/dev.antudigital.cl\/sites\/fotografia\/wp-json\/wp\/v2\/pueblo-fueguino\/5642\/revisions"}],"predecessor-version":[{"id":5655,"href":"https:\/\/dev.antudigital.cl\/sites\/fotografia\/wp-json\/wp\/v2\/pueblo-fueguino\/5642\/revisions\/5655"}],"wp:attachment":[{"href":"https:\/\/dev.antudigital.cl\/sites\/fotografia\/wp-json\/wp\/v2\/media?parent=5642"}],"curies":[{"name":"wp","href":"https:\/\/api.w.org\/{rel}","templated":true}]}}

<div data-elementor-type="wp-post" data-elementor-id="5642" class="elementor elementor-5642" data-elementor-post-type="pueblo-fueguino">
				<div class="elementor-element elementor-element-81c29b7 e-con-full e-flex e-con e-parent" data-id="81c29b7" data-element_type="container" data-settings="{&quot;background_background&quot;:&quot;classic&quot;}">
		<div class="elementor-element elementor-element-a8ae0bb e-con-full elementor-hidden-tablet elementor-hidden-mobile e-flex e-con e-child" data-id="a8ae0bb" data-element_type="container">
				<div class="elementor-element elementor-element-59fe1ee elementor-widget elementor-widget-spacer" data-id="59fe1ee" data-element_type="widget" data-widget_type="spacer.default">
				<div class="elementor-widget-container">
							<div class="elementor-spacer">
			<div class="elementor-spacer-inner"></div>
		</div>
						</div>
				</div>
		<div class="elementor-element elementor-element-fe6021c e-con-full e-flex e-con e-child" data-id="fe6021c" data-element_type="container">
				<div class="elementor-element elementor-element-c015920 elementor-widget elementor-widget-heading" data-id="c015920" data-element_type="widget" data-widget_type="heading.default">
				<div class="elementor-widget-container">
					<h1 class="elementor-heading-title elementor-size-default">Fueguinos</h1>				</div>
				</div>
				<div class="elementor-element elementor-element-8c0fe96 menu-offcanvas elementor-widget elementor-widget-nav-menu" data-id="8c0fe96" data-element_type="widget" data-settings="{&quot;layout&quot;:&quot;dropdown&quot;,&quot;submenu_icon&quot;:{&quot;value&quot;:&quot;&lt;i class=\&quot;\&quot; aria-hidden=\&quot;true\&quot;&gt;&lt;\/i&gt;&quot;,&quot;library&quot;:&quot;&quot;}}" data-widget_type="nav-menu.default">
				<div class="elementor-widget-container">
								<nav class="elementor-nav-menu--dropdown elementor-nav-menu__container" aria-hidden="true">
				<ul id="menu-2-8c0fe96" class="elementor-nav-menu"><li class="menu-item menu-item-type-custom menu-item-object-custom menu-item-has-children menu-item-5637"><a href="#" class="elementor-item elementor-item-anchor" tabindex="-1">Temas</a>
<ul class="sub-menu elementor-nav-menu--dropdown">
	<li class="menu-item menu-item-type-post_type menu-item-object-pueblo-fueguino menu-item-6499"><a href="https://dev.antudigital.cl/sites/fotografia/pueblo-fueguino/temas/representacion-visual-del-paisaje-fueguino-en-la-fotografia/" class="elementor-sub-item" tabindex="-1">REPRESENTACIÓN VISUAL DEL PAISAJE FUEGUINO EN LA FOTOGRAFÍA</a></li>
	<li class="menu-item menu-item-type-post_type menu-item-object-pueblo-fueguino menu-item-6498"><a href="https://dev.antudigital.cl/sites/fotografia/pueblo-fueguino/temas/isla-misional-inmensidad-total/" class="elementor-sub-item" tabindex="-1">ISLA MISIONAL. INMENSIDAD TOTAL</a></li>
	<li class="menu-item menu-item-type-post_type menu-item-object-pueblo-fueguino menu-item-6497"><a href="https://dev.antudigital.cl/sites/fotografia/pueblo-fueguino/temas/canoeros-del-fin-del-mundo/" class="elementor-sub-item" tabindex="-1">CANOEROS DEL FIN DEL MUNDO</a></li>
	<li class="menu-item menu-item-type-post_type menu-item-object-pueblo-fueguino menu-item-6494"><a href="https://dev.antudigital.cl/sites/fotografia/pueblo-fueguino/temas/cuerpos-y-gestos-en-imagenes-fueguinas/" class="elementor-sub-item" tabindex="-1">CUERPOS Y GESTOS EN IMÁGENES FUEGUINAS</a></li>
	<li class="menu-item menu-item-type-post_type menu-item-object-pueblo-fueguino menu-item-6496"><a href="https://dev.antudigital.cl/sites/fotografia/pueblo-fueguino/temas/el-documental-fueguino/" class="elementor-sub-item" tabindex="-1">EL DOCUMENTAL FUEGUINO</a></li>
	<li class="menu-item menu-item-type-post_type menu-item-object-pueblo-fueguino menu-item-6493"><a href="https://dev.antudigital.cl/sites/fotografia/pueblo-fueguino/temas/fotografias-de-fueguinos-en-textos-escolares/" class="elementor-sub-item" tabindex="-1">FOTOGRAFÍAS DE FUEGUINOS EN TEXTOS ESCOLARES</a></li>
	<li class="menu-item menu-item-type-post_type menu-item-object-pueblo-fueguino menu-item-6495"><a href="https://dev.antudigital.cl/sites/fotografia/pueblo-fueguino/temas/tierra-del-fuego-construida-con-los-ojos/" class="elementor-sub-item" tabindex="-1">TIERRA DEL FUEGO CONSTRUIDA CON LOS OJOS</a></li>
</ul>
</li>
<li class="menu-item menu-item-type-custom menu-item-object-custom menu-item-has-children menu-item-5638"><a href="#" class="elementor-item elementor-item-anchor" tabindex="-1">Autores</a>
<ul class="sub-menu elementor-nav-menu--dropdown">
	<li class="menu-item menu-item-type-post_type menu-item-object-pueblo-fueguino menu-item-7031"><a href="https://dev.antudigital.cl/sites/fotografia/pueblo-fueguino/autores/carla-moller-zunino/" class="elementor-sub-item" tabindex="-1">Carla Moller Zunino</a></li>
	<li class="menu-item menu-item-type-post_type menu-item-object-pueblo-fueguino menu-item-7029"><a href="https://dev.antudigital.cl/sites/fotografia/pueblo-fueguino/autores/maria-paz-bajas-irizar/" class="elementor-sub-item" tabindex="-1">María Paz Bajas Irizar</a></li>
	<li class="menu-item menu-item-type-post_type menu-item-object-pueblo-fueguino menu-item-7025"><a href="https://dev.antudigital.cl/sites/fotografia/pueblo-fueguino/autores/maria-carolina-odone-correa/" class="elementor-sub-item" tabindex="-1">María Carolina Odone Correa</a></li>
	<li class="menu-item menu-item-type-post_type menu-item-object-pueblo-fueguino menu-item-7028"><a href="https://dev.antudigital.cl/sites/fotografia/pueblo-fueguino/autores/margarita-alvarado-perez/" class="elementor-sub-item" tabindex="-1">Margarita Alvarado Pérez</a></li>
	<li class="menu-item menu-item-type-post_type menu-item-object-pueblo-fueguino menu-item-7024"><a href="https://dev.antudigital.cl/sites/fotografia/pueblo-fueguino/autores/pedro-mege-rosso/" class="elementor-sub-item" tabindex="-1">Pedro Mege Rosso</a></li>
	<li class="menu-item menu-item-type-post_type menu-item-object-pueblo-fueguino menu-item-7027"><a href="https://dev.antudigital.cl/sites/fotografia/pueblo-fueguino/autores/felipe-a-maturana-diaz/" class="elementor-sub-item" tabindex="-1">Felipe A. Maturana Díaz</a></li>
	<li class="menu-item menu-item-type-post_type menu-item-object-pueblo-fueguino menu-item-7026"><a href="https://dev.antudigital.cl/sites/fotografia/pueblo-fueguino/autores/christian-baez-allende/" class="elementor-sub-item" tabindex="-1">Christian Báez Allende</a></li>
	<li class="menu-item menu-item-type-post_type menu-item-object-pueblo-fueguino menu-item-7030"><a href="https://dev.antudigital.cl/sites/fotografia/pueblo-fueguino/autores/alejandra-castro-rodriguez/" class="elementor-sub-item" tabindex="-1">Alejandra Castro Rodríguez</a></li>
	<li class="menu-item menu-item-type-post_type menu-item-object-pueblo-fueguino menu-item-7023"><a href="https://dev.antudigital.cl/sites/fotografia/pueblo-fueguino/autores/gerardo-mora-rivera/" class="elementor-sub-item" tabindex="-1">Gerardo Mora Rivera</a></li>
</ul>
</li>
<li class="menu-item menu-item-type-post_type menu-item-object-pueblo-fueguino menu-item-5670"><a href="https://dev.antudigital.cl/sites/fotografia/pueblo-fueguino/territorio/" class="elementor-item" tabindex="-1">Territorio</a></li>
<li class="menu-item menu-item-type-post_type menu-item-object-pueblo-fueguino menu-item-5669"><a href="https://dev.antudigital.cl/sites/fotografia/pueblo-fueguino/glosario/" class="elementor-item" tabindex="-1">Glosario</a></li>
<li class="menu-item menu-item-type-post_type menu-item-object-pueblo-fueguino menu-item-5668"><a href="https://dev.antudigital.cl/sites/fotografia/pueblo-fueguino/bibliografia/" class="elementor-item" tabindex="-1">Bibliografía</a></li>
</ul>			</nav>
						</div>
				</div>
				</div>
				</div>
		<div class="elementor-element elementor-element-3c73d09 e-con-full e-flex e-con e-child" data-id="3c73d09" data-element_type="container" data-settings="{&quot;background_background&quot;:&quot;classic&quot;}">
				<div class="elementor-element elementor-element-79e598d elementor-align-justify elementor-widget__width-inherit elementor-hidden-desktop elementor-widget elementor-widget-button" data-id="79e598d" data-element_type="widget" data-widget_type="button.default">
				<div class="elementor-widget-container">
									<div class="elementor-button-wrapper">
					<a class="elementor-button elementor-button-link elementor-size-sm" href="#elementor-action%3Aaction%3Dpopup%3Aopen%26settings%3DeyJpZCI6IjU2MzkiLCJ0b2dnbGUiOmZhbHNlfQ%3D%3D">
						<span class="elementor-button-content-wrapper">
						<span class="elementor-button-icon">
				<i aria-hidden="true" class="fas fa-bars"></i>			</span>
									<span class="elementor-button-text">FUEGUINOS</span>
					</span>
					</a>
				</div>
								</div>
				</div>
				<div class="elementor-element elementor-element-536f082 elementor-widget elementor-widget-heading" data-id="536f082" data-element_type="widget" data-widget_type="heading.default">
				<div class="elementor-widget-container">
					<h1 class="elementor-heading-title elementor-size-default">Presentación</h1>				</div>
				</div>
				<div class="elementor-element elementor-element-0866018 elementor-widget elementor-widget-text-editor" data-id="0866018" data-element_type="widget" data-widget_type="text-editor.default">
				<div class="elementor-widget-container">
									<p>Exploradores, científicos, fotógrafos y misioneros han legado un importante corpus visual, que bien puede ser considerado de trascendente valor documental para el reconocimiento y conocimiento estético, histórico y antropológico de las etnias fueguinas.</p><p>Las investigaciones relacionadas con las imágenes fotográficas y los medios audiovisuales de Tierra del Fuego y sus canales, de sus habitantes y las circunstancias que los rodearon, dan como resultado múltiples y diversos puntos de vista, desde los que se analizan e interpretan los imaginarios vigentes.</p><p>Los temas que aquí se desarrollan facilitan una mirada exploratoria y asertiva sobre los habitantes originales de estos territorios australes, Selk´nam, Kawésqar y Yámana y proporcionan además herramientas para comprender las imágenes que remontan el tiempo y el espacio, a través de una sensible trayectoria hacía la inmortalidad.</p>								</div>
				</div>
				</div>
		<div class="elementor-element elementor-element-477a6a7 e-con-full elementor-hidden-tablet elementor-hidden-mobile e-flex e-con e-child" data-id="477a6a7" data-element_type="container">
				</div>
				</div>
				</div>

<p>Fueguinos FUEGUINOS Presentación Exploradores, científicos, fotógrafos y misioneros han legado un importante corpus visual, que bien puede ser considerado de trascendente valor documental para el reconocimiento y conocimiento estético, histórico y antropológico de las etnias fueguinas. Las investigaciones relacionadas con las imágenes fotográficas y los medios audiovisuales de Tierra del Fuego y sus canales, de [&hellip;]</p>
