{"id":5571,"date":"2025-03-16T19:15:16","date_gmt":"2025-03-16T22:15:16","guid":{"rendered":"https:\/\/dev.antudigital.cl\/sites\/fotografia\/?post_type=pueblo-andino&#038;p=5571"},"modified":"2025-03-16T20:31:23","modified_gmt":"2025-03-16T23:31:23","slug":"presentacion","status":"publish","type":"pueblo-mapuche","link":"https:\/\/dev.antudigital.cl\/sites\/fotografia\/pueblo-mapuche\/presentacion\/","title":{"rendered":"Presentacion"},"content":{"rendered":"\t\t<div data-elementor-type=\"wp-post\" data-elementor-id=\"5571\" class=\"elementor elementor-5571\" data-elementor-post-type=\"pueblo-mapuche\">\n\t\t\t\t<div class=\"elementor-element elementor-element-81c29b7 e-con-full e-flex e-con e-parent\" data-id=\"81c29b7\" data-element_type=\"container\" data-settings=\"{&quot;background_background&quot;:&quot;classic&quot;}\">\n\t\t<div class=\"elementor-element elementor-element-a8ae0bb e-con-full elementor-hidden-tablet elementor-hidden-mobile e-flex e-con e-child\" data-id=\"a8ae0bb\" data-element_type=\"container\">\n\t\t\t\t<div class=\"elementor-element elementor-element-59fe1ee elementor-widget elementor-widget-spacer\" data-id=\"59fe1ee\" data-element_type=\"widget\" data-widget_type=\"spacer.default\">\n\t\t\t\t<div class=\"elementor-widget-container\">\n\t\t\t\t\t\t\t<div class=\"elementor-spacer\">\n\t\t\t<div class=\"elementor-spacer-inner\"><\/div>\n\t\t<\/div>\n\t\t\t\t\t\t<\/div>\n\t\t\t\t<\/div>\n\t\t<div class=\"elementor-element elementor-element-fe6021c e-con-full e-flex e-con e-child\" data-id=\"fe6021c\" data-element_type=\"container\">\n\t\t\t\t<div class=\"elementor-element elementor-element-c015920 elementor-widget elementor-widget-heading\" data-id=\"c015920\" data-element_type=\"widget\" data-widget_type=\"heading.default\">\n\t\t\t\t<div class=\"elementor-widget-container\">\n\t\t\t\t\t<h1 class=\"elementor-heading-title elementor-size-default\">Mapuches<\/h1>\t\t\t\t<\/div>\n\t\t\t\t<\/div>\n\t\t\t\t<div class=\"elementor-element elementor-element-8c0fe96 menu-offcanvas elementor-widget elementor-widget-nav-menu\" data-id=\"8c0fe96\" data-element_type=\"widget\" data-settings=\"{&quot;layout&quot;:&quot;dropdown&quot;,&quot;submenu_icon&quot;:{&quot;value&quot;:&quot;&lt;i class=\\&quot;\\&quot; aria-hidden=\\&quot;true\\&quot;&gt;&lt;\\\/i&gt;&quot;,&quot;library&quot;:&quot;&quot;}}\" data-widget_type=\"nav-menu.default\">\n\t\t\t\t<div class=\"elementor-widget-container\">\n\t\t\t\t\t\t\t\t<nav class=\"elementor-nav-menu--dropdown elementor-nav-menu__container\" aria-hidden=\"true\">\n\t\t\t\t<ul id=\"menu-2-8c0fe96\" class=\"elementor-nav-menu\"><li class=\"menu-item menu-item-type-custom menu-item-object-custom menu-item-has-children menu-item-5593\"><a href=\"#\" class=\"elementor-item elementor-item-anchor\" tabindex=\"-1\">Temas<\/a>\n<ul class=\"sub-menu elementor-nav-menu--dropdown\">\n\t<li class=\"menu-item menu-item-type-post_type menu-item-object-pueblo-mapuche menu-item-6393\"><a href=\"https:\/\/dev.antudigital.cl\/sites\/fotografia\/pueblo-mapuche\/temas\/metales-y-alquimia-la-tecnica-fotografica-en-la-construccion-de-la-imagen-mapuche\/\" class=\"elementor-sub-item\" tabindex=\"-1\">METALES Y ALQUIMIA. LA T\u00c9CNICA FOTOGR\u00c1FICA EN LA CONSTRUCCI\u00d3N DE LA IMAGEN MAPUCHE<\/a><\/li>\n\t<li class=\"menu-item menu-item-type-post_type menu-item-object-pueblo-mapuche menu-item-6383\"><a href=\"https:\/\/dev.antudigital.cl\/sites\/fotografia\/pueblo-mapuche\/temas\/en-el-jardin-de-aclimatacion-de-paris-fotografias-de-los-mapuche-llevados-a-europa-en-1883\/\" class=\"elementor-sub-item\" tabindex=\"-1\">EN EL JARD\u00cdN DE ACLIMATACI\u00d3N DE PAR\u00cdS: FOTOGRAF\u00cdAS DE LOS MAPUCHE LLEVADOS A EUROPA EN 1883<\/a><\/li>\n\t<li class=\"menu-item menu-item-type-post_type menu-item-object-pueblo-mapuche menu-item-6397\"><a href=\"https:\/\/dev.antudigital.cl\/sites\/fotografia\/pueblo-mapuche\/temas\/representacion-mapuche-en-el-audiovisual-chileno\/\" class=\"elementor-sub-item\" tabindex=\"-1\">REPRESENTACI\u00d3N MAPUCHE EN EL AUDIOVISUAL CHILENO<\/a><\/li>\n\t<li class=\"menu-item menu-item-type-post_type menu-item-object-pueblo-mapuche menu-item-6401\"><a href=\"https:\/\/dev.antudigital.cl\/sites\/fotografia\/pueblo-mapuche\/temas\/salvajes-terroristas-combativos-sujetos-y-construcciones-visuales-en-los-usos-de-fotografias-de-mapuche-fines-siglo-xix-y-comienzos-siglo-xx\/\" class=\"elementor-sub-item\" tabindex=\"-1\">SALVAJES, TERRORISTAS, COMBATIVOS SUJETOS Y CONSTRUCCIONES VISUALES EN LOS USOS DE FOTOGRAF\u00cdAS DE MAPUCHE (FINES SIGLO XIX Y COMIENZOS SIGLO XX)<\/a><\/li>\n\t<li class=\"menu-item menu-item-type-post_type menu-item-object-pueblo-mapuche menu-item-6388\"><a href=\"https:\/\/dev.antudigital.cl\/sites\/fotografia\/pueblo-mapuche\/temas\/imagenes-de-modernidad-y-colonizacion-fotografias-en-el-siglo-xix-y-xx\/\" class=\"elementor-sub-item\" tabindex=\"-1\">IM\u00c1GENES DE MODERNIDAD Y COLONIZACI\u00d3N. FOTOGRAF\u00cdAS EN EL SIGLO XIX Y XX<\/a><\/li>\n<\/ul>\n<\/li>\n<li class=\"menu-item menu-item-type-custom menu-item-object-custom menu-item-has-children menu-item-5594\"><a href=\"#\" class=\"elementor-item elementor-item-anchor\" tabindex=\"-1\">Autores<\/a>\n<ul class=\"sub-menu elementor-nav-menu--dropdown\">\n\t<li class=\"menu-item menu-item-type-post_type menu-item-object-pueblo-mapuche menu-item-5620\"><a href=\"https:\/\/dev.antudigital.cl\/sites\/fotografia\/pueblo-mapuche\/autores\/gaston-carreno-gonzalez\/\" class=\"elementor-sub-item\" tabindex=\"-1\">Gast\u00f3n Carre\u00f1o Gonz\u00e1lez<\/a><\/li>\n\t<li class=\"menu-item menu-item-type-post_type menu-item-object-pueblo-mapuche menu-item-5619\"><a href=\"https:\/\/dev.antudigital.cl\/sites\/fotografia\/pueblo-mapuche\/autores\/christian-baez-allende\/\" class=\"elementor-sub-item\" tabindex=\"-1\">Christian B\u00e1ez Allende<\/a><\/li>\n\t<li class=\"menu-item menu-item-type-post_type menu-item-object-pueblo-mapuche menu-item-6381\"><a href=\"https:\/\/dev.antudigital.cl\/sites\/fotografia\/pueblo-mapuche\/autores\/maria-paz-bajas-irizar-2\/\" class=\"elementor-sub-item\" tabindex=\"-1\">Mar\u00eda Paz Bajas Irizar<\/a><\/li>\n\t<li class=\"menu-item menu-item-type-post_type menu-item-object-pueblo-mapuche menu-item-6378\"><a href=\"https:\/\/dev.antudigital.cl\/sites\/fotografia\/pueblo-mapuche\/autores\/felipe-a-maturana-diaz\/\" class=\"elementor-sub-item\" tabindex=\"-1\">Felipe A. Maturana D\u00edaz<\/a><\/li>\n\t<li class=\"menu-item menu-item-type-post_type menu-item-object-pueblo-mapuche menu-item-6380\"><a href=\"https:\/\/dev.antudigital.cl\/sites\/fotografia\/pueblo-mapuche\/autores\/margarita-alvarado-perez\/\" class=\"elementor-sub-item\" tabindex=\"-1\">Margarita Alvarado P\u00e9rez<\/a><\/li>\n\t<li class=\"menu-item menu-item-type-post_type menu-item-object-pueblo-mapuche menu-item-6379\"><a href=\"https:\/\/dev.antudigital.cl\/sites\/fotografia\/pueblo-mapuche\/autores\/juan-pablo-leal-ugalde\/\" class=\"elementor-sub-item\" tabindex=\"-1\">Juan Pablo Leal Ugalde<\/a><\/li>\n<\/ul>\n<\/li>\n<li class=\"menu-item menu-item-type-post_type menu-item-object-pueblo-mapuche menu-item-5611\"><a href=\"https:\/\/dev.antudigital.cl\/sites\/fotografia\/pueblo-mapuche\/territorio\/\" class=\"elementor-item\" tabindex=\"-1\">Territorio<\/a><\/li>\n<li class=\"menu-item menu-item-type-post_type menu-item-object-pueblo-mapuche menu-item-5635\"><a href=\"https:\/\/dev.antudigital.cl\/sites\/fotografia\/pueblo-mapuche\/glosario\/\" class=\"elementor-item\" tabindex=\"-1\">Glosario<\/a><\/li>\n<li class=\"menu-item menu-item-type-post_type menu-item-object-pueblo-mapuche menu-item-5612\"><a href=\"https:\/\/dev.antudigital.cl\/sites\/fotografia\/pueblo-mapuche\/bibliografia\/\" class=\"elementor-item\" tabindex=\"-1\">Bibliograf\u00eda<\/a><\/li>\n<\/ul>\t\t\t<\/nav>\n\t\t\t\t\t\t<\/div>\n\t\t\t\t<\/div>\n\t\t\t\t<\/div>\n\t\t\t\t<\/div>\n\t\t<div class=\"elementor-element elementor-element-3c73d09 e-con-full e-flex e-con e-child\" data-id=\"3c73d09\" data-element_type=\"container\" data-settings=\"{&quot;background_background&quot;:&quot;classic&quot;}\">\n\t\t\t\t<div class=\"elementor-element elementor-element-79e598d elementor-align-justify elementor-widget__width-inherit elementor-hidden-desktop elementor-widget elementor-widget-button\" data-id=\"79e598d\" data-element_type=\"widget\" data-widget_type=\"button.default\">\n\t\t\t\t<div class=\"elementor-widget-container\">\n\t\t\t\t\t\t\t\t\t<div class=\"elementor-button-wrapper\">\n\t\t\t\t\t<a class=\"elementor-button elementor-button-link elementor-size-sm\" href=\"#elementor-action%3Aaction%3Dpopup%3Aopen%26settings%3DeyJpZCI6IjU1NzYiLCJ0b2dnbGUiOmZhbHNlfQ%3D%3D\">\n\t\t\t\t\t\t<span class=\"elementor-button-content-wrapper\">\n\t\t\t\t\t\t<span class=\"elementor-button-icon\">\n\t\t\t\t<i aria-hidden=\"true\" class=\"fas fa-bars\"><\/i>\t\t\t<\/span>\n\t\t\t\t\t\t\t\t\t<span class=\"elementor-button-text\">MAPUCHES<\/span>\n\t\t\t\t\t<\/span>\n\t\t\t\t\t<\/a>\n\t\t\t\t<\/div>\n\t\t\t\t\t\t\t\t<\/div>\n\t\t\t\t<\/div>\n\t\t\t\t<div class=\"elementor-element elementor-element-536f082 elementor-widget elementor-widget-heading\" data-id=\"536f082\" data-element_type=\"widget\" data-widget_type=\"heading.default\">\n\t\t\t\t<div class=\"elementor-widget-container\">\n\t\t\t\t\t<h1 class=\"elementor-heading-title elementor-size-default\">Presentaci\u00f3n<\/h1>\t\t\t\t<\/div>\n\t\t\t\t<\/div>\n\t\t\t\t<div class=\"elementor-element elementor-element-0866018 elementor-widget elementor-widget-text-editor\" data-id=\"0866018\" data-element_type=\"widget\" data-widget_type=\"text-editor.default\">\n\t\t\t\t<div class=\"elementor-widget-container\">\n\t\t\t\t\t\t\t\t\t<p>La representaci\u00f3n fotogr\u00e1fica de los mapuche se debe, principalmente, a aquellos fot\u00f3grafos de La Frontera que, mediante el uso de la c\u00e1mara fotogr\u00e1fica y sus posibilidades t\u00e9cnicas, visibilizaron aspectos culturales y est\u00e9ticos de los ind\u00edgenas m\u00e1s numerosos de Chile. Esta pr\u00e1ctica fotogr\u00e1fica se inicia a fines del siglo XIX y comienzos del siglo XX generando una circulaci\u00f3n que contribuy\u00f3 de manera significativa a la construcci\u00f3n de diversos imaginarios de los habitantes del centro sur de Chile y Argentina. Para esta \u00e9poca, la fotograf\u00eda de estudio y el retrato predominan en la construcci\u00f3n iconogr\u00e1fica, advirti\u00e9ndose el uso de escenificaci\u00f3n, pose y montaje con el prop\u00f3sito de representar un mundo salvaje y ex\u00f3tico. Asimismo, existe un n\u00famero importante de fotograf\u00edas que fueron producidas en los diversos espacios culturales que habitaba el mapuche, y en menor medida, existen fotograf\u00edas que dan cuenta de su exhibici\u00f3n en los llamados zool\u00f3gicos humanos que se realizaron en Europa. A partir de mediados del siglo XX, la fotograf\u00eda as\u00ed como la cinematograf\u00eda, incluir\u00e1n nuevos elementos de significaci\u00f3n ideol\u00f3gica en la representaci\u00f3n visual del mundo mapuche ligados a construcci\u00f3n de un sujeto guerrero e incluso terrorista. Sin embargo, la autorepresentaci\u00f3n, surgida a mediados de los a\u00f1os \u201980, comienza a contrarrestar y poner en tensi\u00f3n los discursos visuales hegem\u00f3nicos y colonialistas. Estos son los aspectos sobre los cuales se reflexiona en este sitio web, bajo la mirada de la est\u00e9tica, la antropolog\u00eda y la historia.<\/p>\t\t\t\t\t\t\t\t<\/div>\n\t\t\t\t<\/div>\n\t\t\t\t<\/div>\n\t\t<div class=\"elementor-element elementor-element-477a6a7 e-con-full elementor-hidden-tablet elementor-hidden-mobile e-flex e-con e-child\" data-id=\"477a6a7\" data-element_type=\"container\">\n\t\t\t\t<\/div>\n\t\t\t\t<\/div>\n\t\t\t\t<\/div>\n\t\t","protected":false},"excerpt":{"rendered":"<p>Mapuches MAPUCHES Presentaci\u00f3n La representaci\u00f3n fotogr\u00e1fica de los mapuche se debe, principalmente, a aquellos fot\u00f3grafos de La Frontera que, mediante el uso de la c\u00e1mara fotogr\u00e1fica y sus posibilidades t\u00e9cnicas, visibilizaron aspectos culturales y est\u00e9ticos de los ind\u00edgenas m\u00e1s numerosos de Chile. Esta pr\u00e1ctica fotogr\u00e1fica se inicia a fines del siglo XIX y comienzos del [&hellip;]<\/p>\n","protected":false},"author":1,"featured_media":0,"parent":0,"menu_order":0,"comment_status":"open","ping_status":"open","template":"","format":"standard","meta":{"footnotes":""},"class_list":["post-5571","pueblo-mapuche","type-pueblo-mapuche","status-publish","format-standard","hentry"],"_links":{"self":[{"href":"https:\/\/dev.antudigital.cl\/sites\/fotografia\/wp-json\/wp\/v2\/pueblo-mapuche\/5571","targetHints":{"allow":["GET"]}}],"collection":[{"href":"https:\/\/dev.antudigital.cl\/sites\/fotografia\/wp-json\/wp\/v2\/pueblo-mapuche"}],"about":[{"href":"https:\/\/dev.antudigital.cl\/sites\/fotografia\/wp-json\/wp\/v2\/types\/pueblo-mapuche"}],"author":[{"embeddable":true,"href":"https:\/\/dev.antudigital.cl\/sites\/fotografia\/wp-json\/wp\/v2\/users\/1"}],"replies":[{"embeddable":true,"href":"https:\/\/dev.antudigital.cl\/sites\/fotografia\/wp-json\/wp\/v2\/comments?post=5571"}],"version-history":[{"count":13,"href":"https:\/\/dev.antudigital.cl\/sites\/fotografia\/wp-json\/wp\/v2\/pueblo-mapuche\/5571\/revisions"}],"predecessor-version":[{"id":5599,"href":"https:\/\/dev.antudigital.cl\/sites\/fotografia\/wp-json\/wp\/v2\/pueblo-mapuche\/5571\/revisions\/5599"}],"wp:attachment":[{"href":"https:\/\/dev.antudigital.cl\/sites\/fotografia\/wp-json\/wp\/v2\/media?parent=5571"}],"curies":[{"name":"wp","href":"https:\/\/api.w.org\/{rel}","templated":true}]}}

<div data-elementor-type="wp-post" data-elementor-id="5571" class="elementor elementor-5571" data-elementor-post-type="pueblo-mapuche">
				<div class="elementor-element elementor-element-81c29b7 e-con-full e-flex e-con e-parent" data-id="81c29b7" data-element_type="container" data-settings="{&quot;background_background&quot;:&quot;classic&quot;}">
		<div class="elementor-element elementor-element-a8ae0bb e-con-full elementor-hidden-tablet elementor-hidden-mobile e-flex e-con e-child" data-id="a8ae0bb" data-element_type="container">
				<div class="elementor-element elementor-element-59fe1ee elementor-widget elementor-widget-spacer" data-id="59fe1ee" data-element_type="widget" data-widget_type="spacer.default">
				<div class="elementor-widget-container">
							<div class="elementor-spacer">
			<div class="elementor-spacer-inner"></div>
		</div>
						</div>
				</div>
		<div class="elementor-element elementor-element-fe6021c e-con-full e-flex e-con e-child" data-id="fe6021c" data-element_type="container">
				<div class="elementor-element elementor-element-c015920 elementor-widget elementor-widget-heading" data-id="c015920" data-element_type="widget" data-widget_type="heading.default">
				<div class="elementor-widget-container">
					<h1 class="elementor-heading-title elementor-size-default">Mapuches</h1>				</div>
				</div>
				<div class="elementor-element elementor-element-8c0fe96 menu-offcanvas elementor-widget elementor-widget-nav-menu" data-id="8c0fe96" data-element_type="widget" data-settings="{&quot;layout&quot;:&quot;dropdown&quot;,&quot;submenu_icon&quot;:{&quot;value&quot;:&quot;&lt;i class=\&quot;\&quot; aria-hidden=\&quot;true\&quot;&gt;&lt;\/i&gt;&quot;,&quot;library&quot;:&quot;&quot;}}" data-widget_type="nav-menu.default">
				<div class="elementor-widget-container">
								<nav class="elementor-nav-menu--dropdown elementor-nav-menu__container" aria-hidden="true">
				<ul id="menu-2-8c0fe96" class="elementor-nav-menu"><li class="menu-item menu-item-type-custom menu-item-object-custom menu-item-has-children menu-item-5593"><a href="#" class="elementor-item elementor-item-anchor" tabindex="-1">Temas</a>
<ul class="sub-menu elementor-nav-menu--dropdown">
	<li class="menu-item menu-item-type-post_type menu-item-object-pueblo-mapuche menu-item-6393"><a href="https://dev.antudigital.cl/sites/fotografia/pueblo-mapuche/temas/metales-y-alquimia-la-tecnica-fotografica-en-la-construccion-de-la-imagen-mapuche/" class="elementor-sub-item" tabindex="-1">METALES Y ALQUIMIA. LA TÉCNICA FOTOGRÁFICA EN LA CONSTRUCCIÓN DE LA IMAGEN MAPUCHE</a></li>
	<li class="menu-item menu-item-type-post_type menu-item-object-pueblo-mapuche menu-item-6383"><a href="https://dev.antudigital.cl/sites/fotografia/pueblo-mapuche/temas/en-el-jardin-de-aclimatacion-de-paris-fotografias-de-los-mapuche-llevados-a-europa-en-1883/" class="elementor-sub-item" tabindex="-1">EN EL JARDÍN DE ACLIMATACIÓN DE PARÍS: FOTOGRAFÍAS DE LOS MAPUCHE LLEVADOS A EUROPA EN 1883</a></li>
	<li class="menu-item menu-item-type-post_type menu-item-object-pueblo-mapuche menu-item-6397"><a href="https://dev.antudigital.cl/sites/fotografia/pueblo-mapuche/temas/representacion-mapuche-en-el-audiovisual-chileno/" class="elementor-sub-item" tabindex="-1">REPRESENTACIÓN MAPUCHE EN EL AUDIOVISUAL CHILENO</a></li>
	<li class="menu-item menu-item-type-post_type menu-item-object-pueblo-mapuche menu-item-6401"><a href="https://dev.antudigital.cl/sites/fotografia/pueblo-mapuche/temas/salvajes-terroristas-combativos-sujetos-y-construcciones-visuales-en-los-usos-de-fotografias-de-mapuche-fines-siglo-xix-y-comienzos-siglo-xx/" class="elementor-sub-item" tabindex="-1">SALVAJES, TERRORISTAS, COMBATIVOS SUJETOS Y CONSTRUCCIONES VISUALES EN LOS USOS DE FOTOGRAFÍAS DE MAPUCHE (FINES SIGLO XIX Y COMIENZOS SIGLO XX)</a></li>
	<li class="menu-item menu-item-type-post_type menu-item-object-pueblo-mapuche menu-item-6388"><a href="https://dev.antudigital.cl/sites/fotografia/pueblo-mapuche/temas/imagenes-de-modernidad-y-colonizacion-fotografias-en-el-siglo-xix-y-xx/" class="elementor-sub-item" tabindex="-1">IMÁGENES DE MODERNIDAD Y COLONIZACIÓN. FOTOGRAFÍAS EN EL SIGLO XIX Y XX</a></li>
</ul>
</li>
<li class="menu-item menu-item-type-custom menu-item-object-custom menu-item-has-children menu-item-5594"><a href="#" class="elementor-item elementor-item-anchor" tabindex="-1">Autores</a>
<ul class="sub-menu elementor-nav-menu--dropdown">
	<li class="menu-item menu-item-type-post_type menu-item-object-pueblo-mapuche menu-item-5620"><a href="https://dev.antudigital.cl/sites/fotografia/pueblo-mapuche/autores/gaston-carreno-gonzalez/" class="elementor-sub-item" tabindex="-1">Gastón Carreño González</a></li>
	<li class="menu-item menu-item-type-post_type menu-item-object-pueblo-mapuche menu-item-5619"><a href="https://dev.antudigital.cl/sites/fotografia/pueblo-mapuche/autores/christian-baez-allende/" class="elementor-sub-item" tabindex="-1">Christian Báez Allende</a></li>
	<li class="menu-item menu-item-type-post_type menu-item-object-pueblo-mapuche menu-item-6381"><a href="https://dev.antudigital.cl/sites/fotografia/pueblo-mapuche/autores/maria-paz-bajas-irizar-2/" class="elementor-sub-item" tabindex="-1">María Paz Bajas Irizar</a></li>
	<li class="menu-item menu-item-type-post_type menu-item-object-pueblo-mapuche menu-item-6378"><a href="https://dev.antudigital.cl/sites/fotografia/pueblo-mapuche/autores/felipe-a-maturana-diaz/" class="elementor-sub-item" tabindex="-1">Felipe A. Maturana Díaz</a></li>
	<li class="menu-item menu-item-type-post_type menu-item-object-pueblo-mapuche menu-item-6380"><a href="https://dev.antudigital.cl/sites/fotografia/pueblo-mapuche/autores/margarita-alvarado-perez/" class="elementor-sub-item" tabindex="-1">Margarita Alvarado Pérez</a></li>
	<li class="menu-item menu-item-type-post_type menu-item-object-pueblo-mapuche menu-item-6379"><a href="https://dev.antudigital.cl/sites/fotografia/pueblo-mapuche/autores/juan-pablo-leal-ugalde/" class="elementor-sub-item" tabindex="-1">Juan Pablo Leal Ugalde</a></li>
</ul>
</li>
<li class="menu-item menu-item-type-post_type menu-item-object-pueblo-mapuche menu-item-5611"><a href="https://dev.antudigital.cl/sites/fotografia/pueblo-mapuche/territorio/" class="elementor-item" tabindex="-1">Territorio</a></li>
<li class="menu-item menu-item-type-post_type menu-item-object-pueblo-mapuche menu-item-5635"><a href="https://dev.antudigital.cl/sites/fotografia/pueblo-mapuche/glosario/" class="elementor-item" tabindex="-1">Glosario</a></li>
<li class="menu-item menu-item-type-post_type menu-item-object-pueblo-mapuche menu-item-5612"><a href="https://dev.antudigital.cl/sites/fotografia/pueblo-mapuche/bibliografia/" class="elementor-item" tabindex="-1">Bibliografía</a></li>
</ul>			</nav>
						</div>
				</div>
				</div>
				</div>
		<div class="elementor-element elementor-element-3c73d09 e-con-full e-flex e-con e-child" data-id="3c73d09" data-element_type="container" data-settings="{&quot;background_background&quot;:&quot;classic&quot;}">
				<div class="elementor-element elementor-element-79e598d elementor-align-justify elementor-widget__width-inherit elementor-hidden-desktop elementor-widget elementor-widget-button" data-id="79e598d" data-element_type="widget" data-widget_type="button.default">
				<div class="elementor-widget-container">
									<div class="elementor-button-wrapper">
					<a class="elementor-button elementor-button-link elementor-size-sm" href="#elementor-action%3Aaction%3Dpopup%3Aopen%26settings%3DeyJpZCI6IjU1NzYiLCJ0b2dnbGUiOmZhbHNlfQ%3D%3D">
						<span class="elementor-button-content-wrapper">
						<span class="elementor-button-icon">
				<i aria-hidden="true" class="fas fa-bars"></i>			</span>
									<span class="elementor-button-text">MAPUCHES</span>
					</span>
					</a>
				</div>
								</div>
				</div>
				<div class="elementor-element elementor-element-536f082 elementor-widget elementor-widget-heading" data-id="536f082" data-element_type="widget" data-widget_type="heading.default">
				<div class="elementor-widget-container">
					<h1 class="elementor-heading-title elementor-size-default">Presentación</h1>				</div>
				</div>
				<div class="elementor-element elementor-element-0866018 elementor-widget elementor-widget-text-editor" data-id="0866018" data-element_type="widget" data-widget_type="text-editor.default">
				<div class="elementor-widget-container">
									<p>La representación fotográfica de los mapuche se debe, principalmente, a aquellos fotógrafos de La Frontera que, mediante el uso de la cámara fotográfica y sus posibilidades técnicas, visibilizaron aspectos culturales y estéticos de los indígenas más numerosos de Chile. Esta práctica fotográfica se inicia a fines del siglo XIX y comienzos del siglo XX generando una circulación que contribuyó de manera significativa a la construcción de diversos imaginarios de los habitantes del centro sur de Chile y Argentina. Para esta época, la fotografía de estudio y el retrato predominan en la construcción iconográfica, advirtiéndose el uso de escenificación, pose y montaje con el propósito de representar un mundo salvaje y exótico. Asimismo, existe un número importante de fotografías que fueron producidas en los diversos espacios culturales que habitaba el mapuche, y en menor medida, existen fotografías que dan cuenta de su exhibición en los llamados zoológicos humanos que se realizaron en Europa. A partir de mediados del siglo XX, la fotografía así como la cinematografía, incluirán nuevos elementos de significación ideológica en la representación visual del mundo mapuche ligados a construcción de un sujeto guerrero e incluso terrorista. Sin embargo, la autorepresentación, surgida a mediados de los años ’80, comienza a contrarrestar y poner en tensión los discursos visuales hegemónicos y colonialistas. Estos son los aspectos sobre los cuales se reflexiona en este sitio web, bajo la mirada de la estética, la antropología y la historia.</p>								</div>
				</div>
				</div>
		<div class="elementor-element elementor-element-477a6a7 e-con-full elementor-hidden-tablet elementor-hidden-mobile e-flex e-con e-child" data-id="477a6a7" data-element_type="container">
				</div>
				</div>
				</div>

<p>Mapuches MAPUCHES Presentación La representación fotográfica de los mapuche se debe, principalmente, a aquellos fotógrafos de La Frontera que, mediante el uso de la cámara fotográfica y sus posibilidades técnicas, visibilizaron aspectos culturales y estéticos de los indígenas más numerosos de Chile. Esta práctica fotográfica se inicia a fines del siglo XIX y comienzos del [&hellip;]</p>
