{"id":6342,"date":"2025-04-07T16:58:19","date_gmt":"2025-04-07T20:58:19","guid":{"rendered":"https:\/\/dev.antudigital.cl\/sites\/fotografia\/?post_type=pueblo-andino&#038;p=6342"},"modified":"2025-04-07T17:03:28","modified_gmt":"2025-04-07T21:03:28","slug":"juan-pablo-leal-ugalde","status":"publish","type":"pueblo-mapuche","link":"https:\/\/dev.antudigital.cl\/sites\/fotografia\/pueblo-mapuche\/autores\/juan-pablo-leal-ugalde\/","title":{"rendered":"Juan Pablo Leal Ugalde"},"content":{"rendered":"\t\t<div data-elementor-type=\"wp-post\" data-elementor-id=\"6342\" class=\"elementor elementor-6342\" data-elementor-post-type=\"pueblo-mapuche\">\n\t\t\t\t<div class=\"elementor-element elementor-element-34b3d28 e-con-full e-flex e-con e-parent\" data-id=\"34b3d28\" data-element_type=\"container\" data-settings=\"{&quot;background_background&quot;:&quot;classic&quot;}\">\n\t\t<div class=\"elementor-element elementor-element-aacccd6 e-con-full elementor-hidden-tablet elementor-hidden-mobile e-flex e-con e-child\" data-id=\"aacccd6\" data-element_type=\"container\" data-settings=\"{&quot;background_background&quot;:&quot;classic&quot;}\">\n\t\t<div class=\"elementor-element elementor-element-41036bb e-con-full e-flex e-con e-child\" data-id=\"41036bb\" data-element_type=\"container\">\n\t\t\t\t<div class=\"elementor-element elementor-element-ddf6f0f elementor-widget elementor-widget-heading\" data-id=\"ddf6f0f\" data-element_type=\"widget\" data-widget_type=\"heading.default\">\n\t\t\t\t<div class=\"elementor-widget-container\">\n\t\t\t\t\t<h1 class=\"elementor-heading-title elementor-size-default\">Mapuches<\/h1>\t\t\t\t<\/div>\n\t\t\t\t<\/div>\n\t\t\t\t<div class=\"elementor-element elementor-element-7fc1a36 menu-offcanvas elementor-widget elementor-widget-nav-menu\" data-id=\"7fc1a36\" data-element_type=\"widget\" data-settings=\"{&quot;layout&quot;:&quot;dropdown&quot;,&quot;submenu_icon&quot;:{&quot;value&quot;:&quot;&lt;i class=\\&quot;\\&quot; aria-hidden=\\&quot;true\\&quot;&gt;&lt;\\\/i&gt;&quot;,&quot;library&quot;:&quot;&quot;}}\" data-widget_type=\"nav-menu.default\">\n\t\t\t\t<div class=\"elementor-widget-container\">\n\t\t\t\t\t\t\t\t<nav class=\"elementor-nav-menu--dropdown elementor-nav-menu__container\" aria-hidden=\"true\">\n\t\t\t\t<ul id=\"menu-2-7fc1a36\" class=\"elementor-nav-menu\"><li class=\"menu-item menu-item-type-custom menu-item-object-custom menu-item-has-children menu-item-5593\"><a href=\"#\" class=\"elementor-item elementor-item-anchor\" tabindex=\"-1\">Temas<\/a>\n<ul class=\"sub-menu elementor-nav-menu--dropdown\">\n\t<li class=\"menu-item menu-item-type-post_type menu-item-object-pueblo-mapuche menu-item-6393\"><a href=\"https:\/\/dev.antudigital.cl\/sites\/fotografia\/pueblo-mapuche\/temas\/metales-y-alquimia-la-tecnica-fotografica-en-la-construccion-de-la-imagen-mapuche\/\" class=\"elementor-sub-item\" tabindex=\"-1\">METALES Y ALQUIMIA. LA T\u00c9CNICA FOTOGR\u00c1FICA EN LA CONSTRUCCI\u00d3N DE LA IMAGEN MAPUCHE<\/a><\/li>\n\t<li class=\"menu-item menu-item-type-post_type menu-item-object-pueblo-mapuche menu-item-6383\"><a href=\"https:\/\/dev.antudigital.cl\/sites\/fotografia\/pueblo-mapuche\/temas\/en-el-jardin-de-aclimatacion-de-paris-fotografias-de-los-mapuche-llevados-a-europa-en-1883\/\" class=\"elementor-sub-item\" tabindex=\"-1\">EN EL JARD\u00cdN DE ACLIMATACI\u00d3N DE PAR\u00cdS: FOTOGRAF\u00cdAS DE LOS MAPUCHE LLEVADOS A EUROPA EN 1883<\/a><\/li>\n\t<li class=\"menu-item menu-item-type-post_type menu-item-object-pueblo-mapuche menu-item-6397\"><a href=\"https:\/\/dev.antudigital.cl\/sites\/fotografia\/pueblo-mapuche\/temas\/representacion-mapuche-en-el-audiovisual-chileno\/\" class=\"elementor-sub-item\" tabindex=\"-1\">REPRESENTACI\u00d3N MAPUCHE EN EL AUDIOVISUAL CHILENO<\/a><\/li>\n\t<li class=\"menu-item menu-item-type-post_type menu-item-object-pueblo-mapuche menu-item-6401\"><a href=\"https:\/\/dev.antudigital.cl\/sites\/fotografia\/pueblo-mapuche\/temas\/salvajes-terroristas-combativos-sujetos-y-construcciones-visuales-en-los-usos-de-fotografias-de-mapuche-fines-siglo-xix-y-comienzos-siglo-xx\/\" class=\"elementor-sub-item\" tabindex=\"-1\">SALVAJES, TERRORISTAS, COMBATIVOS SUJETOS Y CONSTRUCCIONES VISUALES EN LOS USOS DE FOTOGRAF\u00cdAS DE MAPUCHE (FINES SIGLO XIX Y COMIENZOS SIGLO XX)<\/a><\/li>\n\t<li class=\"menu-item menu-item-type-post_type menu-item-object-pueblo-mapuche menu-item-6388\"><a href=\"https:\/\/dev.antudigital.cl\/sites\/fotografia\/pueblo-mapuche\/temas\/imagenes-de-modernidad-y-colonizacion-fotografias-en-el-siglo-xix-y-xx\/\" class=\"elementor-sub-item\" tabindex=\"-1\">IM\u00c1GENES DE MODERNIDAD Y COLONIZACI\u00d3N. FOTOGRAF\u00cdAS EN EL SIGLO XIX Y XX<\/a><\/li>\n<\/ul>\n<\/li>\n<li class=\"menu-item menu-item-type-custom menu-item-object-custom menu-item-has-children menu-item-5594\"><a href=\"#\" class=\"elementor-item elementor-item-anchor\" tabindex=\"-1\">Autores<\/a>\n<ul class=\"sub-menu elementor-nav-menu--dropdown\">\n\t<li class=\"menu-item menu-item-type-post_type menu-item-object-pueblo-mapuche menu-item-5620\"><a href=\"https:\/\/dev.antudigital.cl\/sites\/fotografia\/pueblo-mapuche\/autores\/gaston-carreno-gonzalez\/\" class=\"elementor-sub-item\" tabindex=\"-1\">Gast\u00f3n Carre\u00f1o Gonz\u00e1lez<\/a><\/li>\n\t<li class=\"menu-item menu-item-type-post_type menu-item-object-pueblo-mapuche menu-item-5619\"><a href=\"https:\/\/dev.antudigital.cl\/sites\/fotografia\/pueblo-mapuche\/autores\/christian-baez-allende\/\" class=\"elementor-sub-item\" tabindex=\"-1\">Christian B\u00e1ez Allende<\/a><\/li>\n\t<li class=\"menu-item menu-item-type-post_type menu-item-object-pueblo-mapuche menu-item-6381\"><a href=\"https:\/\/dev.antudigital.cl\/sites\/fotografia\/pueblo-mapuche\/autores\/maria-paz-bajas-irizar-2\/\" class=\"elementor-sub-item\" tabindex=\"-1\">Mar\u00eda Paz Bajas Irizar<\/a><\/li>\n\t<li class=\"menu-item menu-item-type-post_type menu-item-object-pueblo-mapuche menu-item-6378\"><a href=\"https:\/\/dev.antudigital.cl\/sites\/fotografia\/pueblo-mapuche\/autores\/felipe-a-maturana-diaz\/\" class=\"elementor-sub-item\" tabindex=\"-1\">Felipe A. Maturana D\u00edaz<\/a><\/li>\n\t<li class=\"menu-item menu-item-type-post_type menu-item-object-pueblo-mapuche menu-item-6380\"><a href=\"https:\/\/dev.antudigital.cl\/sites\/fotografia\/pueblo-mapuche\/autores\/margarita-alvarado-perez\/\" class=\"elementor-sub-item\" tabindex=\"-1\">Margarita Alvarado P\u00e9rez<\/a><\/li>\n\t<li class=\"menu-item menu-item-type-post_type menu-item-object-pueblo-mapuche menu-item-6379\"><a href=\"https:\/\/dev.antudigital.cl\/sites\/fotografia\/pueblo-mapuche\/autores\/juan-pablo-leal-ugalde\/\" class=\"elementor-sub-item\" tabindex=\"-1\">Juan Pablo Leal Ugalde<\/a><\/li>\n<\/ul>\n<\/li>\n<li class=\"menu-item menu-item-type-post_type menu-item-object-pueblo-mapuche menu-item-5611\"><a href=\"https:\/\/dev.antudigital.cl\/sites\/fotografia\/pueblo-mapuche\/territorio\/\" class=\"elementor-item\" tabindex=\"-1\">Territorio<\/a><\/li>\n<li class=\"menu-item menu-item-type-post_type menu-item-object-pueblo-mapuche menu-item-5635\"><a href=\"https:\/\/dev.antudigital.cl\/sites\/fotografia\/pueblo-mapuche\/glosario\/\" class=\"elementor-item\" tabindex=\"-1\">Glosario<\/a><\/li>\n<li class=\"menu-item menu-item-type-post_type menu-item-object-pueblo-mapuche menu-item-5612\"><a href=\"https:\/\/dev.antudigital.cl\/sites\/fotografia\/pueblo-mapuche\/bibliografia\/\" class=\"elementor-item\" tabindex=\"-1\">Bibliograf\u00eda<\/a><\/li>\n<\/ul>\t\t\t<\/nav>\n\t\t\t\t\t\t<\/div>\n\t\t\t\t<\/div>\n\t\t\t\t<\/div>\n\t\t\t\t<\/div>\n\t\t<div class=\"elementor-element elementor-element-fc46021 e-con-full e-flex e-con e-child\" data-id=\"fc46021\" data-element_type=\"container\" data-settings=\"{&quot;background_background&quot;:&quot;classic&quot;}\">\n\t\t<div class=\"elementor-element elementor-element-5200f7a e-con-full e-flex e-con e-child\" data-id=\"5200f7a\" data-element_type=\"container\">\n\t\t\t\t<div class=\"elementor-element elementor-element-acf1f58 elementor-align-justify elementor-widget__width-inherit elementor-hidden-desktop elementor-widget elementor-widget-button\" data-id=\"acf1f58\" data-element_type=\"widget\" data-widget_type=\"button.default\">\n\t\t\t\t<div class=\"elementor-widget-container\">\n\t\t\t\t\t\t\t\t\t<div class=\"elementor-button-wrapper\">\n\t\t\t\t\t<a class=\"elementor-button elementor-button-link elementor-size-sm\" href=\"#elementor-action%3Aaction%3Dpopup%3Aopen%26settings%3DeyJpZCI6IjU1NzYiLCJ0b2dnbGUiOmZhbHNlfQ%3D%3D\">\n\t\t\t\t\t\t<span class=\"elementor-button-content-wrapper\">\n\t\t\t\t\t\t<span class=\"elementor-button-icon\">\n\t\t\t\t<i aria-hidden=\"true\" class=\"fas fa-bars\"><\/i>\t\t\t<\/span>\n\t\t\t\t\t\t\t\t\t<span class=\"elementor-button-text\">MAPUCHES<\/span>\n\t\t\t\t\t<\/span>\n\t\t\t\t\t<\/a>\n\t\t\t\t<\/div>\n\t\t\t\t\t\t\t\t<\/div>\n\t\t\t\t<\/div>\n\t\t\t\t<div class=\"elementor-element elementor-element-a6b75d5 elementor-hidden-desktop elementor-widget elementor-widget-spacer\" data-id=\"a6b75d5\" data-element_type=\"widget\" data-widget_type=\"spacer.default\">\n\t\t\t\t<div class=\"elementor-widget-container\">\n\t\t\t\t\t\t\t<div class=\"elementor-spacer\">\n\t\t\t<div class=\"elementor-spacer-inner\"><\/div>\n\t\t<\/div>\n\t\t\t\t\t\t<\/div>\n\t\t\t\t<\/div>\n\t\t\t\t<div class=\"elementor-element elementor-element-bec1737 elementor-widget elementor-widget-heading\" data-id=\"bec1737\" data-element_type=\"widget\" data-widget_type=\"heading.default\">\n\t\t\t\t<div class=\"elementor-widget-container\">\n\t\t\t\t\t<h1 class=\"elementor-heading-title elementor-size-default\">Juan Pablo Leal Ugalde<\/h1>\t\t\t\t<\/div>\n\t\t\t\t<\/div>\n\t\t\t\t<div class=\"elementor-element elementor-element-442b7df elementor-widget elementor-widget-text-editor\" data-id=\"442b7df\" data-element_type=\"widget\" data-widget_type=\"text-editor.default\">\n\t\t\t\t<div class=\"elementor-widget-container\">\n\t\t\t\t\t\t\t\t\t<p>Bachiller en Ciencias Sociales y Humanidades y Licenciado en Est\u00e9tica, Pontificia Universidad Cat\u00f3lica de Chile. Ha participado en Coloquios sobre cine documental chileno, cine latinoamericano y est\u00e9ticas americanas, publicando diversos art\u00edculos. Ha trabajado en proyectos editoriales vinculados con la fotograf\u00eda ind\u00edgena.<\/p>\t\t\t\t\t\t\t\t<\/div>\n\t\t\t\t<\/div>\n\t\t\t\t<\/div>\n\t\t<div class=\"elementor-element elementor-element-bca47b0 e-con-full e-flex e-con e-child\" data-id=\"bca47b0\" data-element_type=\"container\">\n\t\t\t\t<div class=\"elementor-element elementor-element-38bb50f elementor-widget elementor-widget-image\" data-id=\"38bb50f\" data-element_type=\"widget\" data-widget_type=\"image.default\">\n\t\t\t\t<div class=\"elementor-widget-container\">\n\t\t\t\t\t\t\t\t\t\t\t\t\t\t\t<img decoding=\"async\" src=\"https:\/\/dev.antudigital.cl\/sites\/fotografia\/wp-content\/plugins\/elementor\/assets\/images\/placeholder.png\" title=\"\" alt=\"\" loading=\"lazy\" \/>\t\t\t\t\t\t\t\t\t\t\t\t\t\t\t<\/div>\n\t\t\t\t<\/div>\n\t\t\t\t<\/div>\n\t\t\t\t<\/div>\n\t\t<div class=\"elementor-element elementor-element-0a19351 e-con-full elementor-hidden-tablet elementor-hidden-mobile e-flex e-con e-child\" data-id=\"0a19351\" data-element_type=\"container\" data-settings=\"{&quot;background_background&quot;:&quot;classic&quot;}\">\n\t\t\t\t<\/div>\n\t\t\t\t<\/div>\n\t\t\t\t<\/div>\n\t\t","protected":false},"excerpt":{"rendered":"<p>Mapuches MAPUCHES Bachiller en Ciencias Sociales y Humanidades y Licenciado en Est\u00e9tica, Pontificia Universidad Cat\u00f3lica de Chile. Ha participado en Coloquios sobre cine documental chileno, cine latinoamericano y est\u00e9ticas americanas, publicando diversos art\u00edculos. Ha trabajado en proyectos editoriales vinculados con la fotograf\u00eda ind\u00edgena.<\/p>\n","protected":false},"author":1,"featured_media":0,"parent":5613,"menu_order":0,"comment_status":"open","ping_status":"open","template":"elementor_header_footer","format":"standard","meta":{"footnotes":""},"class_list":["post-6342","pueblo-mapuche","type-pueblo-mapuche","status-publish","format-standard","hentry"],"_links":{"self":[{"href":"https:\/\/dev.antudigital.cl\/sites\/fotografia\/wp-json\/wp\/v2\/pueblo-mapuche\/6342","targetHints":{"allow":["GET"]}}],"collection":[{"href":"https:\/\/dev.antudigital.cl\/sites\/fotografia\/wp-json\/wp\/v2\/pueblo-mapuche"}],"about":[{"href":"https:\/\/dev.antudigital.cl\/sites\/fotografia\/wp-json\/wp\/v2\/types\/pueblo-mapuche"}],"author":[{"embeddable":true,"href":"https:\/\/dev.antudigital.cl\/sites\/fotografia\/wp-json\/wp\/v2\/users\/1"}],"replies":[{"embeddable":true,"href":"https:\/\/dev.antudigital.cl\/sites\/fotografia\/wp-json\/wp\/v2\/comments?post=6342"}],"version-history":[{"count":4,"href":"https:\/\/dev.antudigital.cl\/sites\/fotografia\/wp-json\/wp\/v2\/pueblo-mapuche\/6342\/revisions"}],"predecessor-version":[{"id":6371,"href":"https:\/\/dev.antudigital.cl\/sites\/fotografia\/wp-json\/wp\/v2\/pueblo-mapuche\/6342\/revisions\/6371"}],"up":[{"embeddable":true,"href":"https:\/\/dev.antudigital.cl\/sites\/fotografia\/wp-json\/wp\/v2\/pueblo-mapuche\/5613"}],"wp:attachment":[{"href":"https:\/\/dev.antudigital.cl\/sites\/fotografia\/wp-json\/wp\/v2\/media?parent=6342"}],"curies":[{"name":"wp","href":"https:\/\/api.w.org\/{rel}","templated":true}]}}

<div data-elementor-type="wp-post" data-elementor-id="6342" class="elementor elementor-6342" data-elementor-post-type="pueblo-mapuche">
				<div class="elementor-element elementor-element-34b3d28 e-con-full e-flex e-con e-parent" data-id="34b3d28" data-element_type="container" data-settings="{&quot;background_background&quot;:&quot;classic&quot;}">
		<div class="elementor-element elementor-element-aacccd6 e-con-full elementor-hidden-tablet elementor-hidden-mobile e-flex e-con e-child" data-id="aacccd6" data-element_type="container" data-settings="{&quot;background_background&quot;:&quot;classic&quot;}">
		<div class="elementor-element elementor-element-41036bb e-con-full e-flex e-con e-child" data-id="41036bb" data-element_type="container">
				<div class="elementor-element elementor-element-ddf6f0f elementor-widget elementor-widget-heading" data-id="ddf6f0f" data-element_type="widget" data-widget_type="heading.default">
				<div class="elementor-widget-container">
					<h1 class="elementor-heading-title elementor-size-default">Mapuches</h1>				</div>
				</div>
				<div class="elementor-element elementor-element-7fc1a36 menu-offcanvas elementor-widget elementor-widget-nav-menu" data-id="7fc1a36" data-element_type="widget" data-settings="{&quot;layout&quot;:&quot;dropdown&quot;,&quot;submenu_icon&quot;:{&quot;value&quot;:&quot;&lt;i class=\&quot;\&quot; aria-hidden=\&quot;true\&quot;&gt;&lt;\/i&gt;&quot;,&quot;library&quot;:&quot;&quot;}}" data-widget_type="nav-menu.default">
				<div class="elementor-widget-container">
								<nav class="elementor-nav-menu--dropdown elementor-nav-menu__container" aria-hidden="true">
				<ul id="menu-2-7fc1a36" class="elementor-nav-menu"><li class="menu-item menu-item-type-custom menu-item-object-custom menu-item-has-children menu-item-5593"><a href="#" class="elementor-item elementor-item-anchor" tabindex="-1">Temas</a>
<ul class="sub-menu elementor-nav-menu--dropdown">
	<li class="menu-item menu-item-type-post_type menu-item-object-pueblo-mapuche menu-item-6393"><a href="https://dev.antudigital.cl/sites/fotografia/pueblo-mapuche/temas/metales-y-alquimia-la-tecnica-fotografica-en-la-construccion-de-la-imagen-mapuche/" class="elementor-sub-item" tabindex="-1">METALES Y ALQUIMIA. LA TÉCNICA FOTOGRÁFICA EN LA CONSTRUCCIÓN DE LA IMAGEN MAPUCHE</a></li>
	<li class="menu-item menu-item-type-post_type menu-item-object-pueblo-mapuche menu-item-6383"><a href="https://dev.antudigital.cl/sites/fotografia/pueblo-mapuche/temas/en-el-jardin-de-aclimatacion-de-paris-fotografias-de-los-mapuche-llevados-a-europa-en-1883/" class="elementor-sub-item" tabindex="-1">EN EL JARDÍN DE ACLIMATACIÓN DE PARÍS: FOTOGRAFÍAS DE LOS MAPUCHE LLEVADOS A EUROPA EN 1883</a></li>
	<li class="menu-item menu-item-type-post_type menu-item-object-pueblo-mapuche menu-item-6397"><a href="https://dev.antudigital.cl/sites/fotografia/pueblo-mapuche/temas/representacion-mapuche-en-el-audiovisual-chileno/" class="elementor-sub-item" tabindex="-1">REPRESENTACIÓN MAPUCHE EN EL AUDIOVISUAL CHILENO</a></li>
	<li class="menu-item menu-item-type-post_type menu-item-object-pueblo-mapuche menu-item-6401"><a href="https://dev.antudigital.cl/sites/fotografia/pueblo-mapuche/temas/salvajes-terroristas-combativos-sujetos-y-construcciones-visuales-en-los-usos-de-fotografias-de-mapuche-fines-siglo-xix-y-comienzos-siglo-xx/" class="elementor-sub-item" tabindex="-1">SALVAJES, TERRORISTAS, COMBATIVOS SUJETOS Y CONSTRUCCIONES VISUALES EN LOS USOS DE FOTOGRAFÍAS DE MAPUCHE (FINES SIGLO XIX Y COMIENZOS SIGLO XX)</a></li>
	<li class="menu-item menu-item-type-post_type menu-item-object-pueblo-mapuche menu-item-6388"><a href="https://dev.antudigital.cl/sites/fotografia/pueblo-mapuche/temas/imagenes-de-modernidad-y-colonizacion-fotografias-en-el-siglo-xix-y-xx/" class="elementor-sub-item" tabindex="-1">IMÁGENES DE MODERNIDAD Y COLONIZACIÓN. FOTOGRAFÍAS EN EL SIGLO XIX Y XX</a></li>
</ul>
</li>
<li class="menu-item menu-item-type-custom menu-item-object-custom menu-item-has-children menu-item-5594"><a href="#" class="elementor-item elementor-item-anchor" tabindex="-1">Autores</a>
<ul class="sub-menu elementor-nav-menu--dropdown">
	<li class="menu-item menu-item-type-post_type menu-item-object-pueblo-mapuche menu-item-5620"><a href="https://dev.antudigital.cl/sites/fotografia/pueblo-mapuche/autores/gaston-carreno-gonzalez/" class="elementor-sub-item" tabindex="-1">Gastón Carreño González</a></li>
	<li class="menu-item menu-item-type-post_type menu-item-object-pueblo-mapuche menu-item-5619"><a href="https://dev.antudigital.cl/sites/fotografia/pueblo-mapuche/autores/christian-baez-allende/" class="elementor-sub-item" tabindex="-1">Christian Báez Allende</a></li>
	<li class="menu-item menu-item-type-post_type menu-item-object-pueblo-mapuche menu-item-6381"><a href="https://dev.antudigital.cl/sites/fotografia/pueblo-mapuche/autores/maria-paz-bajas-irizar-2/" class="elementor-sub-item" tabindex="-1">María Paz Bajas Irizar</a></li>
	<li class="menu-item menu-item-type-post_type menu-item-object-pueblo-mapuche menu-item-6378"><a href="https://dev.antudigital.cl/sites/fotografia/pueblo-mapuche/autores/felipe-a-maturana-diaz/" class="elementor-sub-item" tabindex="-1">Felipe A. Maturana Díaz</a></li>
	<li class="menu-item menu-item-type-post_type menu-item-object-pueblo-mapuche menu-item-6380"><a href="https://dev.antudigital.cl/sites/fotografia/pueblo-mapuche/autores/margarita-alvarado-perez/" class="elementor-sub-item" tabindex="-1">Margarita Alvarado Pérez</a></li>
	<li class="menu-item menu-item-type-post_type menu-item-object-pueblo-mapuche menu-item-6379"><a href="https://dev.antudigital.cl/sites/fotografia/pueblo-mapuche/autores/juan-pablo-leal-ugalde/" class="elementor-sub-item" tabindex="-1">Juan Pablo Leal Ugalde</a></li>
</ul>
</li>
<li class="menu-item menu-item-type-post_type menu-item-object-pueblo-mapuche menu-item-5611"><a href="https://dev.antudigital.cl/sites/fotografia/pueblo-mapuche/territorio/" class="elementor-item" tabindex="-1">Territorio</a></li>
<li class="menu-item menu-item-type-post_type menu-item-object-pueblo-mapuche menu-item-5635"><a href="https://dev.antudigital.cl/sites/fotografia/pueblo-mapuche/glosario/" class="elementor-item" tabindex="-1">Glosario</a></li>
<li class="menu-item menu-item-type-post_type menu-item-object-pueblo-mapuche menu-item-5612"><a href="https://dev.antudigital.cl/sites/fotografia/pueblo-mapuche/bibliografia/" class="elementor-item" tabindex="-1">Bibliografía</a></li>
</ul>			</nav>
						</div>
				</div>
				</div>
				</div>
		<div class="elementor-element elementor-element-fc46021 e-con-full e-flex e-con e-child" data-id="fc46021" data-element_type="container" data-settings="{&quot;background_background&quot;:&quot;classic&quot;}">
		<div class="elementor-element elementor-element-5200f7a e-con-full e-flex e-con e-child" data-id="5200f7a" data-element_type="container">
				<div class="elementor-element elementor-element-acf1f58 elementor-align-justify elementor-widget__width-inherit elementor-hidden-desktop elementor-widget elementor-widget-button" data-id="acf1f58" data-element_type="widget" data-widget_type="button.default">
				<div class="elementor-widget-container">
									<div class="elementor-button-wrapper">
					<a class="elementor-button elementor-button-link elementor-size-sm" href="#elementor-action%3Aaction%3Dpopup%3Aopen%26settings%3DeyJpZCI6IjU1NzYiLCJ0b2dnbGUiOmZhbHNlfQ%3D%3D">
						<span class="elementor-button-content-wrapper">
						<span class="elementor-button-icon">
				<i aria-hidden="true" class="fas fa-bars"></i>			</span>
									<span class="elementor-button-text">MAPUCHES</span>
					</span>
					</a>
				</div>
								</div>
				</div>
				<div class="elementor-element elementor-element-a6b75d5 elementor-hidden-desktop elementor-widget elementor-widget-spacer" data-id="a6b75d5" data-element_type="widget" data-widget_type="spacer.default">
				<div class="elementor-widget-container">
							<div class="elementor-spacer">
			<div class="elementor-spacer-inner"></div>
		</div>
						</div>
				</div>
				<div class="elementor-element elementor-element-bec1737 elementor-widget elementor-widget-heading" data-id="bec1737" data-element_type="widget" data-widget_type="heading.default">
				<div class="elementor-widget-container">
					<h1 class="elementor-heading-title elementor-size-default">Juan Pablo Leal Ugalde</h1>				</div>
				</div>
				<div class="elementor-element elementor-element-442b7df elementor-widget elementor-widget-text-editor" data-id="442b7df" data-element_type="widget" data-widget_type="text-editor.default">
				<div class="elementor-widget-container">
									<p>Bachiller en Ciencias Sociales y Humanidades y Licenciado en Estética, Pontificia Universidad Católica de Chile. Ha participado en Coloquios sobre cine documental chileno, cine latinoamericano y estéticas americanas, publicando diversos artículos. Ha trabajado en proyectos editoriales vinculados con la fotografía indígena.</p>								</div>
				</div>
				</div>
		<div class="elementor-element elementor-element-bca47b0 e-con-full e-flex e-con e-child" data-id="bca47b0" data-element_type="container">
				<div class="elementor-element elementor-element-38bb50f elementor-widget elementor-widget-image" data-id="38bb50f" data-element_type="widget" data-widget_type="image.default">
				<div class="elementor-widget-container">
															<img decoding="async" src="https://dev.antudigital.cl/sites/fotografia/wp-content/plugins/elementor/assets/images/placeholder.png" title="" alt="" loading="lazy" />															</div>
				</div>
				</div>
				</div>
		<div class="elementor-element elementor-element-0a19351 e-con-full elementor-hidden-tablet elementor-hidden-mobile e-flex e-con e-child" data-id="0a19351" data-element_type="container" data-settings="{&quot;background_background&quot;:&quot;classic&quot;}">
				</div>
				</div>
				</div>

<p>Mapuches MAPUCHES Bachiller en Ciencias Sociales y Humanidades y Licenciado en Estética, Pontificia Universidad Católica de Chile. Ha participado en Coloquios sobre cine documental chileno, cine latinoamericano y estéticas americanas, publicando diversos artículos. Ha trabajado en proyectos editoriales vinculados con la fotografía indígena.</p>
