{"id":767,"date":"2024-12-03T18:11:52","date_gmt":"2024-12-03T21:11:52","guid":{"rendered":"http:\/\/localhost\/fundacion\/?page_id=767"},"modified":"2024-12-03T18:34:17","modified_gmt":"2024-12-03T21:34:17","slug":"terminos-y-condiciones","status":"publish","type":"page","link":"https:\/\/dev.antudigital.cl\/sites\/iglesiaschiloe\/terminos-y-condiciones\/","title":{"rendered":"T\u00e9rminos y condiciones"},"content":{"rendered":"\n<p>Bienvenido a www.iglesiaschiloe.cl. Estos T\u00e9rminos y Condiciones rigen el uso de nuestro sitio web. Al acceder y utilizar nuestro sitio, aceptas cumplir con estos t\u00e9rminos. Si no est\u00e1s de acuerdo con alguna parte de los t\u00e9rminos, por favor, no utilices nuestro sitio web.<\/p>\n\n\n\n<div style=\"height:31px\" aria-hidden=\"true\" class=\"wp-block-spacer\"><\/div>\n\n\n\n<h2 class=\"wp-block-heading\">1. Uso del Sitio<\/h2>\n\n\n\n<p>Al utilizar nuestro sitio web, aceptas no:<\/p>\n\n\n\n<ul class=\"wp-block-list\">\n<li>Usar el sitio de manera ilegal o para promover actividades ilegales.<\/li>\n\n\n\n<li>Interferir o interrumpir el acceso al sitio, los servidores o las redes conectadas al sitio.<\/li>\n\n\n\n<li>Publicar contenido ofensivo, difamatorio, o que infrinja los derechos de propiedad intelectual de terceros.<\/li>\n<\/ul>\n\n\n\n<div style=\"height:31px\" aria-hidden=\"true\" class=\"wp-block-spacer\"><\/div>\n\n\n\n<h2 class=\"wp-block-heading\">2. Propiedad Intelectual<\/h2>\n\n\n\n<p>Todo el contenido del sitio web, incluidos textos, gr\u00e1ficos, logotipos, iconos, im\u00e1genes, clips de audio, descargas digitales y compilaciones de datos, son propiedad de www.iglesiaschiloe.cl y est\u00e1n protegidos por las leyes de derechos de autor. No se permite el uso no autorizado de nuestro contenido.<\/p>\n\n\n\n<div style=\"height:30px\" aria-hidden=\"true\" class=\"wp-block-spacer\"><\/div>\n\n\n\n<h2 class=\"wp-block-heading\">3. Enlaces a Terceros<\/h2>\n\n\n\n<p>Nuestro sitio puede contener enlaces a sitios web de terceros. No tenemos control sobre el contenido y las pol\u00edticas de privacidad de estos sitios, por lo que no nos hacemos responsables de ellos. Te recomendamos revisar los t\u00e9rminos y condiciones de cualquier sitio web externo que visites.<\/p>\n\n\n\n<div style=\"height:30px\" aria-hidden=\"true\" class=\"wp-block-spacer\"><\/div>\n\n\n\n<h2 class=\"wp-block-heading\">4. Descargas y Contenido<\/h2>\n\n\n\n<p>El contenido descargable disponible en www.iglesiaschiloe.cl es solo para uso personal y no comercial. No est\u00e1 permitida la venta, redistribuci\u00f3n o cualquier otro uso con fines de lucro del contenido descargado sin nuestro permiso expreso por escrito.<\/p>\n\n\n\n<p>Nos reservamos el derecho de tomar acciones legales contra cualquier uso no autorizado de nuestro contenido descargable.<\/p>\n\n\n\n<div style=\"height:31px\" aria-hidden=\"true\" class=\"wp-block-spacer\"><\/div>\n\n\n\n<h2 class=\"wp-block-heading\">5. Uso de Formularios de Descarga<\/h2>\n\n\n\n<p>Los formularios de descarga en nuestro sitio web est\u00e1n dise\u00f1ados exclusivamente para llevar un registro de los usuarios que descargan nuestro contenido. La informaci\u00f3n recopilada a trav\u00e9s de estos formularios se utilizar\u00e1 \u00fanicamente con fines de an\u00e1lisis interno y para mejorar nuestros servicios. No compartiremos esta informaci\u00f3n con terceros sin tu consentimiento previo, salvo que sea requerido por ley.<\/p>\n\n\n\n<div style=\"height:31px\" aria-hidden=\"true\" class=\"wp-block-spacer\"><\/div>\n\n\n\n<h2 class=\"wp-block-heading\">6. Limitaci\u00f3n de Responsabilidad<\/h2>\n\n\n\n<p>www.iglesiaschiloe.cl no ser\u00e1 responsable de ning\u00fan da\u00f1o directo, indirecto, incidental, especial o consecuente que resulte del uso o la imposibilidad de usar nuestro sitio web, incluso si hemos sido informados de la posibilidad de dichos da\u00f1os.<\/p>\n\n\n\n<div style=\"height:31px\" aria-hidden=\"true\" class=\"wp-block-spacer\"><\/div>\n\n\n\n<h2 class=\"wp-block-heading\">7. Cambios a los T\u00e9rminos<\/h2>\n\n\n\n<p>Nos reservamos el derecho de modificar estos T\u00e9rminos y Condiciones en cualquier momento. Cualquier cambio ser\u00e1 efectivo inmediatamente despu\u00e9s de su publicaci\u00f3n en nuestro sitio web. Tu uso continuado del sitio despu\u00e9s de cualquier cambio constituye tu aceptaci\u00f3n de los nuevos t\u00e9rminos.<\/p>\n\n\n\n<div style=\"height:30px\" aria-hidden=\"true\" class=\"wp-block-spacer\"><\/div>\n\n\n\n<h2 class=\"wp-block-heading\">8. Informaci\u00f3n de Contacto<\/h2>\n\n\n\n<p>Si tienes alguna pregunta o comentario sobre estos T\u00e9rminos y Condiciones, por favor, cont\u00e1ctanos a trav\u00e9s del <a href=\"http:\/\/localhost\/fundacion\/contacto\/\">formulario de contacto en nuestra p\u00e1gina Cont\u00e1ctanos<\/a>.<\/p>\n\n\n\n<p><\/p>\n","protected":false},"excerpt":{"rendered":"<p>Bienvenido a www.iglesiaschiloe.cl. Estos T\u00e9rminos y Condiciones rigen el uso de nuestro sitio web. Al acceder y utilizar nuestro sitio, aceptas cumplir con estos t\u00e9rminos. Si no est\u00e1s de acuerdo con alguna parte de los t\u00e9rminos, por favor, no utilices nuestro sitio web. 1. Uso del Sitio Al utilizar nuestro sitio web, aceptas no: 2. [&hellip;]<\/p>\n","protected":false},"author":1,"featured_media":0,"parent":0,"menu_order":0,"comment_status":"closed","ping_status":"closed","template":"","meta":{"_acf_changed":false,"footnotes":""},"class_list":["post-767","page","type-page","status-publish","hentry"],"acf":[],"_links":{"self":[{"href":"https:\/\/dev.antudigital.cl\/sites\/iglesiaschiloe\/wp-json\/wp\/v2\/pages\/767","targetHints":{"allow":["GET"]}}],"collection":[{"href":"https:\/\/dev.antudigital.cl\/sites\/iglesiaschiloe\/wp-json\/wp\/v2\/pages"}],"about":[{"href":"https:\/\/dev.antudigital.cl\/sites\/iglesiaschiloe\/wp-json\/wp\/v2\/types\/page"}],"author":[{"embeddable":true,"href":"https:\/\/dev.antudigital.cl\/sites\/iglesiaschiloe\/wp-json\/wp\/v2\/users\/1"}],"replies":[{"embeddable":true,"href":"https:\/\/dev.antudigital.cl\/sites\/iglesiaschiloe\/wp-json\/wp\/v2\/comments?post=767"}],"version-history":[{"count":12,"href":"https:\/\/dev.antudigital.cl\/sites\/iglesiaschiloe\/wp-json\/wp\/v2\/pages\/767\/revisions"}],"predecessor-version":[{"id":780,"href":"https:\/\/dev.antudigital.cl\/sites\/iglesiaschiloe\/wp-json\/wp\/v2\/pages\/767\/revisions\/780"}],"wp:attachment":[{"href":"https:\/\/dev.antudigital.cl\/sites\/iglesiaschiloe\/wp-json\/wp\/v2\/media?parent=767"}],"curies":[{"name":"wp","href":"https:\/\/api.w.org\/{rel}","templated":true}]}}