{"id":68,"date":"2025-10-02T13:54:14","date_gmt":"2025-10-02T16:54:14","guid":{"rendered":"https:\/\/dev.antudigital.cl\/sites\/rutaiglesiaschiloe\/?page_id=68"},"modified":"2025-10-06T21:40:29","modified_gmt":"2025-10-07T00:40:29","slug":"patrimonio","status":"publish","type":"page","link":"https:\/\/dev.antudigital.cl\/sites\/rutaiglesiaschiloe\/patrimonio\/","title":{"rendered":"PATRIMONIO DE LA HUMANIDAD"},"content":{"rendered":"\t\t<div data-elementor-type=\"wp-page\" data-elementor-id=\"68\" class=\"elementor elementor-68\" data-elementor-post-type=\"page\">\n\t\t\t\t<div class=\"elementor-element elementor-element-29afc99 e-flex e-con-boxed e-con e-parent\" data-id=\"29afc99\" data-element_type=\"container\" data-settings=\"{&quot;background_background&quot;:&quot;classic&quot;}\">\n\t\t\t\t\t<div class=\"e-con-inner\">\n\t\t\t\t<div class=\"elementor-element elementor-element-67f9ed9 elementor-widget elementor-widget-heading\" data-id=\"67f9ed9\" data-element_type=\"widget\" data-widget_type=\"heading.default\">\n\t\t\t\t\t<h1 class=\"elementor-heading-title elementor-size-default\">PATRIMONIO DE LA HUMANIDAD<\/h1>\t\t\t\t<\/div>\n\t\t\t\t\t<\/div>\n\t\t\t\t<\/div>\n\t\t<div class=\"elementor-element elementor-element-5497d3e e-flex e-con-boxed e-con e-parent\" data-id=\"5497d3e\" data-element_type=\"container\">\n\t\t\t\t\t<div class=\"e-con-inner\">\n\t\t\t\t<div class=\"elementor-element elementor-element-9845d96 elementor-widget elementor-widget-heading\" data-id=\"9845d96\" data-element_type=\"widget\" data-widget_type=\"heading.default\">\n\t\t\t\t\t<h3 class=\"elementor-heading-title elementor-size-default\">\u00bfQU\u00c9 SIGNIFICA ESTE RECONOCIMIENTO?<\/h3>\t\t\t\t<\/div>\n\t\t\t\t<div class=\"elementor-element elementor-element-5171c74 elementor-widget elementor-widget-text-editor\" data-id=\"5171c74\" data-element_type=\"widget\" data-widget_type=\"text-editor.default\">\n\t\t\t\t\t\t\t\t\t<p class=\"font-thin text-tinto text-[18px] mb-[20px] md:text-[26px] md:leading-[34px] md:mb-[25px]\">La UNESCO reconoce contados lugares en el mundo que tienen un valor excepcional para la humanidad. Esta excepcionalidad puede deberse a su rareza, representatividad, autenticidad, belleza o significado hist\u00f3rico.<\/p><p class=\"font-thin text-tinto text-[18px] mb-[20px] md:text-[26px] md:leading-[34px] md:mb-[25px]\">En general, son expresiones naturales o culturales que no existen en ninguna otra parte del mundo.<\/p>\t\t\t\t\t\t\t\t<\/div>\n\t\t\t\t\t<\/div>\n\t\t\t\t<\/div>\n\t\t<div class=\"elementor-element elementor-element-ccbc910 e-flex e-con-boxed e-con e-parent\" data-id=\"ccbc910\" data-element_type=\"container\" data-settings=\"{&quot;background_background&quot;:&quot;classic&quot;}\">\n\t\t\t\t\t<div class=\"e-con-inner\">\n\t\t\t\t<div class=\"elementor-element elementor-element-a8859e9 elementor-widget elementor-widget-heading\" data-id=\"a8859e9\" data-element_type=\"widget\" data-widget_type=\"heading.default\">\n\t\t\t\t\t<h3 class=\"elementor-heading-title elementor-size-default\">\u00bfCU\u00c1L ES EL VALOR EXCEPCIONAL DE LAS IGLESIAS DE CHILO\u00c9 SEG\u00daN LA UNESCO?<\/h3>\t\t\t\t<\/div>\n\t\t\t\t<div class=\"elementor-element elementor-element-ddd4257 elementor-widget elementor-widget-text-editor\" data-id=\"ddd4257\" data-element_type=\"widget\" data-widget_type=\"text-editor.default\">\n\t\t\t\t\t\t\t\t\t<ul class=\"list-disc md:ml-[100px]\"><li class=\"font-thin text-tinto text-[18px] md:text-[26px] md:leading-[34px] md:py-[10px]\">Son una forma \u00fanica de arquitectura en madera, producto de la\u00a0<b>fusi\u00f3n de tradiciones culturales<\/b>\u00a0europeas e ind\u00edgenas.<\/li><li class=\"font-thin text-tinto text-[18px] md:text-[26px] md:leading-[34px] md:py-[10px]\">Destacan por su\u00a0<b>dise\u00f1o arquitect\u00f3nico, materiales y sistemas constructivos,<\/b>\u00a0y por la maestr\u00eda de los carpinteros que las levantaron.<\/li><li class=\"font-thin text-tinto text-[18px] md:text-[26px] md:leading-[34px] md:py-[10px]\">Las pr\u00e1cticas devocionales y comunitarias, los festivales religiosos y las actividades grupales de apoyo como la minga son componentes clave de los valores intangibles de la\u00a0<b>relaci\u00f3n entre las comunidades y las iglesias.<\/b><\/li><\/ul>\t\t\t\t\t\t\t\t<\/div>\n\t\t\t\t<div class=\"elementor-element elementor-element-aadbe06 elementor-widget elementor-widget-image\" data-id=\"aadbe06\" data-element_type=\"widget\" data-widget_type=\"image.default\">\n\t\t\t\t\t\t\t\t\t\t\t\t\t\t\t\t<a href=\"https:\/\/whc.unesco.org\/es\/list\/971\" target=\"_blank\">\n\t\t\t\t\t\t\t<img decoding=\"async\" width=\"243\" height=\"61\" src=\"https:\/\/dev.antudigital.cl\/sites\/rutaiglesiaschiloe\/wp-content\/uploads\/2025\/10\/btn-mas.svg\" class=\"attachment-full size-full wp-image-58\" alt=\"\" \/>\t\t\t\t\t\t\t\t<\/a>\n\t\t\t\t\t\t\t\t\t\t\t\t\t\t\t<\/div>\n\t\t\t\t\t<\/div>\n\t\t\t\t<\/div>\n\t\t<div class=\"elementor-element elementor-element-f624ab5 e-flex e-con-boxed e-con e-parent\" data-id=\"f624ab5\" data-element_type=\"container\" data-settings=\"{&quot;background_background&quot;:&quot;classic&quot;}\">\n\t\t\t\t\t<div class=\"e-con-inner\">\n\t\t<div class=\"elementor-element elementor-element-b5036cc e-con-full e-flex e-con e-child\" data-id=\"b5036cc\" data-element_type=\"container\">\n\t\t\t\t<div class=\"elementor-element elementor-element-b3ef11e elementor-widget elementor-widget-image\" data-id=\"b3ef11e\" data-element_type=\"widget\" data-widget_type=\"image.default\">\n\t\t\t\t\t\t\t\t\t\t\t\t\t\t\t<img fetchpriority=\"high\" decoding=\"async\" width=\"1200\" height=\"1600\" src=\"https:\/\/dev.antudigital.cl\/sites\/rutaiglesiaschiloe\/wp-content\/uploads\/2025\/10\/patrimonio-01-1.webp\" class=\"attachment-full size-full wp-image-302\" alt=\"\" srcset=\"https:\/\/dev.antudigital.cl\/sites\/rutaiglesiaschiloe\/wp-content\/uploads\/2025\/10\/patrimonio-01-1.webp 1200w, https:\/\/dev.antudigital.cl\/sites\/rutaiglesiaschiloe\/wp-content\/uploads\/2025\/10\/patrimonio-01-1-225x300.webp 225w, https:\/\/dev.antudigital.cl\/sites\/rutaiglesiaschiloe\/wp-content\/uploads\/2025\/10\/patrimonio-01-1-768x1024.webp 768w, https:\/\/dev.antudigital.cl\/sites\/rutaiglesiaschiloe\/wp-content\/uploads\/2025\/10\/patrimonio-01-1-1152x1536.webp 1152w\" sizes=\"(max-width: 1200px) 100vw, 1200px\" \/>\t\t\t\t\t\t\t\t\t\t\t\t\t\t\t<\/div>\n\t\t\t\t<\/div>\n\t\t<div class=\"elementor-element elementor-element-3751c66 e-con-full e-flex e-con e-child\" data-id=\"3751c66\" data-element_type=\"container\">\n\t\t\t\t<div class=\"elementor-element elementor-element-39d17e9 elementor-widget elementor-widget-text-editor\" data-id=\"39d17e9\" data-element_type=\"widget\" data-widget_type=\"text-editor.default\">\n\t\t\t\t\t\t\t\t\t<p class=\"font-thin text-tinto text-[18px] leading-normal md:text-[26px] md:leading-[34px] md:mb-[25px]\">El Sitio de Patrimonio Mundial es administrado por la\u00a0<b>Fundaci\u00f3n Iglesias de Chilo\u00e9.<\/b><\/p><p class=\"font-thin text-tinto text-[18px] leading-normal md:text-[26px] md:leading-[34px] md:mb-[25px]\">Al interior de la antigua iglesia de la Inmaculada Concepci\u00f3n de Ancud, la Fundaci\u00f3n cuenta con un museo que invita a conocer m\u00e1s acerca de la historia y valor de las iglesias de Chilo\u00e9.<\/p>\t\t\t\t\t\t\t\t<\/div>\n\t\t\t\t<div class=\"elementor-element elementor-element-c8afc69 elementor-widget elementor-widget-image\" data-id=\"c8afc69\" data-element_type=\"widget\" data-widget_type=\"image.default\">\n\t\t\t\t\t\t\t\t\t\t\t\t\t\t\t\t<a href=\"https:\/\/dev.antudigital.cl\/sites\/rutaiglesiaschiloe\">\n\t\t\t\t\t\t\t<img decoding=\"async\" width=\"243\" height=\"61\" src=\"https:\/\/dev.antudigital.cl\/sites\/rutaiglesiaschiloe\/wp-content\/uploads\/2025\/10\/btn-mas.svg\" class=\"attachment-full size-full wp-image-58\" alt=\"\" \/>\t\t\t\t\t\t\t\t<\/a>\n\t\t\t\t\t\t\t\t\t\t\t\t\t\t\t<\/div>\n\t\t\t\t<\/div>\n\t\t\t\t\t<\/div>\n\t\t\t\t<\/div>\n\t\t<div class=\"elementor-element elementor-element-4fe6046 e-flex e-con-boxed e-con e-parent\" data-id=\"4fe6046\" data-element_type=\"container\">\n\t\t\t\t\t<div class=\"e-con-inner\">\n\t\t\t\t<div class=\"elementor-element elementor-element-6c2b58d elementor-widget elementor-widget-gallery\" data-id=\"6c2b58d\" data-element_type=\"widget\" data-settings=\"{&quot;gallery_layout&quot;:&quot;justified&quot;,&quot;ideal_row_height_tablet&quot;:{&quot;unit&quot;:&quot;px&quot;,&quot;size&quot;:250,&quot;sizes&quot;:[]},&quot;ideal_row_height_mobile&quot;:{&quot;unit&quot;:&quot;px&quot;,&quot;size&quot;:260,&quot;sizes&quot;:[]},&quot;gap&quot;:{&quot;unit&quot;:&quot;px&quot;,&quot;size&quot;:15,&quot;sizes&quot;:[]},&quot;lazyload&quot;:&quot;yes&quot;,&quot;ideal_row_height&quot;:{&quot;unit&quot;:&quot;px&quot;,&quot;size&quot;:200,&quot;sizes&quot;:[]},&quot;gap_tablet&quot;:{&quot;unit&quot;:&quot;px&quot;,&quot;size&quot;:10,&quot;sizes&quot;:[]},&quot;gap_mobile&quot;:{&quot;unit&quot;:&quot;px&quot;,&quot;size&quot;:10,&quot;sizes&quot;:[]},&quot;link_to&quot;:&quot;file&quot;,&quot;overlay_background&quot;:&quot;yes&quot;,&quot;content_hover_animation&quot;:&quot;fade-in&quot;}\" data-widget_type=\"gallery.default\">\n\t\t\t\t\t\t\t<div class=\"elementor-gallery__container\">\n\t\t\t\t\t\t\t<a class=\"e-gallery-item elementor-gallery-item elementor-animated-content\" href=\"https:\/\/dev.antudigital.cl\/sites\/rutaiglesiaschiloe\/wp-content\/uploads\/2025\/10\/patrimonio_galeria_08.jpg\" data-elementor-open-lightbox=\"yes\" data-elementor-lightbox-slideshow=\"6c2b58d\" data-elementor-lightbox-title=\"patrimonio_galeria_08\" data-e-action-hash=\"#elementor-action%3Aaction%3Dlightbox%26settings%3DeyJpZCI6MzAzLCJ1cmwiOiJodHRwczpcL1wvZGV2LmFudHVkaWdpdGFsLmNsXC9zaXRlc1wvcnV0YWlnbGVzaWFzY2hpbG9lXC93cC1jb250ZW50XC91cGxvYWRzXC8yMDI1XC8xMFwvcGF0cmltb25pb19nYWxlcmlhXzA4LmpwZyIsInNsaWRlc2hvdyI6IjZjMmI1OGQifQ%3D%3D\">\n\t\t\t\t\t<div class=\"e-gallery-image elementor-gallery-item__image\" data-thumbnail=\"https:\/\/dev.antudigital.cl\/sites\/rutaiglesiaschiloe\/wp-content\/uploads\/2025\/10\/patrimonio_galeria_08.jpg\" data-width=\"1860\" data-height=\"1240\" aria-label=\"\" role=\"img\" ><\/div>\n\t\t\t\t\t\t\t\t\t\t\t<div class=\"elementor-gallery-item__overlay\"><\/div>\n\t\t\t\t\t\t\t\t\t\t\t\t\t\t<\/a>\n\t\t\t\t\t\t\t<a class=\"e-gallery-item elementor-gallery-item elementor-animated-content\" href=\"https:\/\/dev.antudigital.cl\/sites\/rutaiglesiaschiloe\/wp-content\/uploads\/2025\/10\/patrimonio_galeria_01.jpg\" data-elementor-open-lightbox=\"yes\" data-elementor-lightbox-slideshow=\"6c2b58d\" data-elementor-lightbox-title=\"patrimonio_galeria_01\" data-e-action-hash=\"#elementor-action%3Aaction%3Dlightbox%26settings%3DeyJpZCI6MzA0LCJ1cmwiOiJodHRwczpcL1wvZGV2LmFudHVkaWdpdGFsLmNsXC9zaXRlc1wvcnV0YWlnbGVzaWFzY2hpbG9lXC93cC1jb250ZW50XC91cGxvYWRzXC8yMDI1XC8xMFwvcGF0cmltb25pb19nYWxlcmlhXzAxLmpwZyIsInNsaWRlc2hvdyI6IjZjMmI1OGQifQ%3D%3D\">\n\t\t\t\t\t<div class=\"e-gallery-image elementor-gallery-item__image\" data-thumbnail=\"https:\/\/dev.antudigital.cl\/sites\/rutaiglesiaschiloe\/wp-content\/uploads\/2025\/10\/patrimonio_galeria_01.jpg\" data-width=\"1860\" data-height=\"1045\" aria-label=\"\" role=\"img\" ><\/div>\n\t\t\t\t\t\t\t\t\t\t\t<div class=\"elementor-gallery-item__overlay\"><\/div>\n\t\t\t\t\t\t\t\t\t\t\t\t\t\t<\/a>\n\t\t\t\t\t\t\t<a class=\"e-gallery-item elementor-gallery-item elementor-animated-content\" href=\"https:\/\/dev.antudigital.cl\/sites\/rutaiglesiaschiloe\/wp-content\/uploads\/2025\/10\/patrimonio_galeria_02.jpg\" data-elementor-open-lightbox=\"yes\" data-elementor-lightbox-slideshow=\"6c2b58d\" data-elementor-lightbox-title=\"patrimonio_galeria_02\" data-e-action-hash=\"#elementor-action%3Aaction%3Dlightbox%26settings%3DeyJpZCI6MzA1LCJ1cmwiOiJodHRwczpcL1wvZGV2LmFudHVkaWdpdGFsLmNsXC9zaXRlc1wvcnV0YWlnbGVzaWFzY2hpbG9lXC93cC1jb250ZW50XC91cGxvYWRzXC8yMDI1XC8xMFwvcGF0cmltb25pb19nYWxlcmlhXzAyLmpwZyIsInNsaWRlc2hvdyI6IjZjMmI1OGQifQ%3D%3D\">\n\t\t\t\t\t<div class=\"e-gallery-image elementor-gallery-item__image\" data-thumbnail=\"https:\/\/dev.antudigital.cl\/sites\/rutaiglesiaschiloe\/wp-content\/uploads\/2025\/10\/patrimonio_galeria_02.jpg\" data-width=\"1860\" data-height=\"1045\" aria-label=\"\" role=\"img\" ><\/div>\n\t\t\t\t\t\t\t\t\t\t\t<div class=\"elementor-gallery-item__overlay\"><\/div>\n\t\t\t\t\t\t\t\t\t\t\t\t\t\t<\/a>\n\t\t\t\t\t\t\t<a class=\"e-gallery-item elementor-gallery-item elementor-animated-content\" href=\"https:\/\/dev.antudigital.cl\/sites\/rutaiglesiaschiloe\/wp-content\/uploads\/2025\/10\/patrimonio_galeria_03.jpg\" data-elementor-open-lightbox=\"yes\" data-elementor-lightbox-slideshow=\"6c2b58d\" data-elementor-lightbox-title=\"patrimonio_galeria_03\" data-e-action-hash=\"#elementor-action%3Aaction%3Dlightbox%26settings%3DeyJpZCI6MzA2LCJ1cmwiOiJodHRwczpcL1wvZGV2LmFudHVkaWdpdGFsLmNsXC9zaXRlc1wvcnV0YWlnbGVzaWFzY2hpbG9lXC93cC1jb250ZW50XC91cGxvYWRzXC8yMDI1XC8xMFwvcGF0cmltb25pb19nYWxlcmlhXzAzLmpwZyIsInNsaWRlc2hvdyI6IjZjMmI1OGQifQ%3D%3D\">\n\t\t\t\t\t<div class=\"e-gallery-image elementor-gallery-item__image\" data-thumbnail=\"https:\/\/dev.antudigital.cl\/sites\/rutaiglesiaschiloe\/wp-content\/uploads\/2025\/10\/patrimonio_galeria_03.jpg\" data-width=\"1860\" data-height=\"1045\" aria-label=\"\" role=\"img\" ><\/div>\n\t\t\t\t\t\t\t\t\t\t\t<div class=\"elementor-gallery-item__overlay\"><\/div>\n\t\t\t\t\t\t\t\t\t\t\t\t\t\t<\/a>\n\t\t\t\t\t\t\t<a class=\"e-gallery-item elementor-gallery-item elementor-animated-content\" href=\"https:\/\/dev.antudigital.cl\/sites\/rutaiglesiaschiloe\/wp-content\/uploads\/2025\/10\/patrimonio_galeria_04.jpg\" data-elementor-open-lightbox=\"yes\" data-elementor-lightbox-slideshow=\"6c2b58d\" data-elementor-lightbox-title=\"patrimonio_galeria_04\" data-e-action-hash=\"#elementor-action%3Aaction%3Dlightbox%26settings%3DeyJpZCI6MzA3LCJ1cmwiOiJodHRwczpcL1wvZGV2LmFudHVkaWdpdGFsLmNsXC9zaXRlc1wvcnV0YWlnbGVzaWFzY2hpbG9lXC93cC1jb250ZW50XC91cGxvYWRzXC8yMDI1XC8xMFwvcGF0cmltb25pb19nYWxlcmlhXzA0LmpwZyIsInNsaWRlc2hvdyI6IjZjMmI1OGQifQ%3D%3D\">\n\t\t\t\t\t<div class=\"e-gallery-image elementor-gallery-item__image\" data-thumbnail=\"https:\/\/dev.antudigital.cl\/sites\/rutaiglesiaschiloe\/wp-content\/uploads\/2025\/10\/patrimonio_galeria_04.jpg\" data-width=\"1860\" data-height=\"1240\" aria-label=\"\" role=\"img\" ><\/div>\n\t\t\t\t\t\t\t\t\t\t\t<div class=\"elementor-gallery-item__overlay\"><\/div>\n\t\t\t\t\t\t\t\t\t\t\t\t\t\t<\/a>\n\t\t\t\t\t\t\t<a class=\"e-gallery-item elementor-gallery-item elementor-animated-content\" href=\"https:\/\/dev.antudigital.cl\/sites\/rutaiglesiaschiloe\/wp-content\/uploads\/2025\/10\/patrimonio_galeria_05.jpg\" data-elementor-open-lightbox=\"yes\" data-elementor-lightbox-slideshow=\"6c2b58d\" data-elementor-lightbox-title=\"patrimonio_galeria_05\" data-e-action-hash=\"#elementor-action%3Aaction%3Dlightbox%26settings%3DeyJpZCI6MzA4LCJ1cmwiOiJodHRwczpcL1wvZGV2LmFudHVkaWdpdGFsLmNsXC9zaXRlc1wvcnV0YWlnbGVzaWFzY2hpbG9lXC93cC1jb250ZW50XC91cGxvYWRzXC8yMDI1XC8xMFwvcGF0cmltb25pb19nYWxlcmlhXzA1LmpwZyIsInNsaWRlc2hvdyI6IjZjMmI1OGQifQ%3D%3D\">\n\t\t\t\t\t<div class=\"e-gallery-image elementor-gallery-item__image\" data-thumbnail=\"https:\/\/dev.antudigital.cl\/sites\/rutaiglesiaschiloe\/wp-content\/uploads\/2025\/10\/patrimonio_galeria_05.jpg\" data-width=\"1860\" data-height=\"1240\" aria-label=\"\" role=\"img\" ><\/div>\n\t\t\t\t\t\t\t\t\t\t\t<div class=\"elementor-gallery-item__overlay\"><\/div>\n\t\t\t\t\t\t\t\t\t\t\t\t\t\t<\/a>\n\t\t\t\t\t\t\t<a class=\"e-gallery-item elementor-gallery-item elementor-animated-content\" href=\"https:\/\/dev.antudigital.cl\/sites\/rutaiglesiaschiloe\/wp-content\/uploads\/2025\/10\/patrimonio_galeria_06.jpg\" data-elementor-open-lightbox=\"yes\" data-elementor-lightbox-slideshow=\"6c2b58d\" data-elementor-lightbox-title=\"patrimonio_galeria_06\" data-e-action-hash=\"#elementor-action%3Aaction%3Dlightbox%26settings%3DeyJpZCI6MzA5LCJ1cmwiOiJodHRwczpcL1wvZGV2LmFudHVkaWdpdGFsLmNsXC9zaXRlc1wvcnV0YWlnbGVzaWFzY2hpbG9lXC93cC1jb250ZW50XC91cGxvYWRzXC8yMDI1XC8xMFwvcGF0cmltb25pb19nYWxlcmlhXzA2LmpwZyIsInNsaWRlc2hvdyI6IjZjMmI1OGQifQ%3D%3D\">\n\t\t\t\t\t<div class=\"e-gallery-image elementor-gallery-item__image\" data-thumbnail=\"https:\/\/dev.antudigital.cl\/sites\/rutaiglesiaschiloe\/wp-content\/uploads\/2025\/10\/patrimonio_galeria_06.jpg\" data-width=\"1860\" data-height=\"1240\" aria-label=\"\" role=\"img\" ><\/div>\n\t\t\t\t\t\t\t\t\t\t\t<div class=\"elementor-gallery-item__overlay\"><\/div>\n\t\t\t\t\t\t\t\t\t\t\t\t\t\t<\/a>\n\t\t\t\t\t\t\t<a class=\"e-gallery-item elementor-gallery-item elementor-animated-content\" href=\"https:\/\/dev.antudigital.cl\/sites\/rutaiglesiaschiloe\/wp-content\/uploads\/2025\/10\/patrimonio_galeria_07.jpg\" data-elementor-open-lightbox=\"yes\" data-elementor-lightbox-slideshow=\"6c2b58d\" data-elementor-lightbox-title=\"patrimonio_galeria_07\" data-e-action-hash=\"#elementor-action%3Aaction%3Dlightbox%26settings%3DeyJpZCI6MzEwLCJ1cmwiOiJodHRwczpcL1wvZGV2LmFudHVkaWdpdGFsLmNsXC9zaXRlc1wvcnV0YWlnbGVzaWFzY2hpbG9lXC93cC1jb250ZW50XC91cGxvYWRzXC8yMDI1XC8xMFwvcGF0cmltb25pb19nYWxlcmlhXzA3LmpwZyIsInNsaWRlc2hvdyI6IjZjMmI1OGQifQ%3D%3D\">\n\t\t\t\t\t<div class=\"e-gallery-image elementor-gallery-item__image\" data-thumbnail=\"https:\/\/dev.antudigital.cl\/sites\/rutaiglesiaschiloe\/wp-content\/uploads\/2025\/10\/patrimonio_galeria_07.jpg\" data-width=\"1333\" data-height=\"2000\" aria-label=\"\" role=\"img\" ><\/div>\n\t\t\t\t\t\t\t\t\t\t\t<div class=\"elementor-gallery-item__overlay\"><\/div>\n\t\t\t\t\t\t\t\t\t\t\t\t\t\t<\/a>\n\t\t\t\t\t<\/div>\n\t\t\t\t\t<\/div>\n\t\t\t\t<div class=\"elementor-element elementor-element-0ed2f53 elementor-widget elementor-widget-image\" data-id=\"0ed2f53\" data-element_type=\"widget\" data-widget_type=\"image.default\">\n\t\t\t\t\t\t\t\t\t\t\t\t\t\t\t\t<a href=\"https:\/\/dev.antudigital.cl\/sites\/rutaiglesiaschiloe\/iglesias\/\">\n\t\t\t\t\t\t\t<img decoding=\"async\" width=\"248\" height=\"64\" src=\"https:\/\/dev.antudigital.cl\/sites\/rutaiglesiaschiloe\/wp-content\/uploads\/2025\/10\/btn-volver.svg\" class=\"elementor-animation-grow attachment-full size-full wp-image-204\" alt=\"\" \/>\t\t\t\t\t\t\t\t<\/a>\n\t\t\t\t\t\t\t\t\t\t\t\t\t\t\t<\/div>\n\t\t\t\t\t<\/div>\n\t\t\t\t<\/div>\n\t\t\t\t<\/div>\n\t\t","protected":false},"excerpt":{"rendered":"<p>\u00bfQU\u00c9 SIGNIFICA ESTE RECONOCIMIENTO? La UNESCO reconoce contados lugares en el mundo que tienen un valor excepcional para la humanidad. Esta excepcionalidad puede deberse a su rareza, representatividad, autenticidad, belleza o significado hist\u00f3rico. En general, son expresiones naturales o culturales que no existen en ninguna otra parte del mundo. \u00bfCU\u00c1L ES EL VALOR EXCEPCIONAL DE [&hellip;]<\/p>\n","protected":false},"author":1,"featured_media":0,"parent":0,"menu_order":0,"comment_status":"closed","ping_status":"closed","template":"elementor_header_footer","meta":{"_acf_changed":false,"footnotes":""},"class_list":["post-68","page","type-page","status-publish","hentry"],"acf":[],"_links":{"self":[{"href":"https:\/\/dev.antudigital.cl\/sites\/rutaiglesiaschiloe\/wp-json\/wp\/v2\/pages\/68","targetHints":{"allow":["GET"]}}],"collection":[{"href":"https:\/\/dev.antudigital.cl\/sites\/rutaiglesiaschiloe\/wp-json\/wp\/v2\/pages"}],"about":[{"href":"https:\/\/dev.antudigital.cl\/sites\/rutaiglesiaschiloe\/wp-json\/wp\/v2\/types\/page"}],"author":[{"embeddable":true,"href":"https:\/\/dev.antudigital.cl\/sites\/rutaiglesiaschiloe\/wp-json\/wp\/v2\/users\/1"}],"replies":[{"embeddable":true,"href":"https:\/\/dev.antudigital.cl\/sites\/rutaiglesiaschiloe\/wp-json\/wp\/v2\/comments?post=68"}],"version-history":[{"count":20,"href":"https:\/\/dev.antudigital.cl\/sites\/rutaiglesiaschiloe\/wp-json\/wp\/v2\/pages\/68\/revisions"}],"predecessor-version":[{"id":336,"href":"https:\/\/dev.antudigital.cl\/sites\/rutaiglesiaschiloe\/wp-json\/wp\/v2\/pages\/68\/revisions\/336"}],"wp:attachment":[{"href":"https:\/\/dev.antudigital.cl\/sites\/rutaiglesiaschiloe\/wp-json\/wp\/v2\/media?parent=68"}],"curies":[{"name":"wp","href":"https:\/\/api.w.org\/{rel}","templated":true}]}}