{"version":"1.0","provider_name":"Valpara\u00ed\u00adso Creativo","provider_url":"https:\/\/dev.antudigital.cl\/sites\/vc","title":"Cartelera Teatro Munipal de Vi\u00f1a del Mar - Valpara\u00ed\u00adso Creativo","type":"rich","width":600,"height":338,"html":"<blockquote class=\"wp-embedded-content\" data-secret=\"HbounzB7Pv\"><a href=\"https:\/\/dev.antudigital.cl\/sites\/vc\/cartelera-teatro-munipal-de-vina-del-mar\/\">Cartelera Teatro Munipal de Vi\u00f1a del Mar<\/a><\/blockquote><iframe sandbox=\"allow-scripts\" security=\"restricted\" src=\"https:\/\/dev.antudigital.cl\/sites\/vc\/cartelera-teatro-munipal-de-vina-del-mar\/embed\/#?secret=HbounzB7Pv\" width=\"600\" height=\"338\" title=\"\u00abCartelera Teatro Munipal de Vi\u00f1a del Mar\u00bb \u2014 Valpara\u00ed\u00adso Creativo\" data-secret=\"HbounzB7Pv\" frameborder=\"0\" marginwidth=\"0\" marginheight=\"0\" scrolling=\"no\" class=\"wp-embedded-content\"><\/iframe><script>\n\/*! This file is auto-generated *\/\n!function(d,l){\"use strict\";l.querySelector&&d.addEventListener&&\"undefined\"!=typeof URL&&(d.wp=d.wp||{},d.wp.receiveEmbedMessage||(d.wp.receiveEmbedMessage=function(e){var t=e.data;if((t||t.secret||t.message||t.value)&&!\/[^a-zA-Z0-9]\/.test(t.secret)){for(var s,r,n,a=l.querySelectorAll('iframe[data-secret=\"'+t.secret+'\"]'),o=l.querySelectorAll('blockquote[data-secret=\"'+t.secret+'\"]'),c=new RegExp(\"^https?:$\",\"i\"),i=0;i<o.length;i++)o[i].style.display=\"none\";for(i=0;i<a.length;i++)s=a[i],e.source===s.contentWindow&&(s.removeAttribute(\"style\"),\"height\"===t.message?(1e3<(r=parseInt(t.value,10))?r=1e3:~~r<200&&(r=200),s.height=r):\"link\"===t.message&&(r=new URL(s.getAttribute(\"src\")),n=new URL(t.value),c.test(n.protocol))&&n.host===r.host&&l.activeElement===s&&(d.top.location.href=t.value))}},d.addEventListener(\"message\",d.wp.receiveEmbedMessage,!1),l.addEventListener(\"DOMContentLoaded\",function(){for(var e,t,s=l.querySelectorAll(\"iframe.wp-embedded-content\"),r=0;r<s.length;r++)(t=(e=s[r]).getAttribute(\"data-secret\"))||(t=Math.random().toString(36).substring(2,12),e.src+=\"#?secret=\"+t,e.setAttribute(\"data-secret\",t)),e.contentWindow.postMessage({message:\"ready\",secret:t},\"*\")},!1)))}(window,document);\n\/\/# sourceURL=https:\/\/dev.antudigital.cl\/sites\/vc\/wp-includes\/js\/wp-embed.min.js\n<\/script>\n","thumbnail_url":"https:\/\/dev.antudigital.cl\/sites\/vc\/wp-content\/uploads\/2024\/08\/Captura-de-Pantalla-2024-08-05-a-las-18.48.17.png","thumbnail_width":623,"thumbnail_height":626,"description":"El Municipio de Cuidados se complace en presentar la cartelera de agosto del Teatro Municipal. Este mes, ofrecemos una programaci\u00f3n diversa y emocionante para todos los gustos. No te pierdas la obra familiar \u201cPapelucho Casi, Caaasi Hu\u00e9rfano\u201d, de la Compa\u00f1\u00eda Teatro del Canto, el en\u00e9rgico espect\u00e1culo de Illapu con \u201cEl Grito de la Raza\u201d, y [&hellip;]"}

Valparaí­so Creativo

Cartelera Teatro Munipal de Viña del Mar - Valparaí­so Creativo

<blockquote class="wp-embedded-content" data-secret="HbounzB7Pv"><a href="https://dev.antudigital.cl/sites/vc/cartelera-teatro-munipal-de-vina-del-mar/">Cartelera Teatro Munipal de Viña del Mar</a></blockquote><iframe sandbox="allow-scripts" security="restricted" src="https://dev.antudigital.cl/sites/vc/cartelera-teatro-munipal-de-vina-del-mar/embed/#?secret=HbounzB7Pv" width="600" height="338" title="«Cartelera Teatro Munipal de Viña del Mar» — Valparaí­so Creativo" data-secret="HbounzB7Pv" frameborder="0" marginwidth="0" marginheight="0" scrolling="no" class="wp-embedded-content"></iframe><script>
/*! This file is auto-generated */
!function(d,l){"use strict";l.querySelector&&d.addEventListener&&"undefined"!=typeof URL&&(d.wp=d.wp||{},d.wp.receiveEmbedMessage||(d.wp.receiveEmbedMessage=function(e){var t=e.data;if((t||t.secret||t.message||t.value)&&!/[^a-zA-Z0-9]/.test(t.secret)){for(var s,r,n,a=l.querySelectorAll('iframe[data-secret="'+t.secret+'"]'),o=l.querySelectorAll('blockquote[data-secret="'+t.secret+'"]'),c=new RegExp("^https?:$","i"),i=0;i<o.length;i++)o[i].style.display="none";for(i=0;i<a.length;i++)s=a[i],e.source===s.contentWindow&&(s.removeAttribute("style"),"height"===t.message?(1e3<(r=parseInt(t.value,10))?r=1e3:~~r<200&&(r=200),s.height=r):"link"===t.message&&(r=new URL(s.getAttribute("src")),n=new URL(t.value),c.test(n.protocol))&&n.host===r.host&&l.activeElement===s&&(d.top.location.href=t.value))}},d.addEventListener("message",d.wp.receiveEmbedMessage,!1),l.addEventListener("DOMContentLoaded",function(){for(var e,t,s=l.querySelectorAll("iframe.wp-embedded-content"),r=0;r<s.length;r++)(t=(e=s[r]).getAttribute("data-secret"))||(t=Math.random().toString(36).substring(2,12),e.src+="#?secret="+t,e.setAttribute("data-secret",t)),e.contentWindow.postMessage({message:"ready",secret:t},"*")},!1)))}(window,document);
//# sourceURL=https://dev.antudigital.cl/sites/vc/wp-includes/js/wp-embed.min.js
</script>

El Municipio de Cuidados se complace en presentar la cartelera de agosto del Teatro Municipal. Este mes, ofrecemos una programación diversa y emocionante para todos los gustos. No te pierdas la obra familiar “Papelucho Casi, Caaasi Huérfano”, de la Compañía Teatro del Canto, el enérgico espectáculo de Illapu con “El Grito de la Raza”, y [&hellip;]
