{"version":"1.0","provider_name":"Valpara\u00ed\u00adso Creativo","provider_url":"https:\/\/dev.antudigital.cl\/sites\/vc","title":"Aprendiendo sobre supra reciclaje: VESO Upcycling - Valpara\u00ed\u00adso Creativo","type":"rich","width":600,"height":338,"html":"<blockquote class=\"wp-embedded-content\" data-secret=\"2r4gb31Z3M\"><a href=\"https:\/\/dev.antudigital.cl\/sites\/vc\/conociendo-sobre-supra-reciclaje-veso-upcycling\/\">Aprendiendo sobre supra reciclaje: VESO Upcycling<\/a><\/blockquote><iframe sandbox=\"allow-scripts\" security=\"restricted\" src=\"https:\/\/dev.antudigital.cl\/sites\/vc\/conociendo-sobre-supra-reciclaje-veso-upcycling\/embed\/#?secret=2r4gb31Z3M\" width=\"600\" height=\"338\" title=\"\u00abAprendiendo sobre supra reciclaje: VESO Upcycling\u00bb \u2014 Valpara\u00ed\u00adso Creativo\" data-secret=\"2r4gb31Z3M\" frameborder=\"0\" marginwidth=\"0\" marginheight=\"0\" scrolling=\"no\" class=\"wp-embedded-content\"><\/iframe><script>\n\/*! This file is auto-generated *\/\n!function(d,l){\"use strict\";l.querySelector&&d.addEventListener&&\"undefined\"!=typeof URL&&(d.wp=d.wp||{},d.wp.receiveEmbedMessage||(d.wp.receiveEmbedMessage=function(e){var t=e.data;if((t||t.secret||t.message||t.value)&&!\/[^a-zA-Z0-9]\/.test(t.secret)){for(var s,r,n,a=l.querySelectorAll('iframe[data-secret=\"'+t.secret+'\"]'),o=l.querySelectorAll('blockquote[data-secret=\"'+t.secret+'\"]'),c=new RegExp(\"^https?:$\",\"i\"),i=0;i<o.length;i++)o[i].style.display=\"none\";for(i=0;i<a.length;i++)s=a[i],e.source===s.contentWindow&&(s.removeAttribute(\"style\"),\"height\"===t.message?(1e3<(r=parseInt(t.value,10))?r=1e3:~~r<200&&(r=200),s.height=r):\"link\"===t.message&&(r=new URL(s.getAttribute(\"src\")),n=new URL(t.value),c.test(n.protocol))&&n.host===r.host&&l.activeElement===s&&(d.top.location.href=t.value))}},d.addEventListener(\"message\",d.wp.receiveEmbedMessage,!1),l.addEventListener(\"DOMContentLoaded\",function(){for(var e,t,s=l.querySelectorAll(\"iframe.wp-embedded-content\"),r=0;r<s.length;r++)(t=(e=s[r]).getAttribute(\"data-secret\"))||(t=Math.random().toString(36).substring(2,12),e.src+=\"#?secret=\"+t,e.setAttribute(\"data-secret\",t)),e.contentWindow.postMessage({message:\"ready\",secret:t},\"*\")},!1)))}(window,document);\n\/\/# sourceURL=https:\/\/dev.antudigital.cl\/sites\/vc\/wp-includes\/js\/wp-embed.min.js\n<\/script>\n","thumbnail_url":"https:\/\/dev.antudigital.cl\/sites\/vc\/wp-content\/uploads\/2024\/03\/DSC09951-scaled.jpg","thumbnail_width":2560,"thumbnail_height":1704,"description":"Fotograf\u00edas de: VESO Upcycling Fernanda Jara compone VESO Upcycling, que hoy por hoy se est\u00e1 preparando para una importante pasarela sustentable de Madrid. Adem\u00e1s, es parte de la Red de Recuperadores Textil, quienes se han organizado para ayudar tras los incendios que afectaron a Vi\u00f1a del Mar. Est\u00e1 haciendo mil cosas, pero dentro de su [&hellip;]"}

Valparaí­so Creativo

Aprendiendo sobre supra reciclaje: VESO Upcycling - Valparaí­so Creativo

<blockquote class="wp-embedded-content" data-secret="2r4gb31Z3M"><a href="https://dev.antudigital.cl/sites/vc/conociendo-sobre-supra-reciclaje-veso-upcycling/">Aprendiendo sobre supra reciclaje: VESO Upcycling</a></blockquote><iframe sandbox="allow-scripts" security="restricted" src="https://dev.antudigital.cl/sites/vc/conociendo-sobre-supra-reciclaje-veso-upcycling/embed/#?secret=2r4gb31Z3M" width="600" height="338" title="«Aprendiendo sobre supra reciclaje: VESO Upcycling» — Valparaí­so Creativo" data-secret="2r4gb31Z3M" frameborder="0" marginwidth="0" marginheight="0" scrolling="no" class="wp-embedded-content"></iframe><script>
/*! This file is auto-generated */
!function(d,l){"use strict";l.querySelector&&d.addEventListener&&"undefined"!=typeof URL&&(d.wp=d.wp||{},d.wp.receiveEmbedMessage||(d.wp.receiveEmbedMessage=function(e){var t=e.data;if((t||t.secret||t.message||t.value)&&!/[^a-zA-Z0-9]/.test(t.secret)){for(var s,r,n,a=l.querySelectorAll('iframe[data-secret="'+t.secret+'"]'),o=l.querySelectorAll('blockquote[data-secret="'+t.secret+'"]'),c=new RegExp("^https?:$","i"),i=0;i<o.length;i++)o[i].style.display="none";for(i=0;i<a.length;i++)s=a[i],e.source===s.contentWindow&&(s.removeAttribute("style"),"height"===t.message?(1e3<(r=parseInt(t.value,10))?r=1e3:~~r<200&&(r=200),s.height=r):"link"===t.message&&(r=new URL(s.getAttribute("src")),n=new URL(t.value),c.test(n.protocol))&&n.host===r.host&&l.activeElement===s&&(d.top.location.href=t.value))}},d.addEventListener("message",d.wp.receiveEmbedMessage,!1),l.addEventListener("DOMContentLoaded",function(){for(var e,t,s=l.querySelectorAll("iframe.wp-embedded-content"),r=0;r<s.length;r++)(t=(e=s[r]).getAttribute("data-secret"))||(t=Math.random().toString(36).substring(2,12),e.src+="#?secret="+t,e.setAttribute("data-secret",t)),e.contentWindow.postMessage({message:"ready",secret:t},"*")},!1)))}(window,document);
//# sourceURL=https://dev.antudigital.cl/sites/vc/wp-includes/js/wp-embed.min.js
</script>

Fotografías de: VESO Upcycling Fernanda Jara compone VESO Upcycling, que hoy por hoy se está preparando para una importante pasarela sustentable de Madrid. Además, es parte de la Red de Recuperadores Textil, quienes se han organizado para ayudar tras los incendios que afectaron a Viña del Mar. Está haciendo mil cosas, pero dentro de su [&hellip;]
