{"id":26554,"date":"2025-11-10T17:05:50","date_gmt":"2025-11-10T20:05:50","guid":{"rendered":"https:\/\/www.valparaisocreativo.cl\/?post_type=event&#038;p=26554"},"modified":"2025-11-10T17:06:12","modified_gmt":"2025-11-10T20:06:12","slug":"masterclass-de-la-practica-artistica-a-la-investigacion-cientifica","status":"publish","type":"event","link":"https:\/\/dev.antudigital.cl\/sites\/vc\/event\/masterclass-de-la-practica-artistica-a-la-investigacion-cientifica\/","title":{"rendered":"Masterclass \u00abDe la pr\u00e1ctica art\u00edstica a la investigaci\u00f3n cient\u00edfica\u00bb"},"content":{"rendered":"\n<p><strong>Masterclass \u00abDe la pr\u00e1ctica art\u00edstica a la investigaci\u00f3n cient\u00edfica\u00bb que ser\u00e1 dictada por Francois-Joseph Lapointe\u00a0<\/strong>este\u00a0<strong>jueves 13 de noviembre a las 15:00 hrs<\/strong>\u00a0en el Auditorio de la Facultad de Ciencias Sociales de la Universidad de Valpara\u00edso (<strong>Hontaneda 2653<\/strong>\u00a0<a href=\"https:\/\/maps.app.goo.gl\/dzki5hFujbo7XGp48\" target=\"_blank\" rel=\"noreferrer noopener\">https:\/\/maps.app.goo.gl\/dzki5hFujbo7XGp48<\/a>).\u00a0\u00a0<\/p>\n\n\n\n<p><img decoding=\"async\" src=\"https:\/\/fonts.gstatic.com\/s\/e\/notoemoji\/16.0\/1f5d3_fe0f\/32.png\" alt=\"&#x1f5d3;&#xfe0f;\">\u00a0<strong>Jueves 13 de noviembre<\/strong><br><img decoding=\"async\" src=\"https:\/\/fonts.gstatic.com\/s\/e\/notoemoji\/16.0\/23f1_fe0f\/32.png\" alt=\"&#x23f1;&#xfe0f;\">\u00a0<strong>15:00 <\/strong><br><img decoding=\"async\" src=\"https:\/\/fonts.gstatic.com\/s\/e\/notoemoji\/16.0\/1f4cd\/32.png\" alt=\"&#x1f4cd;\">\u00a0<strong>Auditorio Facultad de Ciencias Sociales de la Universidad de Valpara\u00edso<\/strong><\/p>\n\n\n\n<p><strong>Entrada liberada<br><\/strong><\/p>\n\n\n\n<p><\/p>\n\n\n\n<p><\/p>\n","protected":false},"excerpt":{"rendered":"<p>Masterclass \u00abDe la pr\u00e1ctica art\u00edstica a la investigaci\u00f3n cient\u00edfica\u00bb que ser\u00e1 dictada por Francois-Joseph Lapointe\u00a0este\u00a0jueves 13 de noviembre a las 15:00 hrs\u00a0en el Auditorio de la Facultad de Ciencias Sociales de la Universidad de Valpara\u00edso (Hontaneda 2653\u00a0https:\/\/maps.app.goo.gl\/dzki5hFujbo7XGp48).\u00a0\u00a0 \u00a0Jueves 13 de noviembre\u00a015:00 \u00a0Auditorio Facultad de Ciencias Sociales de la Universidad de Valpara\u00edso Entrada liberada<\/p>\n","protected":false},"author":1,"featured_media":26555,"comment_status":"closed","ping_status":"closed","template":"","event_category":[],"event_tag":[661],"class_list":["post-26554","event","type-event","status-publish","has-post-thumbnail","hentry","event_tag-valparaiso-2"],"acf":[],"yoast_head":"<!-- This site is optimized with the Yoast SEO plugin v27.1.1 - https:\/\/yoast.com\/product\/yoast-seo-wordpress\/ -->\n<title>Masterclass &quot;De la pr\u00e1ctica art\u00edstica a la investigaci\u00f3n cient\u00edfica&quot; - Valpara\u00ed\u00adso Creativo<\/title>\n<meta name=\"robots\" content=\"index, follow, max-snippet:-1, max-image-preview:large, max-video-preview:-1\" \/>\n<link rel=\"canonical\" href=\"https:\/\/dev.antudigital.cl\/sites\/vc\/event\/masterclass-de-la-practica-artistica-a-la-investigacion-cientifica\/\" \/>\n<meta property=\"og:locale\" content=\"es_ES\" \/>\n<meta property=\"og:type\" content=\"article\" \/>\n<meta property=\"og:title\" content=\"Masterclass &quot;De la pr\u00e1ctica art\u00edstica a la investigaci\u00f3n cient\u00edfica&quot; - Valpara\u00ed\u00adso Creativo\" \/>\n<meta property=\"og:description\" content=\"Masterclass \u00abDe la pr\u00e1ctica art\u00edstica a la investigaci\u00f3n cient\u00edfica\u00bb que ser\u00e1 dictada por Francois-Joseph Lapointe\u00a0este\u00a0jueves 13 de noviembre a las 15:00 hrs\u00a0en el Auditorio de la Facultad de Ciencias Sociales de la Universidad de Valpara\u00edso (Hontaneda 2653\u00a0https:\/\/maps.app.goo.gl\/dzki5hFujbo7XGp48).\u00a0\u00a0 \u00a0Jueves 13 de noviembre\u00a015:00 \u00a0Auditorio Facultad de Ciencias Sociales de la Universidad de Valpara\u00edso Entrada liberada\" \/>\n<meta property=\"og:url\" content=\"https:\/\/dev.antudigital.cl\/sites\/vc\/event\/masterclass-de-la-practica-artistica-a-la-investigacion-cientifica\/\" \/>\n<meta property=\"og:site_name\" content=\"Valpara\u00ed\u00adso Creativo\" \/>\n<meta property=\"article:modified_time\" content=\"2025-11-10T20:06:12+00:00\" \/>\n<meta property=\"og:image\" content=\"https:\/\/dev.antudigital.cl\/sites\/vc\/wp-content\/uploads\/2025\/11\/Masterclass-.jpg\" \/>\n\t<meta property=\"og:image:width\" content=\"1024\" \/>\n\t<meta property=\"og:image:height\" content=\"1280\" \/>\n\t<meta property=\"og:image:type\" content=\"image\/jpeg\" \/>\n<meta name=\"twitter:card\" content=\"summary_large_image\" \/>\n<meta name=\"twitter:label1\" content=\"Tiempo de lectura\" \/>\n\t<meta name=\"twitter:data1\" content=\"2 minutos\" \/>\n<script type=\"application\/ld+json\" class=\"yoast-schema-graph\">{\"@context\":\"https:\/\/schema.org\",\"@graph\":[{\"@type\":\"WebPage\",\"@id\":\"https:\/\/dev.antudigital.cl\/sites\/vc\/event\/masterclass-de-la-practica-artistica-a-la-investigacion-cientifica\/\",\"url\":\"https:\/\/dev.antudigital.cl\/sites\/vc\/event\/masterclass-de-la-practica-artistica-a-la-investigacion-cientifica\/\",\"name\":\"Masterclass \\\"De la pr\u00e1ctica art\u00edstica a la investigaci\u00f3n cient\u00edfica\\\" - Valpara\u00ed\u00adso Creativo\",\"isPartOf\":{\"@id\":\"https:\/\/dev.antudigital.cl\/sites\/vc\/#website\"},\"primaryImageOfPage\":{\"@id\":\"https:\/\/dev.antudigital.cl\/sites\/vc\/event\/masterclass-de-la-practica-artistica-a-la-investigacion-cientifica\/#primaryimage\"},\"image\":{\"@id\":\"https:\/\/dev.antudigital.cl\/sites\/vc\/event\/masterclass-de-la-practica-artistica-a-la-investigacion-cientifica\/#primaryimage\"},\"thumbnailUrl\":\"https:\/\/dev.antudigital.cl\/sites\/vc\/wp-content\/uploads\/2025\/11\/Masterclass-.jpg\",\"datePublished\":\"2025-11-10T20:05:50+00:00\",\"dateModified\":\"2025-11-10T20:06:12+00:00\",\"breadcrumb\":{\"@id\":\"https:\/\/dev.antudigital.cl\/sites\/vc\/event\/masterclass-de-la-practica-artistica-a-la-investigacion-cientifica\/#breadcrumb\"},\"inLanguage\":\"es\",\"potentialAction\":[{\"@type\":\"ReadAction\",\"target\":[\"https:\/\/dev.antudigital.cl\/sites\/vc\/event\/masterclass-de-la-practica-artistica-a-la-investigacion-cientifica\/\"]}]},{\"@type\":\"ImageObject\",\"inLanguage\":\"es\",\"@id\":\"https:\/\/dev.antudigital.cl\/sites\/vc\/event\/masterclass-de-la-practica-artistica-a-la-investigacion-cientifica\/#primaryimage\",\"url\":\"https:\/\/dev.antudigital.cl\/sites\/vc\/wp-content\/uploads\/2025\/11\/Masterclass-.jpg\",\"contentUrl\":\"https:\/\/dev.antudigital.cl\/sites\/vc\/wp-content\/uploads\/2025\/11\/Masterclass-.jpg\",\"width\":1024,\"height\":1280},{\"@type\":\"BreadcrumbList\",\"@id\":\"https:\/\/dev.antudigital.cl\/sites\/vc\/event\/masterclass-de-la-practica-artistica-a-la-investigacion-cientifica\/#breadcrumb\",\"itemListElement\":[{\"@type\":\"ListItem\",\"position\":1,\"name\":\"Home\",\"item\":\"https:\/\/dev.antudigital.cl\/sites\/vc\/\"},{\"@type\":\"ListItem\",\"position\":2,\"name\":\"Events\",\"item\":\"https:\/\/dev.antudigital.cl\/sites\/vc\/event\/\"},{\"@type\":\"ListItem\",\"position\":3,\"name\":\"Masterclass \u00abDe la pr\u00e1ctica art\u00edstica a la investigaci\u00f3n cient\u00edfica\u00bb\"}]},{\"@type\":\"WebSite\",\"@id\":\"https:\/\/dev.antudigital.cl\/sites\/vc\/#website\",\"url\":\"https:\/\/dev.antudigital.cl\/sites\/vc\/\",\"name\":\"Valpara\u00ed\u00adso Creativo\",\"description\":\"\",\"potentialAction\":[{\"@type\":\"SearchAction\",\"target\":{\"@type\":\"EntryPoint\",\"urlTemplate\":\"https:\/\/dev.antudigital.cl\/sites\/vc\/?s={search_term_string}\"},\"query-input\":{\"@type\":\"PropertyValueSpecification\",\"valueRequired\":true,\"valueName\":\"search_term_string\"}}],\"inLanguage\":\"es\"}]}<\/script>\n<!-- \/ Yoast SEO plugin. -->","yoast_head_json":{"title":"Masterclass \"De la pr\u00e1ctica art\u00edstica a la investigaci\u00f3n cient\u00edfica\" - Valpara\u00ed\u00adso Creativo","robots":{"index":"index","follow":"follow","max-snippet":"max-snippet:-1","max-image-preview":"max-image-preview:large","max-video-preview":"max-video-preview:-1"},"canonical":"https:\/\/dev.antudigital.cl\/sites\/vc\/event\/masterclass-de-la-practica-artistica-a-la-investigacion-cientifica\/","og_locale":"es_ES","og_type":"article","og_title":"Masterclass \"De la pr\u00e1ctica art\u00edstica a la investigaci\u00f3n cient\u00edfica\" - Valpara\u00ed\u00adso Creativo","og_description":"Masterclass \u00abDe la pr\u00e1ctica art\u00edstica a la investigaci\u00f3n cient\u00edfica\u00bb que ser\u00e1 dictada por Francois-Joseph Lapointe\u00a0este\u00a0jueves 13 de noviembre a las 15:00 hrs\u00a0en el Auditorio de la Facultad de Ciencias Sociales de la Universidad de Valpara\u00edso (Hontaneda 2653\u00a0https:\/\/maps.app.goo.gl\/dzki5hFujbo7XGp48).\u00a0\u00a0 \u00a0Jueves 13 de noviembre\u00a015:00 \u00a0Auditorio Facultad de Ciencias Sociales de la Universidad de Valpara\u00edso Entrada liberada","og_url":"https:\/\/dev.antudigital.cl\/sites\/vc\/event\/masterclass-de-la-practica-artistica-a-la-investigacion-cientifica\/","og_site_name":"Valpara\u00ed\u00adso Creativo","article_modified_time":"2025-11-10T20:06:12+00:00","og_image":[{"width":1024,"height":1280,"url":"https:\/\/dev.antudigital.cl\/sites\/vc\/wp-content\/uploads\/2025\/11\/Masterclass-.jpg","type":"image\/jpeg"}],"twitter_card":"summary_large_image","twitter_misc":{"Tiempo de lectura":"2 minutos"},"schema":{"@context":"https:\/\/schema.org","@graph":[{"@type":"WebPage","@id":"https:\/\/dev.antudigital.cl\/sites\/vc\/event\/masterclass-de-la-practica-artistica-a-la-investigacion-cientifica\/","url":"https:\/\/dev.antudigital.cl\/sites\/vc\/event\/masterclass-de-la-practica-artistica-a-la-investigacion-cientifica\/","name":"Masterclass \"De la pr\u00e1ctica art\u00edstica a la investigaci\u00f3n cient\u00edfica\" - Valpara\u00ed\u00adso Creativo","isPartOf":{"@id":"https:\/\/dev.antudigital.cl\/sites\/vc\/#website"},"primaryImageOfPage":{"@id":"https:\/\/dev.antudigital.cl\/sites\/vc\/event\/masterclass-de-la-practica-artistica-a-la-investigacion-cientifica\/#primaryimage"},"image":{"@id":"https:\/\/dev.antudigital.cl\/sites\/vc\/event\/masterclass-de-la-practica-artistica-a-la-investigacion-cientifica\/#primaryimage"},"thumbnailUrl":"https:\/\/dev.antudigital.cl\/sites\/vc\/wp-content\/uploads\/2025\/11\/Masterclass-.jpg","datePublished":"2025-11-10T20:05:50+00:00","dateModified":"2025-11-10T20:06:12+00:00","breadcrumb":{"@id":"https:\/\/dev.antudigital.cl\/sites\/vc\/event\/masterclass-de-la-practica-artistica-a-la-investigacion-cientifica\/#breadcrumb"},"inLanguage":"es","potentialAction":[{"@type":"ReadAction","target":["https:\/\/dev.antudigital.cl\/sites\/vc\/event\/masterclass-de-la-practica-artistica-a-la-investigacion-cientifica\/"]}]},{"@type":"ImageObject","inLanguage":"es","@id":"https:\/\/dev.antudigital.cl\/sites\/vc\/event\/masterclass-de-la-practica-artistica-a-la-investigacion-cientifica\/#primaryimage","url":"https:\/\/dev.antudigital.cl\/sites\/vc\/wp-content\/uploads\/2025\/11\/Masterclass-.jpg","contentUrl":"https:\/\/dev.antudigital.cl\/sites\/vc\/wp-content\/uploads\/2025\/11\/Masterclass-.jpg","width":1024,"height":1280},{"@type":"BreadcrumbList","@id":"https:\/\/dev.antudigital.cl\/sites\/vc\/event\/masterclass-de-la-practica-artistica-a-la-investigacion-cientifica\/#breadcrumb","itemListElement":[{"@type":"ListItem","position":1,"name":"Home","item":"https:\/\/dev.antudigital.cl\/sites\/vc\/"},{"@type":"ListItem","position":2,"name":"Events","item":"https:\/\/dev.antudigital.cl\/sites\/vc\/event\/"},{"@type":"ListItem","position":3,"name":"Masterclass \u00abDe la pr\u00e1ctica art\u00edstica a la investigaci\u00f3n cient\u00edfica\u00bb"}]},{"@type":"WebSite","@id":"https:\/\/dev.antudigital.cl\/sites\/vc\/#website","url":"https:\/\/dev.antudigital.cl\/sites\/vc\/","name":"Valpara\u00ed\u00adso Creativo","description":"","potentialAction":[{"@type":"SearchAction","target":{"@type":"EntryPoint","urlTemplate":"https:\/\/dev.antudigital.cl\/sites\/vc\/?s={search_term_string}"},"query-input":{"@type":"PropertyValueSpecification","valueRequired":true,"valueName":"search_term_string"}}],"inLanguage":"es"}]}},"_links":{"self":[{"href":"https:\/\/dev.antudigital.cl\/sites\/vc\/wp-json\/wp\/v2\/event\/26554","targetHints":{"allow":["GET"]}}],"collection":[{"href":"https:\/\/dev.antudigital.cl\/sites\/vc\/wp-json\/wp\/v2\/event"}],"about":[{"href":"https:\/\/dev.antudigital.cl\/sites\/vc\/wp-json\/wp\/v2\/types\/event"}],"author":[{"embeddable":true,"href":"https:\/\/dev.antudigital.cl\/sites\/vc\/wp-json\/wp\/v2\/users\/1"}],"replies":[{"embeddable":true,"href":"https:\/\/dev.antudigital.cl\/sites\/vc\/wp-json\/wp\/v2\/comments?post=26554"}],"wp:featuredmedia":[{"embeddable":true,"href":"https:\/\/dev.antudigital.cl\/sites\/vc\/wp-json\/wp\/v2\/media\/26555"}],"wp:attachment":[{"href":"https:\/\/dev.antudigital.cl\/sites\/vc\/wp-json\/wp\/v2\/media?parent=26554"}],"wp:term":[{"taxonomy":"event_category","embeddable":true,"href":"https:\/\/dev.antudigital.cl\/sites\/vc\/wp-json\/wp\/v2\/event_category?post=26554"},{"taxonomy":"event_tag","embeddable":true,"href":"https:\/\/dev.antudigital.cl\/sites\/vc\/wp-json\/wp\/v2\/event_tag?post=26554"}],"curies":[{"name":"wp","href":"https:\/\/api.w.org\/{rel}","templated":true}]}}

Masterclass «De la práctica artística a la investigación científica»

<p><strong>Masterclass «De la práctica artística a la investigación científica» que será dictada por Francois-Joseph Lapointe </strong>este <strong>jueves 13 de noviembre a las 15:00 hrs</strong> en el Auditorio de la Facultad de Ciencias Sociales de la Universidad de Valparaíso (<strong>Hontaneda 2653</strong> <a href="https://maps.app.goo.gl/dzki5hFujbo7XGp48" target="_blank" rel="noreferrer noopener">https://maps.app.goo.gl/dzki5hFujbo7XGp48</a>).  </p>



<p><img decoding="async" src="https://fonts.gstatic.com/s/e/notoemoji/16.0/1f5d3_fe0f/32.png" alt="&#x1f5d3;&#xfe0f;"> <strong>Jueves 13 de noviembre</strong><br><img decoding="async" src="https://fonts.gstatic.com/s/e/notoemoji/16.0/23f1_fe0f/32.png" alt="&#x23f1;&#xfe0f;"> <strong>15:00 </strong><br><img decoding="async" src="https://fonts.gstatic.com/s/e/notoemoji/16.0/1f4cd/32.png" alt="&#x1f4cd;"> <strong>Auditorio Facultad de Ciencias Sociales de la Universidad de Valparaíso</strong></p>



<p><strong>Entrada liberada<br></strong></p>



<p></p>



<p></p>

<p>Masterclass «De la práctica artística a la investigación científica» que será dictada por Francois-Joseph Lapointe este jueves 13 de noviembre a las 15:00 hrs en el Auditorio de la Facultad de Ciencias Sociales de la Universidad de Valparaíso (Hontaneda 2653 https://maps.app.goo.gl/dzki5hFujbo7XGp48).    Jueves 13 de noviembre 15:00  Auditorio Facultad de Ciencias Sociales de la Universidad de Valparaíso Entrada liberada</p>

<!-- This site is optimized with the Yoast SEO plugin v27.1.1 - https://yoast.com/product/yoast-seo-wordpress/ -->
<title>Masterclass &quot;De la práctica artística a la investigación científica&quot; - Valparaí­so Creativo</title>
<meta name="robots" content="index, follow, max-snippet:-1, max-image-preview:large, max-video-preview:-1" />
<link rel="canonical" href="https://dev.antudigital.cl/sites/vc/event/masterclass-de-la-practica-artistica-a-la-investigacion-cientifica/" />
<meta property="og:locale" content="es_ES" />
<meta property="og:type" content="article" />
<meta property="og:title" content="Masterclass &quot;De la práctica artística a la investigación científica&quot; - Valparaí­so Creativo" />
<meta property="og:description" content="Masterclass «De la práctica artística a la investigación científica» que será dictada por Francois-Joseph Lapointe este jueves 13 de noviembre a las 15:00 hrs en el Auditorio de la Facultad de Ciencias Sociales de la Universidad de Valparaíso (Hontaneda 2653 https://maps.app.goo.gl/dzki5hFujbo7XGp48).    Jueves 13 de noviembre 15:00  Auditorio Facultad de Ciencias Sociales de la Universidad de Valparaíso Entrada liberada" />
<meta property="og:url" content="https://dev.antudigital.cl/sites/vc/event/masterclass-de-la-practica-artistica-a-la-investigacion-cientifica/" />
<meta property="og:site_name" content="Valparaí­so Creativo" />
<meta property="article:modified_time" content="2025-11-10T20:06:12+00:00" />
<meta property="og:image" content="https://dev.antudigital.cl/sites/vc/wp-content/uploads/2025/11/Masterclass-.jpg" />
	<meta property="og:image:width" content="1024" />
	<meta property="og:image:height" content="1280" />
	<meta property="og:image:type" content="image/jpeg" />
<meta name="twitter:card" content="summary_large_image" />
<meta name="twitter:label1" content="Tiempo de lectura" />
	<meta name="twitter:data1" content="2 minutos" />
<script type="application/ld+json" class="yoast-schema-graph">{"@context":"https://schema.org","@graph":[{"@type":"WebPage","@id":"https://dev.antudigital.cl/sites/vc/event/masterclass-de-la-practica-artistica-a-la-investigacion-cientifica/","url":"https://dev.antudigital.cl/sites/vc/event/masterclass-de-la-practica-artistica-a-la-investigacion-cientifica/","name":"Masterclass \"De la práctica artística a la investigación científica\" - Valparaí­so Creativo","isPartOf":{"@id":"https://dev.antudigital.cl/sites/vc/#website"},"primaryImageOfPage":{"@id":"https://dev.antudigital.cl/sites/vc/event/masterclass-de-la-practica-artistica-a-la-investigacion-cientifica/#primaryimage"},"image":{"@id":"https://dev.antudigital.cl/sites/vc/event/masterclass-de-la-practica-artistica-a-la-investigacion-cientifica/#primaryimage"},"thumbnailUrl":"https://dev.antudigital.cl/sites/vc/wp-content/uploads/2025/11/Masterclass-.jpg","datePublished":"2025-11-10T20:05:50+00:00","dateModified":"2025-11-10T20:06:12+00:00","breadcrumb":{"@id":"https://dev.antudigital.cl/sites/vc/event/masterclass-de-la-practica-artistica-a-la-investigacion-cientifica/#breadcrumb"},"inLanguage":"es","potentialAction":[{"@type":"ReadAction","target":["https://dev.antudigital.cl/sites/vc/event/masterclass-de-la-practica-artistica-a-la-investigacion-cientifica/"]}]},{"@type":"ImageObject","inLanguage":"es","@id":"https://dev.antudigital.cl/sites/vc/event/masterclass-de-la-practica-artistica-a-la-investigacion-cientifica/#primaryimage","url":"https://dev.antudigital.cl/sites/vc/wp-content/uploads/2025/11/Masterclass-.jpg","contentUrl":"https://dev.antudigital.cl/sites/vc/wp-content/uploads/2025/11/Masterclass-.jpg","width":1024,"height":1280},{"@type":"BreadcrumbList","@id":"https://dev.antudigital.cl/sites/vc/event/masterclass-de-la-practica-artistica-a-la-investigacion-cientifica/#breadcrumb","itemListElement":[{"@type":"ListItem","position":1,"name":"Home","item":"https://dev.antudigital.cl/sites/vc/"},{"@type":"ListItem","position":2,"name":"Events","item":"https://dev.antudigital.cl/sites/vc/event/"},{"@type":"ListItem","position":3,"name":"Masterclass «De la práctica artística a la investigación científica»"}]},{"@type":"WebSite","@id":"https://dev.antudigital.cl/sites/vc/#website","url":"https://dev.antudigital.cl/sites/vc/","name":"Valparaí­so Creativo","description":"","potentialAction":[{"@type":"SearchAction","target":{"@type":"EntryPoint","urlTemplate":"https://dev.antudigital.cl/sites/vc/?s={search_term_string}"},"query-input":{"@type":"PropertyValueSpecification","valueRequired":true,"valueName":"search_term_string"}}],"inLanguage":"es"}]}</script>
<!-- / Yoast SEO plugin. -->

Masterclass "De la práctica artística a la investigación científica" - Valparaí­so Creativo

Masterclass «De la práctica artística a la investigación científica» que será dictada por Francois-Joseph Lapointe este jueves 13 de noviembre a las 15:00 hrs en el Auditorio de la Facultad de Ciencias Sociales de la Universidad de Valparaíso (Hontaneda 2653 https://maps.app.goo.gl/dzki5hFujbo7XGp48).    Jueves 13 de noviembre 15:00  Auditorio Facultad de Ciencias Sociales de la Universidad de Valparaíso Entrada liberada

Valparaí­so Creativo
