{"id":26677,"date":"2025-11-24T15:57:56","date_gmt":"2025-11-24T18:57:56","guid":{"rendered":"https:\/\/www.valparaisocreativo.cl\/?post_type=event&#038;p=26677"},"modified":"2025-11-24T15:58:25","modified_gmt":"2025-11-24T18:58:25","slug":"primera-asamblea-latinoamericana-de-colectivos-de-cine-experimental-compartir-sin-perder","status":"publish","type":"event","link":"https:\/\/dev.antudigital.cl\/sites\/vc\/event\/primera-asamblea-latinoamericana-de-colectivos-de-cine-experimental-compartir-sin-perder\/","title":{"rendered":"Primera Asamblea Latinoamericana de Colectivos de Cine Experimental\u00a0Compartir sin perder"},"content":{"rendered":"\n<p>Este viernes 5 de diciembre a las 16:30 hrs el 10\u00b0 Festival Proceso de Error les invita a ser parte de la<strong>&nbsp;primera Asamblea Latinoamericana de Colectivos de Cine Experimental&nbsp;<em>Compartir sin perder<\/em><\/strong>, un espacio de encuentro y di\u00e1logo entre realizadores, agrupaciones y exhibidores de la regi\u00f3n.<\/p>\n\n\n\n<p>Consideramos que poner en com\u00fan nuestras din\u00e1micas creativas y laborales es una forma de construir territorios para el apoyo mutuo y la comunicaci\u00f3n de buenas pr\u00e1cticas en nuestro hacer.<\/p>\n\n\n\n<p>La Asamblea tendr\u00e1 lugar en la<strong>&nbsp;Cineteca PUCV<\/strong>&nbsp;(Av. Brasil 2830, Valpara\u00edso) y contar\u00e1 con la participaci\u00f3n de la<strong>&nbsp;dupla art\u00edstica Le\u00f3n &amp; Coci\u00f1a, el colectivo argentino Antes Muerto Cine, como tambi\u00e9n los colectivos nacionales Volver a Casa, Ultratumba y Espora<\/strong>.<\/p>\n\n\n\n<p>En esta instancia ampliamos el t\u00e9rmino experimental para incluir tanto a quienes desarrollan obras como a agrupaciones y plataformas que implementan modos experimentales de organizaci\u00f3n, exhibici\u00f3n o transmisi\u00f3n de conocimiento.<\/p>\n\n\n\n<p>La participaci\u00f3n es abierta, para quienes quieran asistir y dialogar en conjunto. Para ser parte solo deben inscribirse en el siguiente&nbsp;<a href=\"https:\/\/forms.gle\/TQoyAZeJGfaGv6j96\" target=\"_blank\" rel=\"noreferrer noopener\">FORM<\/a><\/p>\n\n\n\n<p>Fecha: Viernes 5 de diciembre<\/p>\n\n\n\n<p>&nbsp;Hora: 16:30 a 18:30 h<\/p>\n\n\n\n<p>Lugar: Cineteca PUCV (Av. Brasil 2830, Valpara\u00edso)<\/p>\n\n\n\n<p><\/p>\n\n\n\n<p><\/p>\n","protected":false},"excerpt":{"rendered":"<p>Este viernes 5 de diciembre a las 16:30 hrs el 10\u00b0 Festival Proceso de Error les invita a ser parte de la&nbsp;primera Asamblea Latinoamericana de Colectivos de Cine Experimental&nbsp;Compartir sin perder, un espacio de encuentro y di\u00e1logo entre realizadores, agrupaciones y exhibidores de la regi\u00f3n. Consideramos que poner en com\u00fan nuestras din\u00e1micas creativas y laborales [&hellip;]<\/p>\n","protected":false},"author":1,"featured_media":26678,"comment_status":"closed","ping_status":"closed","template":"","event_category":[],"event_tag":[663,661],"class_list":["post-26677","event","type-event","status-publish","has-post-thumbnail","hentry","event_tag-cine","event_tag-valparaiso-2"],"acf":[],"yoast_head":"<!-- This site is optimized with the Yoast SEO plugin v27.1.1 - https:\/\/yoast.com\/product\/yoast-seo-wordpress\/ -->\n<title>Primera Asamblea Latinoamericana de Colectivos de Cine Experimental\u00a0Compartir sin perder - Valpara\u00ed\u00adso Creativo<\/title>\n<meta name=\"robots\" content=\"index, follow, max-snippet:-1, max-image-preview:large, max-video-preview:-1\" \/>\n<link rel=\"canonical\" href=\"https:\/\/dev.antudigital.cl\/sites\/vc\/event\/primera-asamblea-latinoamericana-de-colectivos-de-cine-experimental-compartir-sin-perder\/\" \/>\n<meta property=\"og:locale\" content=\"es_ES\" \/>\n<meta property=\"og:type\" content=\"article\" \/>\n<meta property=\"og:title\" content=\"Primera Asamblea Latinoamericana de Colectivos de Cine Experimental\u00a0Compartir sin perder - Valpara\u00ed\u00adso Creativo\" \/>\n<meta property=\"og:description\" content=\"Este viernes 5 de diciembre a las 16:30 hrs el 10\u00b0 Festival Proceso de Error les invita a ser parte de la&nbsp;primera Asamblea Latinoamericana de Colectivos de Cine Experimental&nbsp;Compartir sin perder, un espacio de encuentro y di\u00e1logo entre realizadores, agrupaciones y exhibidores de la regi\u00f3n. Consideramos que poner en com\u00fan nuestras din\u00e1micas creativas y laborales [&hellip;]\" \/>\n<meta property=\"og:url\" content=\"https:\/\/dev.antudigital.cl\/sites\/vc\/event\/primera-asamblea-latinoamericana-de-colectivos-de-cine-experimental-compartir-sin-perder\/\" \/>\n<meta property=\"og:site_name\" content=\"Valpara\u00ed\u00adso Creativo\" \/>\n<meta property=\"article:modified_time\" content=\"2025-11-24T18:58:25+00:00\" \/>\n<meta property=\"og:image\" content=\"https:\/\/dev.antudigital.cl\/sites\/vc\/wp-content\/uploads\/2025\/11\/proceso-error.jpg\" \/>\n\t<meta property=\"og:image:width\" content=\"1080\" \/>\n\t<meta property=\"og:image:height\" content=\"1350\" \/>\n\t<meta property=\"og:image:type\" content=\"image\/jpeg\" \/>\n<meta name=\"twitter:card\" content=\"summary_large_image\" \/>\n<meta name=\"twitter:label1\" content=\"Tiempo de lectura\" \/>\n\t<meta name=\"twitter:data1\" content=\"2 minutos\" \/>\n<script type=\"application\/ld+json\" class=\"yoast-schema-graph\">{\"@context\":\"https:\/\/schema.org\",\"@graph\":[{\"@type\":\"WebPage\",\"@id\":\"https:\/\/dev.antudigital.cl\/sites\/vc\/event\/primera-asamblea-latinoamericana-de-colectivos-de-cine-experimental-compartir-sin-perder\/\",\"url\":\"https:\/\/dev.antudigital.cl\/sites\/vc\/event\/primera-asamblea-latinoamericana-de-colectivos-de-cine-experimental-compartir-sin-perder\/\",\"name\":\"Primera Asamblea Latinoamericana de Colectivos de Cine Experimental\u00a0Compartir sin perder - Valpara\u00ed\u00adso Creativo\",\"isPartOf\":{\"@id\":\"https:\/\/dev.antudigital.cl\/sites\/vc\/#website\"},\"primaryImageOfPage\":{\"@id\":\"https:\/\/dev.antudigital.cl\/sites\/vc\/event\/primera-asamblea-latinoamericana-de-colectivos-de-cine-experimental-compartir-sin-perder\/#primaryimage\"},\"image\":{\"@id\":\"https:\/\/dev.antudigital.cl\/sites\/vc\/event\/primera-asamblea-latinoamericana-de-colectivos-de-cine-experimental-compartir-sin-perder\/#primaryimage\"},\"thumbnailUrl\":\"https:\/\/dev.antudigital.cl\/sites\/vc\/wp-content\/uploads\/2025\/11\/proceso-error.jpg\",\"datePublished\":\"2025-11-24T18:57:56+00:00\",\"dateModified\":\"2025-11-24T18:58:25+00:00\",\"breadcrumb\":{\"@id\":\"https:\/\/dev.antudigital.cl\/sites\/vc\/event\/primera-asamblea-latinoamericana-de-colectivos-de-cine-experimental-compartir-sin-perder\/#breadcrumb\"},\"inLanguage\":\"es\",\"potentialAction\":[{\"@type\":\"ReadAction\",\"target\":[\"https:\/\/dev.antudigital.cl\/sites\/vc\/event\/primera-asamblea-latinoamericana-de-colectivos-de-cine-experimental-compartir-sin-perder\/\"]}]},{\"@type\":\"ImageObject\",\"inLanguage\":\"es\",\"@id\":\"https:\/\/dev.antudigital.cl\/sites\/vc\/event\/primera-asamblea-latinoamericana-de-colectivos-de-cine-experimental-compartir-sin-perder\/#primaryimage\",\"url\":\"https:\/\/dev.antudigital.cl\/sites\/vc\/wp-content\/uploads\/2025\/11\/proceso-error.jpg\",\"contentUrl\":\"https:\/\/dev.antudigital.cl\/sites\/vc\/wp-content\/uploads\/2025\/11\/proceso-error.jpg\",\"width\":1080,\"height\":1350},{\"@type\":\"BreadcrumbList\",\"@id\":\"https:\/\/dev.antudigital.cl\/sites\/vc\/event\/primera-asamblea-latinoamericana-de-colectivos-de-cine-experimental-compartir-sin-perder\/#breadcrumb\",\"itemListElement\":[{\"@type\":\"ListItem\",\"position\":1,\"name\":\"Home\",\"item\":\"https:\/\/dev.antudigital.cl\/sites\/vc\/\"},{\"@type\":\"ListItem\",\"position\":2,\"name\":\"Events\",\"item\":\"https:\/\/dev.antudigital.cl\/sites\/vc\/event\/\"},{\"@type\":\"ListItem\",\"position\":3,\"name\":\"Primera Asamblea Latinoamericana de Colectivos de Cine Experimental\u00a0Compartir sin perder\"}]},{\"@type\":\"WebSite\",\"@id\":\"https:\/\/dev.antudigital.cl\/sites\/vc\/#website\",\"url\":\"https:\/\/dev.antudigital.cl\/sites\/vc\/\",\"name\":\"Valpara\u00ed\u00adso Creativo\",\"description\":\"\",\"potentialAction\":[{\"@type\":\"SearchAction\",\"target\":{\"@type\":\"EntryPoint\",\"urlTemplate\":\"https:\/\/dev.antudigital.cl\/sites\/vc\/?s={search_term_string}\"},\"query-input\":{\"@type\":\"PropertyValueSpecification\",\"valueRequired\":true,\"valueName\":\"search_term_string\"}}],\"inLanguage\":\"es\"}]}<\/script>\n<!-- \/ Yoast SEO plugin. -->","yoast_head_json":{"title":"Primera Asamblea Latinoamericana de Colectivos de Cine Experimental\u00a0Compartir sin perder - Valpara\u00ed\u00adso Creativo","robots":{"index":"index","follow":"follow","max-snippet":"max-snippet:-1","max-image-preview":"max-image-preview:large","max-video-preview":"max-video-preview:-1"},"canonical":"https:\/\/dev.antudigital.cl\/sites\/vc\/event\/primera-asamblea-latinoamericana-de-colectivos-de-cine-experimental-compartir-sin-perder\/","og_locale":"es_ES","og_type":"article","og_title":"Primera Asamblea Latinoamericana de Colectivos de Cine Experimental\u00a0Compartir sin perder - Valpara\u00ed\u00adso Creativo","og_description":"Este viernes 5 de diciembre a las 16:30 hrs el 10\u00b0 Festival Proceso de Error les invita a ser parte de la&nbsp;primera Asamblea Latinoamericana de Colectivos de Cine Experimental&nbsp;Compartir sin perder, un espacio de encuentro y di\u00e1logo entre realizadores, agrupaciones y exhibidores de la regi\u00f3n. Consideramos que poner en com\u00fan nuestras din\u00e1micas creativas y laborales [&hellip;]","og_url":"https:\/\/dev.antudigital.cl\/sites\/vc\/event\/primera-asamblea-latinoamericana-de-colectivos-de-cine-experimental-compartir-sin-perder\/","og_site_name":"Valpara\u00ed\u00adso Creativo","article_modified_time":"2025-11-24T18:58:25+00:00","og_image":[{"width":1080,"height":1350,"url":"https:\/\/dev.antudigital.cl\/sites\/vc\/wp-content\/uploads\/2025\/11\/proceso-error.jpg","type":"image\/jpeg"}],"twitter_card":"summary_large_image","twitter_misc":{"Tiempo de lectura":"2 minutos"},"schema":{"@context":"https:\/\/schema.org","@graph":[{"@type":"WebPage","@id":"https:\/\/dev.antudigital.cl\/sites\/vc\/event\/primera-asamblea-latinoamericana-de-colectivos-de-cine-experimental-compartir-sin-perder\/","url":"https:\/\/dev.antudigital.cl\/sites\/vc\/event\/primera-asamblea-latinoamericana-de-colectivos-de-cine-experimental-compartir-sin-perder\/","name":"Primera Asamblea Latinoamericana de Colectivos de Cine Experimental\u00a0Compartir sin perder - Valpara\u00ed\u00adso Creativo","isPartOf":{"@id":"https:\/\/dev.antudigital.cl\/sites\/vc\/#website"},"primaryImageOfPage":{"@id":"https:\/\/dev.antudigital.cl\/sites\/vc\/event\/primera-asamblea-latinoamericana-de-colectivos-de-cine-experimental-compartir-sin-perder\/#primaryimage"},"image":{"@id":"https:\/\/dev.antudigital.cl\/sites\/vc\/event\/primera-asamblea-latinoamericana-de-colectivos-de-cine-experimental-compartir-sin-perder\/#primaryimage"},"thumbnailUrl":"https:\/\/dev.antudigital.cl\/sites\/vc\/wp-content\/uploads\/2025\/11\/proceso-error.jpg","datePublished":"2025-11-24T18:57:56+00:00","dateModified":"2025-11-24T18:58:25+00:00","breadcrumb":{"@id":"https:\/\/dev.antudigital.cl\/sites\/vc\/event\/primera-asamblea-latinoamericana-de-colectivos-de-cine-experimental-compartir-sin-perder\/#breadcrumb"},"inLanguage":"es","potentialAction":[{"@type":"ReadAction","target":["https:\/\/dev.antudigital.cl\/sites\/vc\/event\/primera-asamblea-latinoamericana-de-colectivos-de-cine-experimental-compartir-sin-perder\/"]}]},{"@type":"ImageObject","inLanguage":"es","@id":"https:\/\/dev.antudigital.cl\/sites\/vc\/event\/primera-asamblea-latinoamericana-de-colectivos-de-cine-experimental-compartir-sin-perder\/#primaryimage","url":"https:\/\/dev.antudigital.cl\/sites\/vc\/wp-content\/uploads\/2025\/11\/proceso-error.jpg","contentUrl":"https:\/\/dev.antudigital.cl\/sites\/vc\/wp-content\/uploads\/2025\/11\/proceso-error.jpg","width":1080,"height":1350},{"@type":"BreadcrumbList","@id":"https:\/\/dev.antudigital.cl\/sites\/vc\/event\/primera-asamblea-latinoamericana-de-colectivos-de-cine-experimental-compartir-sin-perder\/#breadcrumb","itemListElement":[{"@type":"ListItem","position":1,"name":"Home","item":"https:\/\/dev.antudigital.cl\/sites\/vc\/"},{"@type":"ListItem","position":2,"name":"Events","item":"https:\/\/dev.antudigital.cl\/sites\/vc\/event\/"},{"@type":"ListItem","position":3,"name":"Primera Asamblea Latinoamericana de Colectivos de Cine Experimental\u00a0Compartir sin perder"}]},{"@type":"WebSite","@id":"https:\/\/dev.antudigital.cl\/sites\/vc\/#website","url":"https:\/\/dev.antudigital.cl\/sites\/vc\/","name":"Valpara\u00ed\u00adso Creativo","description":"","potentialAction":[{"@type":"SearchAction","target":{"@type":"EntryPoint","urlTemplate":"https:\/\/dev.antudigital.cl\/sites\/vc\/?s={search_term_string}"},"query-input":{"@type":"PropertyValueSpecification","valueRequired":true,"valueName":"search_term_string"}}],"inLanguage":"es"}]}},"_links":{"self":[{"href":"https:\/\/dev.antudigital.cl\/sites\/vc\/wp-json\/wp\/v2\/event\/26677","targetHints":{"allow":["GET"]}}],"collection":[{"href":"https:\/\/dev.antudigital.cl\/sites\/vc\/wp-json\/wp\/v2\/event"}],"about":[{"href":"https:\/\/dev.antudigital.cl\/sites\/vc\/wp-json\/wp\/v2\/types\/event"}],"author":[{"embeddable":true,"href":"https:\/\/dev.antudigital.cl\/sites\/vc\/wp-json\/wp\/v2\/users\/1"}],"replies":[{"embeddable":true,"href":"https:\/\/dev.antudigital.cl\/sites\/vc\/wp-json\/wp\/v2\/comments?post=26677"}],"wp:featuredmedia":[{"embeddable":true,"href":"https:\/\/dev.antudigital.cl\/sites\/vc\/wp-json\/wp\/v2\/media\/26678"}],"wp:attachment":[{"href":"https:\/\/dev.antudigital.cl\/sites\/vc\/wp-json\/wp\/v2\/media?parent=26677"}],"wp:term":[{"taxonomy":"event_category","embeddable":true,"href":"https:\/\/dev.antudigital.cl\/sites\/vc\/wp-json\/wp\/v2\/event_category?post=26677"},{"taxonomy":"event_tag","embeddable":true,"href":"https:\/\/dev.antudigital.cl\/sites\/vc\/wp-json\/wp\/v2\/event_tag?post=26677"}],"curies":[{"name":"wp","href":"https:\/\/api.w.org\/{rel}","templated":true}]}}

<p>Este viernes 5 de diciembre a las 16:30 hrs el 10° Festival Proceso de Error les invita a ser parte de la<strong>&nbsp;primera Asamblea Latinoamericana de Colectivos de Cine Experimental&nbsp;<em>Compartir sin perder</em></strong>, un espacio de encuentro y diálogo entre realizadores, agrupaciones y exhibidores de la región.</p>



<p>Consideramos que poner en común nuestras dinámicas creativas y laborales es una forma de construir territorios para el apoyo mutuo y la comunicación de buenas prácticas en nuestro hacer.</p>



<p>La Asamblea tendrá lugar en la<strong>&nbsp;Cineteca PUCV</strong>&nbsp;(Av. Brasil 2830, Valparaíso) y contará con la participación de la<strong>&nbsp;dupla artística León &amp; Cociña, el colectivo argentino Antes Muerto Cine, como también los colectivos nacionales Volver a Casa, Ultratumba y Espora</strong>.</p>



<p>En esta instancia ampliamos el término experimental para incluir tanto a quienes desarrollan obras como a agrupaciones y plataformas que implementan modos experimentales de organización, exhibición o transmisión de conocimiento.</p>



<p>La participación es abierta, para quienes quieran asistir y dialogar en conjunto. Para ser parte solo deben inscribirse en el siguiente&nbsp;<a href="https://forms.gle/TQoyAZeJGfaGv6j96" target="_blank" rel="noreferrer noopener">FORM</a></p>



<p>Fecha: Viernes 5 de diciembre</p>



<p>&nbsp;Hora: 16:30 a 18:30 h</p>



<p>Lugar: Cineteca PUCV (Av. Brasil 2830, Valparaíso)</p>



<p></p>



<p></p>

<p>Este viernes 5 de diciembre a las 16:30 hrs el 10° Festival Proceso de Error les invita a ser parte de la&nbsp;primera Asamblea Latinoamericana de Colectivos de Cine Experimental&nbsp;Compartir sin perder, un espacio de encuentro y diálogo entre realizadores, agrupaciones y exhibidores de la región. Consideramos que poner en común nuestras dinámicas creativas y laborales [&hellip;]</p>

<!-- This site is optimized with the Yoast SEO plugin v27.1.1 - https://yoast.com/product/yoast-seo-wordpress/ -->
<title>Primera Asamblea Latinoamericana de Colectivos de Cine Experimental Compartir sin perder - Valparaí­so Creativo</title>
<meta name="robots" content="index, follow, max-snippet:-1, max-image-preview:large, max-video-preview:-1" />
<link rel="canonical" href="https://dev.antudigital.cl/sites/vc/event/primera-asamblea-latinoamericana-de-colectivos-de-cine-experimental-compartir-sin-perder/" />
<meta property="og:locale" content="es_ES" />
<meta property="og:type" content="article" />
<meta property="og:title" content="Primera Asamblea Latinoamericana de Colectivos de Cine Experimental Compartir sin perder - Valparaí­so Creativo" />
<meta property="og:description" content="Este viernes 5 de diciembre a las 16:30 hrs el 10° Festival Proceso de Error les invita a ser parte de la&nbsp;primera Asamblea Latinoamericana de Colectivos de Cine Experimental&nbsp;Compartir sin perder, un espacio de encuentro y diálogo entre realizadores, agrupaciones y exhibidores de la región. Consideramos que poner en común nuestras dinámicas creativas y laborales [&hellip;]" />
<meta property="og:url" content="https://dev.antudigital.cl/sites/vc/event/primera-asamblea-latinoamericana-de-colectivos-de-cine-experimental-compartir-sin-perder/" />
<meta property="og:site_name" content="Valparaí­so Creativo" />
<meta property="article:modified_time" content="2025-11-24T18:58:25+00:00" />
<meta property="og:image" content="https://dev.antudigital.cl/sites/vc/wp-content/uploads/2025/11/proceso-error.jpg" />
	<meta property="og:image:width" content="1080" />
	<meta property="og:image:height" content="1350" />
	<meta property="og:image:type" content="image/jpeg" />
<meta name="twitter:card" content="summary_large_image" />
<meta name="twitter:label1" content="Tiempo de lectura" />
	<meta name="twitter:data1" content="2 minutos" />
<script type="application/ld+json" class="yoast-schema-graph">{"@context":"https://schema.org","@graph":[{"@type":"WebPage","@id":"https://dev.antudigital.cl/sites/vc/event/primera-asamblea-latinoamericana-de-colectivos-de-cine-experimental-compartir-sin-perder/","url":"https://dev.antudigital.cl/sites/vc/event/primera-asamblea-latinoamericana-de-colectivos-de-cine-experimental-compartir-sin-perder/","name":"Primera Asamblea Latinoamericana de Colectivos de Cine Experimental Compartir sin perder - Valparaí­so Creativo","isPartOf":{"@id":"https://dev.antudigital.cl/sites/vc/#website"},"primaryImageOfPage":{"@id":"https://dev.antudigital.cl/sites/vc/event/primera-asamblea-latinoamericana-de-colectivos-de-cine-experimental-compartir-sin-perder/#primaryimage"},"image":{"@id":"https://dev.antudigital.cl/sites/vc/event/primera-asamblea-latinoamericana-de-colectivos-de-cine-experimental-compartir-sin-perder/#primaryimage"},"thumbnailUrl":"https://dev.antudigital.cl/sites/vc/wp-content/uploads/2025/11/proceso-error.jpg","datePublished":"2025-11-24T18:57:56+00:00","dateModified":"2025-11-24T18:58:25+00:00","breadcrumb":{"@id":"https://dev.antudigital.cl/sites/vc/event/primera-asamblea-latinoamericana-de-colectivos-de-cine-experimental-compartir-sin-perder/#breadcrumb"},"inLanguage":"es","potentialAction":[{"@type":"ReadAction","target":["https://dev.antudigital.cl/sites/vc/event/primera-asamblea-latinoamericana-de-colectivos-de-cine-experimental-compartir-sin-perder/"]}]},{"@type":"ImageObject","inLanguage":"es","@id":"https://dev.antudigital.cl/sites/vc/event/primera-asamblea-latinoamericana-de-colectivos-de-cine-experimental-compartir-sin-perder/#primaryimage","url":"https://dev.antudigital.cl/sites/vc/wp-content/uploads/2025/11/proceso-error.jpg","contentUrl":"https://dev.antudigital.cl/sites/vc/wp-content/uploads/2025/11/proceso-error.jpg","width":1080,"height":1350},{"@type":"BreadcrumbList","@id":"https://dev.antudigital.cl/sites/vc/event/primera-asamblea-latinoamericana-de-colectivos-de-cine-experimental-compartir-sin-perder/#breadcrumb","itemListElement":[{"@type":"ListItem","position":1,"name":"Home","item":"https://dev.antudigital.cl/sites/vc/"},{"@type":"ListItem","position":2,"name":"Events","item":"https://dev.antudigital.cl/sites/vc/event/"},{"@type":"ListItem","position":3,"name":"Primera Asamblea Latinoamericana de Colectivos de Cine Experimental Compartir sin perder"}]},{"@type":"WebSite","@id":"https://dev.antudigital.cl/sites/vc/#website","url":"https://dev.antudigital.cl/sites/vc/","name":"Valparaí­so Creativo","description":"","potentialAction":[{"@type":"SearchAction","target":{"@type":"EntryPoint","urlTemplate":"https://dev.antudigital.cl/sites/vc/?s={search_term_string}"},"query-input":{"@type":"PropertyValueSpecification","valueRequired":true,"valueName":"search_term_string"}}],"inLanguage":"es"}]}</script>
<!-- / Yoast SEO plugin. -->

Primera Asamblea Latinoamericana de Colectivos de Cine Experimental Compartir sin perder - Valparaí­so Creativo

Este viernes 5 de diciembre a las 16:30 hrs el 10° Festival Proceso de Error les invita a ser parte de la&nbsp;primera Asamblea Latinoamericana de Colectivos de Cine Experimental&nbsp;Compartir sin perder, un espacio de encuentro y diálogo entre realizadores, agrupaciones y exhibidores de la región. Consideramos que poner en común nuestras dinámicas creativas y laborales [&hellip;]

Valparaí­so Creativo
